122.160.162.2 - - [20/Jul/2009:22:58:21 -0700] "GET /rss.pl HTTP/1.0" 200 35867 "-" "Mozilla/4.0 (compatible; MSIE 7.0; Windows NT 6.0; Trident/4.0; SLCC1; .NET CLR 2.0.50727; .NET CLR 3.5.21022; InfoPath.2; .NET CLR 3.5.30729; .NET CLR 3.0.30618; OfficeLiveConnector.1.3; OfficeLivePatch.1.3; MSOffice 12)"
72.30.142.87 - - [20/Jul/2009:22:58:25 -0700] "GET /index.pl?page=aboutme HTTP/1.0" 200 7236 "-" "Mozilla/5.0 (compatible; Yahoo! Slurp/3.0; http://help.yahoo.com/help/us/ysearch/slurp)"
66.249.67.3 - - [20/Jul/2009:22:58:50 -0700] "GET /gallery/main.php?g2_view=core.UserAdmin&g2_subView=core.UserLogin&g2_return=%2Fgallery%2Fmain.php%3Fg2_itemId%3D15678&g2_returnName=photo HTTP/1.1" 200 4004 "-" "Mozilla/5.0 (compatible; Googlebot/2.1; +http://www.google.com/bot.html)"
65.55.106.234 - - [20/Jul/2009:22:58:51 -0700] "GET /gallery/main.php?g2_itemId=4272 HTTP/1.1" 200 7316 "-" "msnbot/2.0b (+http://search.msn.com/msnbot.htm)"
72.30.142.87 - - [20/Jul/2009:22:58:57 -0700] "GET /gwidgets/my-del.icio.us.html HTTP/1.0" 200 973 "-" "Mozilla/5.0 (compatible; Yahoo! Slurp/3.0; http://help.yahoo.com/help/us/ysearch/slurp)"
72.30.142.87 - - [20/Jul/2009:22:59:01 -0700] "GET /gwidgets/style.css HTTP/1.0" 304 - "http://example.org/gwidgets/my-del.icio.us.html" "Mozilla/5.0 (compatible; Yahoo! Slurp/3.0; http://help.yahoo.com/help/us/ysearch/slurp)"
72.30.142.87 - - [20/Jul/2009:22:59:56 -0700] "GET /?post=305 HTTP/1.0" 200 9965 "-" "Mozilla/5.0 (compatible; Yahoo! Slurp/3.0; http://help.yahoo.com/help/us/ysearch/slurp)"
66.249.67.3 - - [20/Jul/2009:22:59:56 -0700] "GET /gallery/main.php?g2_controller=exif.SwitchDetailMode&g2_mode=detailed&g2_return=%2Fgallery%2Fmain.php%3Fg2_itemId%3D15582&g2_returnName=photo HTTP/1.1" 302 5 "-" "Mozilla/5.0 (compatible; Googlebot/2.1; +http://www.google.com/bot.html)"
122.160.162.2 - - [20/Jul/2009:22:59:57 -0700] "GET /rss.pl HTTP/1.0" 200 35867 "-" "Mozilla/4.0 (compatible; MSIE 7.0; Windows NT 6.0; Trident/4.0; SLCC1; .NET CLR 2.0.50727; .NET CLR 3.5.21022; InfoPath.2; .NET CLR 3.5.30729; .NET CLR 3.0.30618; OfficeLiveConnector.1.3; OfficeLivePatch.1.3; MSOffice 12)"
64.233.172.17 - - [20/Jul/2009:22:59:59 -0700] "GET /gwidgets/alexa.xml HTTP/1.1" 200 2969 "-" "Mozilla/5.0 (compatible) Feedfetcher-Google; (+http://www.google.com/feedfetcher.html)"
66.249.67.3 - - [20/Jul/2009:23:00:01 -0700] "GET /gallery/main.php?g2_itemId=15582&g2_fromNavId=x58b75e09 HTTP/1.1" 200 8068 "-" "Mozilla/5.0 (compatible; Googlebot/2.1; +http://www.google.com/bot.html)"
74.125.74.193 - - [20/Jul/2009:23:00:53 -0700] "GET /gadgets/adpowers/AlexaRank/g.xml HTTP/1.1" 200 3164 "-" "Mozilla/5.0 (compatible) Feedfetcher-Google; (+http://www.google.com/feedfetcher.html)"
74.125.74.193 - - [20/Jul/2009:23:00:54 -0700] "GET /gadgets/adpowers/AlexaRank/ALL_ALL.xml HTTP/1.1" 200 1160 "-" "Mozilla/5.0 (compatible) Feedfetcher-Google; (+http://www.google.com/feedfetcher.html)"
74.125.74.193 - - [20/Jul/2009:23:00:55 -0700] "GET /gadgets/adpowers/AlexaRank/ja_ALL.xml HTTP/1.1" 200 1264 "-" "Mozilla/5.0 (compatible) Feedfetcher-Google; (+http://www.google.com/feedfetcher.html)"
66.249.67.3 - - [20/Jul/2009:23:01:03 -0700] "GET /gallery/main.php?g2_view=core.UserAdmin&g2_subView=core.UserLogin&g2_return=%2Fgallery%2Fmain.php%3Fg2_itemId%3D22625&g2_returnName=photo HTTP/1.1" 200 4004 "-" "Mozilla/5.0 (compatible; Googlebot/2.1; +http://www.google.com/bot.html)"
119.63.193.107 - - [20/Jul/2009:23:01:18 -0700] "GET / HTTP/1.1" 200 12816 "-" "Baiduspider+(+http://www.baidu.jp/spider/)"
66.249.67.3 - - [20/Jul/2009:23:01:24 -0700] "GET /gallery/main.php?g2_controller=exif.SwitchDetailMode&g2_mode=detailed&g2_return=%2Fgallery%2Fmain.php%3Fg2_itemId%3D5001&g2_returnName=photo HTTP/1.1" 302 5 "-" "Mozilla/5.0 (compatible; Googlebot/2.1; +http://www.google.com/bot.html)"
66.249.67.3 - - [20/Jul/2009:23:01:29 -0700] "GET /gallery/main.php?g2_itemId=5001&g2_fromNavId=xa79926e6 HTTP/1.1" 200 7470 "-" "Mozilla/5.0 (compatible; Googlebot/2.1; +http://www.google.com/bot.html)"
64.233.173.2 - - [20/Jul/2009:23:01:31 -0700] "GET /gadgets/adpowers/AlexaRank/g.xml HTTP/1.1" 200 3164 "-" "FeedFetcher-Google; (+http://www.google.com/feedfetcher.html)"
122.160.162.2 - - [20/Jul/2009:23:01:46 -0700] "GET /rss.pl HTTP/1.0" 200 35867 "-" "Mozilla/4.0 (compatible; MSIE 7.0; Windows NT 6.0; Trident/4.0; SLCC1; .NET CLR 2.0.50727; .NET CLR 3.5.21022; InfoPath.2; .NET CLR 3.5.30729; .NET CLR 3.0.30618; OfficeLiveConnector.1.3; OfficeLivePatch.1.3; MSOffice 12)"
74.125.74.193 - - [20/Jul/2009:23:02:00 -0700] "GET /gwidgets/alexa.xml HTTP/1.1" 200 2969 "-" "Mozilla/5.0 (compatible) Feedfetcher-Google; (+http://www.google.com/feedfetcher.html)"
64.233.173.2 - - [20/Jul/2009:23:02:09 -0700] "GET /gwidgets/alexa.xml HTTP/1.1" 200 2969 "-" "FeedFetcher-Google; (+http://www.google.com/feedfetcher.html)"
64.233.172.17 - - [20/Jul/2009:23:02:11 -0700] "GET /gadgets/adpowers/AlexaRank/g.xml HTTP/1.1" 200 3164 "-" "Mozilla/5.0 (compatible) Feedfetcher-Google; (+http://www.google.com/feedfetcher.html)"
64.233.172.17 - - [20/Jul/2009:23:02:12 -0700] "GET /gadgets/adpowers/AlexaRank/ALL_ALL.xml HTTP/1.1" 200 1160 "-" "Mozilla/5.0 (compatible) Feedfetcher-Google; (+http://www.google.com/feedfetcher.html)"
64.233.172.17 - - [20/Jul/2009:23:02:14 -0700] "GET /gwidgets/alexa.xml HTTP/1.1" 200 2969 "-" "Mozilla/5.0 (compatible) Feedfetcher-Google; (+http://www.google.com/feedfetcher.html)"
65.55.106.242 - - [20/Jul/2009:23:02:52 -0700] "GET /robots.txt HTTP/1.1" 200 590 "-" "msnbot/2.0b (+http://search.msn.com/msnbot.htm)"
72.14.192.65 - - [20/Jul/2009:23:03:00 -0700] "GET /gwidgets/alexa.xml HTTP/1.1" 200 2969 "-" "Mozilla/5.0 (compatible) Feedfetcher-Google; (+http://www.google.com/feedfetcher.html)"
66.249.67.3 - - [20/Jul/2009:23:03:16 -0700] "GET /gallery/main.php?g2_itemId=15371&g2_highlightId=15591 HTTP/1.1" 302 5 "-" "Mozilla/5.0 (compatible; Googlebot/2.1; +http://www.google.com/bot.html)"
65.55.208.188 - - [20/Jul/2009:23:03:18 -0700] "GET /robots.txt HTTP/1.1" 200 590 "-" "msnbot/1.1 (+http://search.msn.com/msnbot.htm)"
65.55.208.188 - - [20/Jul/2009:23:03:18 -0700] "GET /gallery/main.php?g2_controller=exif.SwitchDetailMode&g2_mode=detailed&g2_return=%2Fgallery%2Fmain.php%3Fg2_itemId%3D26990&g2_returnName=photo HTTP/1.1" 302 5 "-" "msnbot/1.1 (+http://search.msn.com/msnbot.htm)"
74.125.16.65 - - [20/Jul/2009:23:03:22 -0700] "GET /gwidgets/alexa.xml HTTP/1.1" 200 2969 "-" "FeedFetcher-Google; (+http://www.google.com/feedfetcher.html)"
65.55.208.182 - - [20/Jul/2009:23:03:24 -0700] "GET /robots.txt HTTP/1.1" 200 590 "-" "msnbot/1.1 (+http://search.msn.com/msnbot.htm)"
65.55.208.182 - - [20/Jul/2009:23:03:26 -0700] "GET /gallery/main.php?g2_itemId=27139 HTTP/1.1" 200 8393 "-" "msnbot/1.1 (+http://search.msn.com/msnbot.htm)"
122.160.162.2 - - [20/Jul/2009:23:03:41 -0700] "GET /rss.pl HTTP/1.0" 200 35867 "-" "Mozilla/4.0 (compatible; MSIE 7.0; Windows NT 6.0; Trident/4.0; SLCC1; .NET CLR 2.0.50727; .NET CLR 3.5.21022; InfoPath.2; .NET CLR 3.5.30729; .NET CLR 3.0.30618; OfficeLiveConnector.1.3; OfficeLivePatch.1.3; MSOffice 12)"
220.181.7.97 - - [20/Jul/2009:23:03:48 -0700] "GET / HTTP/1.1" 200 12816 "-" "Baiduspider+(+http://www.baidu.com/search/spider.htm)"
74.125.16.65 - - [20/Jul/2009:23:03:53 -0700] "GET /gwidgets/alexa.xml HTTP/1.1" 200 2969 "-" "Mozilla/5.0 (compatible) Feedfetcher-Google; (+http://www.google.com/feedfetcher.html)"
72.14.192.65 - - [20/Jul/2009:23:04:09 -0700] "GET /gadgets/adpowers/AlexaRank/g.xml HTTP/1.1" 200 3164 "-" "Mozilla/5.0 (compatible) Feedfetcher-Google; (+http://www.google.com/feedfetcher.html)"
72.14.192.65 - - [20/Jul/2009:23:04:09 -0700] "GET /gadgets/adpowers/AlexaRank/ALL_ALL.xml HTTP/1.1" 200 1160 "-" "Mozilla/5.0 (compatible) Feedfetcher-Google; (+http://www.google.com/feedfetcher.html)"
174.36.241.149 - - [20/Jul/2009:23:04:14 -0700] "GET / HTTP/1.1" 200 17933 "-" "Mozilla/5.0 (X11; U; Linux i686; en-US; rv:1.2.1; aggregator:Spinn3r (Spinn3r 3.1); http://spinn3r.com/robot) Gecko/20021130"
66.249.67.3 - - [20/Jul/2009:23:04:32 -0700] "GET /gallery/main.php?g2_view=keyalbum.KeywordAlbum&g2_keyword=cheerleaders HTTP/1.1" 200 5920 "-" "Mozilla/5.0 (compatible; Googlebot/2.1; +http://www.google.com/bot.html)"
62.141.0.146 - - [20/Jul/2009:23:04:34 -0700] "GET /favicon.ico HTTP/1.1" 404 146 "-" "Mozilla/5.0 (Windows; U; Windows NT 5.1; en-US; rv:1.9.1) Gecko/20090624 Firefox/3.5 GTB5 (.NET CLR 3.5.30729)"
65.55.208.188 - - [20/Jul/2009:23:04:55 -0700] "GET /gallery/main.php?g2_itemId=26990&g2_fromNavId=xfc0b6af6 HTTP/1.1" 200 8469 "-" "msnbot/1.1 (+http://search.msn.com/msnbot.htm)"
65.55.208.192 - - [20/Jul/2009:23:05:06 -0700] "GET /gallery/main.php?g2_itemId=34000 HTTP/1.1" 200 17673 "-" "msnbot/1.1 (+http://search.msn.com/msnbot.htm)"
72.30.142.87 - - [20/Jul/2009:23:05:18 -0700] "GET /?post=44 HTTP/1.0" 200 4960 "-" "Mozilla/5.0 (compatible; Yahoo! Slurp/3.0; http://help.yahoo.com/help/us/ysearch/slurp)"
66.249.67.3 - - [20/Jul/2009:23:05:29 -0700] "GET /gallery/main.php?g2_view=core.UserAdmin&g2_subView=core.UserLogin&g2_return=%2Fgallery%2Fmain.php%3Fg2_itemId%3D15702&g2_returnName=photo HTTP/1.1" 200 4004 "-" "Mozilla/5.0 (compatible; Googlebot/2.1; +http://www.google.com/bot.html)"
72.30.142.87 - - [20/Jul/2009:23:05:31 -0700] "GET /gallery/main.php?g2_itemId=26940 HTTP/1.0" 200 8325 "-" "Mozilla/5.0 (compatible; Yahoo! Slurp/3.0; http://help.yahoo.com/help/us/ysearch/slurp)"
72.30.142.87 - - [20/Jul/2009:23:05:37 -0700] "GET /gallery/modules/core/data/gallery.css HTTP/1.0" 304 - "http://example.org/gallery/main.php?g2_itemId=26940" "Mozilla/5.0 (compatible; Yahoo! Slurp/3.0; http://help.yahoo.com/help/us/ysearch/slurp)"
72.14.194.1 - - [20/Jul/2009:23:05:38 -0700] "GET /gadgets/adpowers/AlexaRank/g.xml HTTP/1.1" 200 3164 "-" "Mozilla/5.0 (compatible) Feedfetcher-Google; (+http://www.google.com/feedfetcher.html)"
72.14.194.1 - - [20/Jul/2009:23:05:39 -0700] "GET /gadgets/adpowers/AlexaRank/ALL_ALL.xml HTTP/1.1" 200 1160 "-" "Mozilla/5.0 (compatible) Feedfetcher-Google; (+http://www.google.com/feedfetcher.html)"
72.30.142.87 - - [20/Jul/2009:23:05:39 -0700] "GET /gallery/modules/rating/rating.css HTTP/1.0" 304 - "http://example.org/gallery/main.php?g2_itemId=26940" "Mozilla/5.0 (compatible; Yahoo! Slurp/3.0; http://help.yahoo.com/help/us/ysearch/slurp)"
122.160.162.2 - - [20/Jul/2009:23:05:46 -0700] "GET /rss.pl HTTP/1.0" 200 35867 "-" "Mozilla/4.0 (compatible; MSIE 7.0; Windows NT 6.0; Trident/4.0; SLCC1; .NET CLR 2.0.50727; .NET CLR 3.5.21022; InfoPath.2; .NET CLR 3.5.30729; .NET CLR 3.0.30618; OfficeLiveConnector.1.3; OfficeLivePatch.1.3; MSOffice 12)"
72.30.142.87 - - [20/Jul/2009:23:05:47 -0700] "GET /gallery/themes/matrix/theme.css HTTP/1.0" 304 - "http://example.org/gallery/main.php?g2_itemId=26940" "Mozilla/5.0 (compatible; Yahoo! Slurp/3.0; http://help.yahoo.com/help/us/ysearch/slurp)"
65.55.110.167 - - [20/Jul/2009:23:06:11 -0700] "GET /gallery/main.php?g2_controller=exif.SwitchDetailMode&g2_mode=detailed&g2_return=%2Fgallery%2Fmain.php%3Fg2_itemId%3D26990&g2_returnName=photo HTTP/1.1" 302 5 "http://www.bing.com/search?q=value" "Mozilla/4.0 (compatible;  MSIE 6.0;  Windows NT 5.1;  SLCC1;  .NET CLR 1.1.4325;  .NET CLR 2.0.40607;  .NET CLR 3.0.30729;  .NET CLR 3.5.30729;  InfoPath.2)"
66.249.67.3 - - [20/Jul/2009:23:06:13 -0700] "GET /gallery/main.php?g2_controller=exif.SwitchDetailMode&g2_mode=detailed&g2_return=%2Fgallery%2Fmain.php%3Fg2_itemId%3D31079&g2_returnName=photo HTTP/1.1" 302 5 "-" "Mozilla/5.0 (compatible; Googlebot/2.1; +http://www.google.com/bot.html)"
65.55.110.167 - - [20/Jul/2009:23:06:13 -0700] "GET /gallery/main.php?g2_itemId=26990&g2_fromNavId=x6ffba913&g2_GALLERYSID=abb61b75176a8eed787208b38c80d164 HTTP/1.1" 200 9546 "http://www.bing.com/search?q=value" "Mozilla/4.0 (compatible;  MSIE 6.0;  Windows NT 5.1;  SLCC1;  .NET CLR 1.1.4325;  .NET CLR 2.0.40607;  .NET CLR 3.0.30729;  .NET CLR 3.5.30729;  InfoPath.2)"
65.55.110.167 - - [20/Jul/2009:23:06:14 -0700] "GET /gallery/modules/icons/iconpacks/paularmstrongdesigns/icons.css HTTP/1.1" 200 8847 "http://example.org/gallery/main.php?g2_itemId=26990&g2_fromNavId=x6ffba913&g2_GALLERYSID=abb61b75176a8eed787208b38c80d164" "Mozilla/4.0 (compatible;  MSIE 6.0;  Windows NT 5.1;  SLCC1;  .NET CLR 1.1.4325;  .NET CLR 2.0.40607;  .NET CLR 3.0.30729;  .NET CLR 3.5.30729;  InfoPath.2)"
65.55.110.167 - - [20/Jul/2009:23:06:15 -0700] "GET /gallery/modules/core/data/gallery.css HTTP/1.1" 200 9535 "http://example.org/gallery/main.php?g2_itemId=26990&g2_fromNavId=x6ffba913&g2_GALLERYSID=abb61b75176a8eed787208b38c80d164" "Mozilla/4.0 (compatible;  MSIE 6.0;  Windows NT 5.1;  SLCC1;  .NET CLR 1.1.4325;  .NET CLR 2.0.40607;  .NET CLR 3.0.30729;  .NET CLR 3.5.30729;  InfoPath.2)"
65.55.110.167 - - [20/Jul/2009:23:06:15 -0700] "GET /gallery/modules/rating/rating.css HTTP/1.1" 200 1355 "http://example.org/gallery/main.php?g2_itemId=26990&g2_fromNavId=x6ffba913&g2_GALLERYSID=abb61b75176a8eed787208b38c80d164" "Mozilla/4.0 (compatible;  MSIE 6.0;  Windows NT 5.1;  SLCC1;  .NET CLR 1.1.4325;  .NET CLR 2.0.40607;  .NET CLR 3.0.30729;  .NET CLR 3.5.30729;  InfoPath.2)"
65.55.110.167 - - [20/Jul/2009:23:06:15 -0700] "GET /gallery/modules/search/SearchBlock.js HTTP/1.1" 200 992 "http://example.org/gallery/main.php?g2_itemId=26990&g2_fromNavId=x6ffba913&g2_GALLERYSID=abb61b75176a8eed787208b38c80d164" "Mozilla/4.0 (compatible;  MSIE 6.0;  Windows NT 5.1;  SLCC1;  .NET CLR 1.1.4325;  .NET CLR 2.0.40607;  .NET CLR 3.0.30729;  .NET CLR 3.5.30729;  InfoPath.2)"
65.55.110.167 - - [20/Jul/2009:23:06:17 -0700] "GET /gallery/lib/yui/yahoo-min.js HTTP/1.1" 200 1419 "http://example.org/gallery/main.php?g2_itemId=26990&g2_fromNavId=x6ffba913&g2_GALLERYSID=abb61b75176a8eed787208b38c80d164" "Mozilla/4.0 (compatible;  MSIE 6.0;  Windows NT 5.1;  SLCC1;  .NET CLR 1.1.4325;  .NET CLR 2.0.40607;  .NET CLR 3.0.30729;  .NET CLR 3.5.30729;  InfoPath.2)"
66.249.67.3 - - [20/Jul/2009:23:06:17 -0700] "GET /gallery/main.php?g2_itemId=31079&g2_fromNavId=x76272b54 HTTP/1.1" 200 8189 "-" "Mozilla/5.0 (compatible; Googlebot/2.1; +http://www.google.com/bot.html)"
65.55.110.167 - - [20/Jul/2009:23:06:17 -0700] "GET /gallery/lib/yui/connection-min.js HTTP/1.1" 200 7959 "http://example.org/gallery/main.php?g2_itemId=26990&g2_fromNavId=x6ffba913&g2_GALLERYSID=abb61b75176a8eed787208b38c80d164" "Mozilla/4.0 (compatible;  MSIE 6.0;  Windows NT 5.1;  SLCC1;  .NET CLR 1.1.4325;  .NET CLR 2.0.40607;  .NET CLR 3.0.30729;  .NET CLR 3.5.30729;  InfoPath.2)"
65.55.110.167 - - [20/Jul/2009:23:06:18 -0700] "GET /gallery/modules/rating/rating.js HTTP/1.1" 200 3066 "http://example.org/gallery/main.php?g2_itemId=26990&g2_fromNavId=x6ffba913&g2_GALLERYSID=abb61b75176a8eed787208b38c80d164" "Mozilla/4.0 (compatible;  MSIE 6.0;  Windows NT 5.1;  SLCC1;  .NET CLR 1.1.4325;  .NET CLR 2.0.40607;  .NET CLR 3.0.30729;  .NET CLR 3.5.30729;  InfoPath.2)"
65.55.106.242 - - [20/Jul/2009:23:06:19 -0700] "GET /gallery/main.php?g2_itemId=4068&g2_highlightId=14685 HTTP/1.1" 302 5 "-" "msnbot/2.0b (+http://search.msn.com/msnbot.htm)"
65.55.110.167 - - [20/Jul/2009:23:06:20 -0700] "GET /gallery/themes/matrix/theme.css HTTP/1.1" 200 12605 "http://example.org/gallery/main.php?g2_itemId=26990&g2_fromNavId=x6ffba913&g2_GALLERYSID=abb61b75176a8eed787208b38c80d164" "Mozilla/4.0 (compatible;  MSIE 6.0;  Windows NT 5.1;  SLCC1;  .NET CLR 1.1.4325;  .NET CLR 2.0.40607;  .NET CLR 3.0.30729;  .NET CLR 3.5.30729;  InfoPath.2)"
65.55.106.242 - - [20/Jul/2009:23:06:25 -0700] "GET /gallery/main.php?g2_itemId=4068 HTTP/1.1" 200 15374 "-" "msnbot/2.0b (+http://search.msn.com/msnbot.htm)"
65.55.110.167 - - [20/Jul/2009:23:06:27 -0700] "GET /gallery/main.php?g2_view=core.DownloadItem&g2_itemId=26992&g2_serialNumber=2 HTTP/1.1" 200 115308 "http://example.org/gallery/main.php?g2_itemId=26990&g2_fromNavId=x6ffba913&g2_GALLERYSID=abb61b75176a8eed787208b38c80d164" "Mozilla/4.0 (compatible;  MSIE 6.0;  Windows NT 5.1;  SLCC1;  .NET CLR 1.1.4325;  .NET CLR 2.0.40607;  .NET CLR 3.0.30729;  .NET CLR 3.5.30729;  InfoPath.2)"
69.36.233.15 - - [20/Jul/2009:23:06:32 -0700] "GET /itunesproblem/ HTTP/1.1" 200 7032 "-" "Mozilla/5.0 (X11; U; Linux x86_64; en-US; rv:1.9.0.11) Gecko/2009060309 Ubuntu/8.04 (hardy) Firefox/3.0.11"
69.36.233.15 - - [20/Jul/2009:23:06:33 -0700] "GET /itunesproblem/globe240.png HTTP/1.1" 200 5717 "http://example.org/itunesproblem/" "Mozilla/5.0 (X11; U; Linux x86_64; en-US; rv:1.9.0.11) Gecko/2009060309 Ubuntu/8.04 (hardy) Firefox/3.0.11"
69.36.233.15 - - [20/Jul/2009:23:06:33 -0700] "GET /itunesproblem/globe216.png HTTP/1.1" 200 4422 "http://example.org/itunesproblem/" "Mozilla/5.0 (X11; U; Linux x86_64; en-US; rv:1.9.0.11) Gecko/2009060309 Ubuntu/8.04 (hardy) Firefox/3.0.11"
69.36.233.15 - - [20/Jul/2009:23:06:33 -0700] "GET /itunesproblem/globe208.png HTTP/1.1" 200 4604 "http://example.org/itunesproblem/" "Mozilla/5.0 (X11; U; Linux x86_64; en-US; rv:1.9.0.11) Gecko/2009060309 Ubuntu/8.04 (hardy) Firefox/3.0.11"
74.125.74.193 - - [20/Jul/2009:23:06:37 -0700] "GET /gadgets/adpowers/AlexaRank/g.xml HTTP/1.1" 200 3164 "-" "Mozilla/5.0 (compatible) Feedfetcher-Google; (+http://www.google.com/feedfetcher.html)"
66.249.67.87 - - [20/Jul/2009:23:06:37 -0700] "GET /gallery/main.php?g2_view=core.UserAdmin&g2_subView=core.UserLogin&g2_return=%2Fgallery%2Fmain.php%3Fg2_itemId%3D3304&g2_returnName=photo HTTP/1.1" 200 4001 "-" "Mozilla/5.0 (compatible; Googlebot/2.1; +http://www.google.com/bot.html)"
74.125.16.65 - - [20/Jul/2009:23:06:37 -0700] "GET /gadgets/adpowers/AlexaRank/g.xml HTTP/1.1" 200 3164 "-" "Mozilla/5.0 (compatible) Feedfetcher-Google; (+http://www.google.com/feedfetcher.html)"
74.125.74.193 - - [20/Jul/2009:23:06:41 -0700] "GET /gadgets/adpowers/AlexaRank/ALL_ALL.xml HTTP/1.1" 200 1160 "-" "Mozilla/5.0 (compatible) Feedfetcher-Google; (+http://www.google.com/feedfetcher.html)"
74.125.16.65 - - [20/Jul/2009:23:06:41 -0700] "GET /gadgets/adpowers/AlexaRank/ALL_ALL.xml HTTP/1.1" 200 1160 "-" "Mozilla/5.0 (compatible) Feedfetcher-Google; (+http://www.google.com/feedfetcher.html)"
69.36.233.15 - - [20/Jul/2009:23:06:41 -0700] "GET /itunesproblem/216.png HTTP/1.1" 200 156922 "http://example.org/itunesproblem/" "Mozilla/5.0 (X11; U; Linux x86_64; en-US; rv:1.9.0.11) Gecko/2009060309 Ubuntu/8.04 (hardy) Firefox/3.0.11"
69.36.233.15 - - [20/Jul/2009:23:06:44 -0700] "GET /itunesproblem/208.png HTTP/1.1" 200 152780 "http://example.org/itunesproblem/" "Mozilla/5.0 (X11; U; Linux x86_64; en-US; rv:1.9.0.11) Gecko/2009060309 Ubuntu/8.04 (hardy) Firefox/3.0.11"
69.36.233.15 - - [20/Jul/2009:23:06:47 -0700] "GET /itunesproblem/240.png HTTP/1.1" 200 179170 "http://example.org/itunesproblem/" "Mozilla/5.0 (X11; U; Linux x86_64; en-US; rv:1.9.0.11) Gecko/2009060309 Ubuntu/8.04 (hardy) Firefox/3.0.11"
128.107.239.233 - - [20/Jul/2009:23:06:49 -0700] "GET /?page=tshirts HTTP/1.1" 200 6011 "http://example.org/?post=214" "Mozilla/5.0 (Windows; U; Windows NT 5.1; en-US; rv:1.9.1.1) Gecko/20090715 Firefox/3.5.1 (.NET CLR 3.5.30729)"
128.107.239.233 - - [20/Jul/2009:23:06:51 -0700] "GET /images/thumbnail_bandwidth.jpg HTTP/1.1" 200 4477 "http://example.org/?page=tshirts" "Mozilla/5.0 (Windows; U; Windows NT 5.1; en-US; rv:1.9.1.1) Gecko/20090715 Firefox/3.5.1 (.NET CLR 3.5.30729)"
128.107.239.233 - - [20/Jul/2009:23:06:51 -0700] "GET /images/thumbnail_bin-laden.jpg HTTP/1.1" 200 4561 "http://example.org/?page=tshirts" "Mozilla/5.0 (Windows; U; Windows NT 5.1; en-US; rv:1.9.1.1) Gecko/20090715 Firefox/3.5.1 (.NET CLR 3.5.30729)"
128.107.239.233 - - [20/Jul/2009:23:06:51 -0700] "GET /images/thumbnail_geek-front.jpg HTTP/1.1" 200 4532 "http://example.org/?page=tshirts" "Mozilla/5.0 (Windows; U; Windows NT 5.1; en-US; rv:1.9.1.1) Gecko/20090715 Firefox/3.5.1 (.NET CLR 3.5.30729)"
128.107.239.233 - - [20/Jul/2009:23:06:51 -0700] "GET /images/thumbnail_got-root.jpg HTTP/1.1" 200 3641 "http://example.org/?page=tshirts" "Mozilla/5.0 (Windows; U; Windows NT 5.1; en-US; rv:1.9.1.1) Gecko/20090715 Firefox/3.5.1 (.NET CLR 3.5.30729)"
128.107.239.233 - - [20/Jul/2009:23:06:51 -0700] "GET /images/thumbnail_ubergamer-front.jpg HTTP/1.1" 200 4207 "http://example.org/?page=tshirts" "Mozilla/5.0 (Windows; U; Windows NT 5.1; en-US; rv:1.9.1.1) Gecko/20090715 Firefox/3.5.1 (.NET CLR 3.5.30729)"
128.107.239.233 - - [20/Jul/2009:23:06:51 -0700] "GET /images/thumbnail_perl-front.jpg HTTP/1.1" 200 3701 "http://example.org/?page=tshirts" "Mozilla/5.0 (Windows; U; Windows NT 5.1; en-US; rv:1.9.1.1) Gecko/20090715 Firefox/3.5.1 (.NET CLR 3.5.30729)"
128.107.239.233 - - [20/Jul/2009:23:06:52 -0700] "GET /images/thumbnail_slashdot-front.jpg HTTP/1.1" 200 3079 "http://example.org/?page=tshirts" "Mozilla/5.0 (Windows; U; Windows NT 5.1; en-US; rv:1.9.1.1) Gecko/20090715 Firefox/3.5.1 (.NET CLR 3.5.30729)"
69.36.233.15 - - [20/Jul/2009:23:06:52 -0700] "GET /itunesproblem/crooksandliarsversion.png HTTP/1.1" 200 160553 "http://example.org/itunesproblem/" "Mozilla/5.0 (X11; U; Linux x86_64; en-US; rv:1.9.0.11) Gecko/2009060309 Ubuntu/8.04 (hardy) Firefox/3.0.11"
69.36.233.15 - - [20/Jul/2009:23:06:53 -0700] "GET /itunesproblem/itunesversion.png HTTP/1.1" 200 146042 "http://example.org/itunesproblem/" "Mozilla/5.0 (X11; U; Linux x86_64; en-US; rv:1.9.0.11) Gecko/2009060309 Ubuntu/8.04 (hardy) Firefox/3.0.11"
128.107.239.233 - - [20/Jul/2009:23:06:53 -0700] "GET /images/thumbnail_ubergeek.jpg HTTP/1.1" 200 4993 "http://example.org/?page=tshirts" "Mozilla/5.0 (Windows; U; Windows NT 5.1; en-US; rv:1.9.1.1) Gecko/20090715 Firefox/3.5.1 (.NET CLR 3.5.30729)"
128.107.239.233 - - [20/Jul/2009:23:06:53 -0700] "GET /images/thumbnail_fix-your-computer.jpg HTTP/1.1" 200 4463 "http://example.org/?page=tshirts" "Mozilla/5.0 (Windows; U; Windows NT 5.1; en-US; rv:1.9.1.1) Gecko/20090715 Firefox/3.5.1 (.NET CLR 3.5.30729)"
128.107.239.233 - - [20/Jul/2009:23:06:53 -0700] "GET /images/thumbnail_power.jpg HTTP/1.1" 200 2921 "http://example.org/?page=tshirts" "Mozilla/5.0 (Windows; U; Windows NT 5.1; en-US; rv:1.9.1.1) Gecko/20090715 Firefox/3.5.1 (.NET CLR 3.5.30729)"
128.107.239.233 - - [20/Jul/2009:23:06:53 -0700] "GET /images/thumbnail_sql.jpg HTTP/1.1" 200 2637 "http://example.org/?page=tshirts" "Mozilla/5.0 (Windows; U; Windows NT 5.1; en-US; rv:1.9.1.1) Gecko/20090715 Firefox/3.5.1 (.NET CLR 3.5.30729)"
128.107.239.233 - - [20/Jul/2009:23:06:54 -0700] "GET /images/thumbnail_rtfm.jpg HTTP/1.1" 200 2381 "http://example.org/?page=tshirts" "Mozilla/5.0 (Windows; U; Windows NT 5.1; en-US; rv:1.9.1.1) Gecko/20090715 Firefox/3.5.1 (.NET CLR 3.5.30729)"
74.125.74.193 - - [20/Jul/2009:23:07:34 -0700] "GET /gwidgets/alexa.xml HTTP/1.1" 200 2969 "-" "Mozilla/5.0 (compatible) Feedfetcher-Google; (+http://www.google.com/feedfetcher.html)"
66.249.67.3 - - [20/Jul/2009:23:07:42 -0700] "GET /gallery/main.php?g2_itemId=15371&g2_highlightId=15741 HTTP/1.1" 302 5 "-" "Mozilla/5.0 (compatible; Googlebot/2.1; +http://www.google.com/bot.html)"
122.160.162.2 - - [20/Jul/2009:23:07:52 -0700] "GET /rss.pl HTTP/1.0" 200 35867 "-" "Mozilla/4.0 (compatible; MSIE 7.0; Windows NT 6.0; Trident/4.0; SLCC1; .NET CLR 2.0.50727; .NET CLR 3.5.21022; InfoPath.2; .NET CLR 3.5.30729; .NET CLR 3.0.30618; OfficeLiveConnector.1.3; OfficeLivePatch.1.3; MSOffice 12)"
72.14.194.1 - - [20/Jul/2009:23:08:14 -0700] "GET /gwidgets/alexa.xml HTTP/1.1" 200 2969 "-" "Mozilla/5.0 (compatible) Feedfetcher-Google; (+http://www.google.com/feedfetcher.html)"
72.14.192.65 - - [20/Jul/2009:23:08:28 -0700] "GET /gwidgets/alexa.xml HTTP/1.1" 200 2969 "-" "Mozilla/5.0 (compatible) Feedfetcher-Google; (+http://www.google.com/feedfetcher.html)"
72.14.193.68 - - [20/Jul/2009:23:08:33 -0700] "GET /gadgets/adpowers/AlexaRank/g.xml HTTP/1.1" 200 3164 "-" "Mozilla/5.0 (compatible) Feedfetcher-Google; (+http://www.google.com/feedfetcher.html)"
72.14.193.68 - - [20/Jul/2009:23:08:34 -0700] "GET /gadgets/adpowers/AlexaRank/ALL_ALL.xml HTTP/1.1" 200 1160 "-" "Mozilla/5.0 (compatible) Feedfetcher-Google; (+http://www.google.com/feedfetcher.html)"
123.125.66.43 - - [20/Jul/2009:23:08:44 -0700] "GET / HTTP/1.1" 200 12816 "-" "Baiduspider+(+http://www.baidu.com/search/spider.htm)"
174.36.241.149 - - [20/Jul/2009:23:08:56 -0700] "GET /rss.pl HTTP/1.1" 200 35942 "-" "Mozilla/5.0 (X11; U; Linux i686; en-US; rv:1.2.1; aggregator:Spinn3r (Spinn3r 3.1); http://spinn3r.com/robot) Gecko/20021130"
72.14.193.68 - - [20/Jul/2009:23:09:16 -0700] "GET /gwidgets/alexa.xml HTTP/1.1" 200 2969 "-" "FeedFetcher-Google; (+http://www.google.com/feedfetcher.html)"
72.14.193.68 - - [20/Jul/2009:23:09:18 -0700] "GET /gwidgets/alexa.xml HTTP/1.1" 200 2969 "-" "Mozilla/5.0 (compatible) Feedfetcher-Google; (+http://www.google.com/feedfetcher.html)"
64.233.172.17 - - [20/Jul/2009:23:09:23 -0700] "GET /gadgets/Prider/90sRockedPodcast/g.xml HTTP/1.1" 200 1601 "-" "Mozilla/5.0 (compatible) Feedfetcher-Google; (+http://www.google.com/feedfetcher.html)"
66.249.67.3 - - [20/Jul/2009:23:09:55 -0700] "GET /gallery/main.php?g2_itemId=15371&g2_highlightId=15690 HTTP/1.1" 302 5 "-" "Mozilla/5.0 (compatible; Googlebot/2.1; +http://www.google.com/bot.html)"
66.249.67.3 - - [20/Jul/2009:23:09:59 -0700] "GET /gallery/main.php?g2_itemId=30073&g2_page=26 HTTP/1.1" 200 19240 "-" "Mozilla/5.0 (compatible; Googlebot/2.1; +http://www.google.com/bot.html)"
122.160.162.2 - - [20/Jul/2009:23:10:02 -0700] "GET /rss.pl HTTP/1.0" 200 35867 "-" "Mozilla/4.0 (compatible; MSIE 7.0; Windows NT 6.0; Trident/4.0; SLCC1; .NET CLR 2.0.50727; .NET CLR 3.5.21022; InfoPath.2; .NET CLR 3.5.30729; .NET CLR 3.0.30618; OfficeLiveConnector.1.3; OfficeLivePatch.1.3; MSOffice 12)"
74.125.16.65 - - [20/Jul/2009:23:10:09 -0700] "GET /gadgets/adpowers/AlexaRank/de_ALL.xml HTTP/1.1" 200 1004 "-" "Mozilla/5.0 (compatible) Feedfetcher-Google; (+http://www.google.com/feedfetcher.html)"
74.125.16.65 - - [20/Jul/2009:23:10:09 -0700] "GET /gadgets/adpowers/AlexaRank/de_ALL.xml HTTP/1.1" 200 1004 "-" "Mozilla/5.0 (compatible) Feedfetcher-Google; (+http://www.google.com/feedfetcher.html)"
72.14.194.1 - - [20/Jul/2009:23:10:23 -0700] "GET /gwidgets/alexa.xml HTTP/1.1" 200 2969 "-" "FeedFetcher-Google; (+http://www.google.com/feedfetcher.html)"
72.14.192.65 - - [20/Jul/2009:23:10:24 -0700] "GET /gadgets/adpowers/AlexaRank/g.xml HTTP/1.1" 200 3164 "-" "Mozilla/5.0 (compatible) Feedfetcher-Google; (+http://www.google.com/feedfetcher.html)"
72.14.192.65 - - [20/Jul/2009:23:10:25 -0700] "GET /gadgets/adpowers/AlexaRank/ALL_ALL.xml HTTP/1.1" 200 1160 "-" "Mozilla/5.0 (compatible) Feedfetcher-Google; (+http://www.google.com/feedfetcher.html)"
66.249.67.87 - - [20/Jul/2009:23:11:01 -0700] "GET /gallery/main.php?g2_itemId=3228&g2_highlightId=3295 HTTP/1.1" 302 5 "-" "Mozilla/5.0 (compatible; Googlebot/2.1; +http://www.google.com/bot.html)"
68.192.3.105 - - [20/Jul/2009:23:11:03 -0700] "GET /?page=aboutme HTTP/1.1" 200 7255 "http://www.google.com/search?client=safari&rls=en-us&q=examples+of+Me.com+websites&ie=UTF-8&oe=UTF-8" "Mozilla/5.0 (Macintosh; U; Intel Mac OS X 10_5_7; en-us) AppleWebKit/530.19.2 (KHTML, like Gecko) Version/4.0.2 Safari/530.19"
68.192.3.105 - - [20/Jul/2009:23:11:03 -0700] "GET /style.css HTTP/1.1" 200 1504 "http://example.org/?page=aboutme" "Mozilla/5.0 (Macintosh; U; Intel Mac OS X 10_5_7; en-us) AppleWebKit/530.19.2 (KHTML, like Gecko) Version/4.0.2 Safari/530.19"
66.249.67.3 - - [20/Jul/2009:23:11:03 -0700] "GET /gallery/main.php?g2_view=search.SearchScan&g2_form%5BuseDefaultSettings%5D=1&g2_return=%2Fgallery%2Fmain.php%3Fg2_itemId%3D15681&g2_returnName=photo HTTP/1.1" 200 6360 "-" "Mozilla/5.0 (compatible; Googlebot/2.1; +http://www.google.com/bot.html)"
68.192.3.105 - - [20/Jul/2009:23:11:04 -0700] "GET /images/pigtam.jpg HTTP/1.1" 200 13122 "http://example.org/?page=aboutme" "Mozilla/5.0 (Macintosh; U; Intel Mac OS X 10_5_7; en-us) AppleWebKit/530.19.2 (KHTML, like Gecko) Version/4.0.2 Safari/530.19"
68.192.3.105 - - [20/Jul/2009:23:11:04 -0700] "GET /favicon.ico HTTP/1.1" 404 146 "http://example.org/?page=aboutme" "Mozilla/5.0 (Macintosh; U; Intel Mac OS X 10_5_7; en-us) AppleWebKit/530.19.2 (KHTML, like Gecko) Version/4.0.2 Safari/530.19"
68.192.3.105 - - [20/Jul/2009:23:11:07 -0700] "GET / HTTP/1.1" 200 17933 "http://example.org/?page=aboutme" "Mozilla/5.0 (Macintosh; U; Intel Mac OS X 10_5_7; en-us) AppleWebKit/530.19.2 (KHTML, like Gecko) Version/4.0.2 Safari/530.19"
68.192.3.105 - - [20/Jul/2009:23:11:14 -0700] "GET /?page=aboutme HTTP/1.1" 200 7255 "http://www.google.com/search?client=safari&rls=en-us&q=examples+of+Me.com+websites&ie=UTF-8&oe=UTF-8" "Mozilla/5.0 (Macintosh; U; Intel Mac OS X 10_5_7; en-us) AppleWebKit/530.19.2 (KHTML, like Gecko) Version/4.0.2 Safari/530.19"
65.55.106.137 - - [20/Jul/2009:23:11:14 -0700] "GET /gallery/main.php?g2_view=keyalbum.KeywordAlbum&g2_keyword=parade&g2_itemId=2942 HTTP/1.1" 200 9571 "-" "msnbot/2.0b (+http://search.msn.com/msnbot.htm)"
72.14.192.65 - - [20/Jul/2009:23:11:15 -0700] "GET /gadgets/adpowers/AlexaRank/ja_ALL.xml HTTP/1.1" 200 1264 "-" "Mozilla/5.0 (compatible) Feedfetcher-Google; (+http://www.google.com/feedfetcher.html)"
65.55.106.244 - - [20/Jul/2009:23:11:44 -0700] "GET /gallery/main.php?g2_itemId=24659&g2_highlightId=25986 HTTP/1.1" 302 5 "-" "msnbot/2.0b (+http://search.msn.com/msnbot.htm)"
65.55.106.244 - - [20/Jul/2009:23:11:51 -0700] "GET /gallery/main.php?g2_itemId=24659&g2_page=2 HTTP/1.1" 200 15240 "-" "msnbot/2.0b (+http://search.msn.com/msnbot.htm)"
74.125.74.193 - - [20/Jul/2009:23:11:53 -0700] "GET /gadgets/adpowers/AlexaRank/g.xml HTTP/1.1" 200 3164 "-" "Mozilla/5.0 (compatible) Feedfetcher-Google; (+http://www.google.com/feedfetcher.html)"
74.125.74.193 - - [20/Jul/2009:23:11:54 -0700] "GET /gadgets/adpowers/AlexaRank/ALL_ALL.xml HTTP/1.1" 200 1160 "-" "Mozilla/5.0 (compatible) Feedfetcher-Google; (+http://www.google.com/feedfetcher.html)"
122.160.162.2 - - [20/Jul/2009:23:12:04 -0700] "GET /rss.pl HTTP/1.0" 200 35867 "-" "Mozilla/4.0 (compatible; MSIE 7.0; Windows NT 6.0; Trident/4.0; SLCC1; .NET CLR 2.0.50727; .NET CLR 3.5.21022; InfoPath.2; .NET CLR 3.5.30729; .NET CLR 3.0.30618; OfficeLiveConnector.1.3; OfficeLivePatch.1.3; MSOffice 12)"
66.249.67.3 - - [20/Jul/2009:23:12:09 -0700] "GET /gallery/main.php?g2_view=search.SearchScan&g2_form%5BuseDefaultSettings%5D=1&g2_return=%2Fgallery%2Fmain.php%3Fg2_itemId%3D15693&g2_returnName=photo HTTP/1.1" 200 6360 "-" "Mozilla/5.0 (compatible; Googlebot/2.1; +http://www.google.com/bot.html)"
72.30.142.87 - - [20/Jul/2009:23:12:22 -0700] "GET /gallery/main.php?g2_itemId=488 HTTP/1.0" 200 6924 "-" "Mozilla/5.0 (compatible; Yahoo! Slurp/3.0; http://help.yahoo.com/help/us/ysearch/slurp)"
72.30.142.87 - - [20/Jul/2009:23:13:01 -0700] "GET /gallery/main.php?g2_itemId=3337 HTTP/1.0" 200 7979 "-" "Mozilla/5.0 (compatible; Yahoo! Slurp/3.0; http://help.yahoo.com/help/us/ysearch/slurp)"
64.233.172.17 - - [20/Jul/2009:23:13:13 -0700] "GET /gwidgets/alexa.xml HTTP/1.1" 200 2969 "-" "Mozilla/5.0 (compatible) Feedfetcher-Google; (+http://www.google.com/feedfetcher.html)"
66.249.67.3 - - [20/Jul/2009:23:13:15 -0700] "GET /gallery/main.php?g2_view=search.SearchScan&g2_form%5BuseDefaultSettings%5D=1&g2_return=%2Fgallery%2Fmain.php%3Fg2_itemId%3D15717&g2_returnName=photo HTTP/1.1" 200 6360 "-" "Mozilla/5.0 (compatible; Googlebot/2.1; +http://www.google.com/bot.html)"
69.123.215.104 - - [20/Jul/2009:23:13:45 -0700] "GET /images/fullsize_got-root.jpg HTTP/1.1" 200 9540 "http://comment.myspace.com/index.cfm?fuseaction=user.viewComments&friendID=158566445" "Mozilla/5.0 (Windows; U; Windows NT 5.1; en-US; rv:1.9.0.11) Gecko/2009060215 Firefox/3.0.11"
74.125.16.65 - - [20/Jul/2009:23:13:50 -0700] "GET /gadgets/adpowers/AlexaRank/ALL_ALL.xml HTTP/1.1" 200 1160 "-" "FeedFetcher-Google; (+http://www.google.com/feedfetcher.html)"
64.233.172.17 - - [20/Jul/2009:23:13:56 -0700] "GET /gadgets/adpowers/AlexaRank/g.xml HTTP/1.1" 200 3164 "-" "Mozilla/5.0 (compatible) Feedfetcher-Google; (+http://www.google.com/feedfetcher.html)"
64.233.172.17 - - [20/Jul/2009:23:13:56 -0700] "GET /gadgets/adpowers/AlexaRank/ALL_ALL.xml HTTP/1.1" 200 1160 "-" "Mozilla/5.0 (compatible) Feedfetcher-Google; (+http://www.google.com/feedfetcher.html)"
64.233.172.17 - - [20/Jul/2009:23:14:08 -0700] "GET /gwidgets/alexa.xml HTTP/1.1" 200 2969 "-" "FeedFetcher-Google; (+http://www.google.com/feedfetcher.html)"
74.125.75.17 - - [20/Jul/2009:23:14:10 -0700] "GET /gwidgets/alexa.xml HTTP/1.1" 200 2969 "-" "Mozilla/5.0 (compatible) Feedfetcher-Google; (+http://www.google.com/feedfetcher.html)"
122.160.162.2 - - [20/Jul/2009:23:14:20 -0700] "GET /rss.pl HTTP/1.0" 200 35867 "-" "Mozilla/4.0 (compatible; MSIE 7.0; Windows NT 6.0; Trident/4.0; SLCC1; .NET CLR 2.0.50727; .NET CLR 3.5.21022; InfoPath.2; .NET CLR 3.5.30729; .NET CLR 3.0.30618; OfficeLiveConnector.1.3; OfficeLivePatch.1.3; MSOffice 12)"
66.249.67.3 - - [20/Jul/2009:23:14:22 -0700] "GET /gallery/main.php?g2_itemId=32105&g2_highlightId=32272 HTTP/1.1" 302 5 "-" "Mozilla/5.0 (compatible; Googlebot/2.1; +http://www.google.com/bot.html)"
65.55.208.179 - - [20/Jul/2009:23:14:24 -0700] "GET /gallery/main.php?g2_view=comment.ShowAllComments&g2_itemId=26804&g2_return=%2Fgallery%2Fmain.php%3Fg2_itemId%3D26804&g2_returnName=photo HTTP/1.1" 200 4980 "-" "msnbot/1.1 (+http://search.msn.com/msnbot.htm)"
65.55.208.179 - - [20/Jul/2009:23:14:35 -0700] "GET /gallery/main.php?g2_view=comment.ShowAllComments&g2_itemId=20488&g2_return=%2Fgallery%2Fmain.php%3Fg2_itemId%3D20488&g2_returnName=photo HTTP/1.1" 200 5670 "-" "msnbot/1.1 (+http://search.msn.com/msnbot.htm)"
74.125.74.193 - - [20/Jul/2009:23:14:44 -0700] "GET /favicon.ico HTTP/1.1" 404 146 "-" "-"
72.14.192.65 - - [20/Jul/2009:23:15:04 -0700] "GET /gwidgets/alexa.xml HTTP/1.1" 200 2969 "-" "Mozilla/5.0 (compatible) Feedfetcher-Google; (+http://www.google.com/feedfetcher.html)"
66.249.67.3 - - [20/Jul/2009:23:15:24 -0700] "GET /gallery/main.php?g2_view=core.UserAdmin&g2_subView=core.UserLogin&g2_return=%2Fgallery%2Fmain.php%3Fg2_itemId%3D527&g2_returnName=photo HTTP/1.1" 200 3998 "-" "Mozilla/5.0 (compatible; Googlebot/2.1; +http://www.google.com/bot.html)"
65.55.208.182 - - [20/Jul/2009:23:15:48 -0700] "GET /gallery/main.php?g2_itemId=4017 HTTP/1.1" 200 8332 "-" "msnbot/1.1 (+http://search.msn.com/msnbot.htm)"
65.55.208.186 - - [20/Jul/2009:23:15:48 -0700] "GET /gallery/main.php?g2_itemId=26952&g2_imageViewsIndex=1 HTTP/1.1" 200 8521 "-" "msnbot/1.1 (+http://search.msn.com/msnbot.htm)"
66.249.67.3 - - [20/Jul/2009:23:15:49 -0700] "GET /gallery/main.php?g2_controller=exif.SwitchDetailMode&g2_mode=detailed&g2_return=%2Fgallery%2Fmain.php%3Fg2_itemId%3D14049&g2_returnName=photo HTTP/1.1" 302 5 "-" "Mozilla/5.0 (compatible; Googlebot/2.1; +http://www.google.com/bot.html)"
66.249.67.3 - - [20/Jul/2009:23:15:52 -0700] "GET /gallery/main.php?g2_itemId=14049&g2_fromNavId=xebe93a7e HTTP/1.1" 200 8149 "-" "Mozilla/5.0 (compatible; Googlebot/2.1; +http://www.google.com/bot.html)"
93.178.114.132 - - [20/Jul/2009:23:16:14 -0700] "GET /gnucache/index.php?get=1&net=gnutella&client=GNUC&version=1.1.1.6 HTTP/1.1" 404 146 "-" "Mozilla/4.0"
122.160.162.2 - - [20/Jul/2009:23:16:31 -0700] "GET /rss.pl HTTP/1.0" 200 35867 "-" "Mozilla/4.0 (compatible; MSIE 7.0; Windows NT 6.0; Trident/4.0; SLCC1; .NET CLR 2.0.50727; .NET CLR 3.5.21022; InfoPath.2; .NET CLR 3.5.30729; .NET CLR 3.0.30618; OfficeLiveConnector.1.3; OfficeLivePatch.1.3; MSOffice 12)"
66.249.67.3 - - [20/Jul/2009:23:16:35 -0700] "GET /gallery/main.php?g2_view=core.UserAdmin&g2_subView=core.UserLogin&g2_return=%2Fgallery%2Fmain.php%3Fg2_view%3Dcomment.ShowAllComments%26g2_itemId%3D677&g2_returnName=show+comments HTTP/1.1" 200 4115 "-" "Mozilla/5.0 (compatible; Googlebot/2.1; +http://www.google.com/bot.html)"
65.55.106.112 - - [20/Jul/2009:23:16:41 -0700] "GET /gallery/main.php?g2_itemId=19607 HTTP/1.1" 200 8664 "-" "msnbot/2.0b (+http://search.msn.com/msnbot.htm)"
65.55.110.182 - - [20/Jul/2009:23:17:15 -0700] "GET /gallery/main.php?g2_view=comment.ShowAllComments&g2_itemId=26804&g2_return=%2Fgallery%2Fmain.php%3Fg2_itemId%3D26804&g2_returnName=photo HTTP/1.1" 200 4997 "http://www.bing.com/search?q=graduation" "Mozilla/4.0 (compatible;  MSIE 6.0;  Windows NT 5.2;  SV1;  .NET CLR 1.1.4322;  .NET CLR 2.0.40607;  .NET CLR 3.0.04506.648)"
65.55.110.182 - - [20/Jul/2009:23:17:17 -0700] "GET /gallery/modules/core/data/gallery.css HTTP/1.1" 200 9535 "http://example.org/gallery/main.php?g2_view=comment.ShowAllComments&g2_itemId=26804&g2_return=%2Fgallery%2Fmain.php%3Fg2_itemId%3D26804&g2_returnName=photo" "Mozilla/4.0 (compatible;  MSIE 6.0;  Windows NT 5.2;  SV1;  .NET CLR 1.1.4322;  .NET CLR 2.0.40607;  .NET CLR 3.0.04506.648)"
65.55.110.182 - - [20/Jul/2009:23:17:18 -0700] "GET /gallery/modules/rating/rating.css HTTP/1.1" 200 1355 "http://example.org/gallery/main.php?g2_view=comment.ShowAllComments&g2_itemId=26804&g2_return=%2Fgallery%2Fmain.php%3Fg2_itemId%3D26804&g2_returnName=photo" "Mozilla/4.0 (compatible;  MSIE 6.0;  Windows NT 5.2;  SV1;  .NET CLR 1.1.4322;  .NET CLR 2.0.40607;  .NET CLR 3.0.04506.648)"
65.55.110.182 - - [20/Jul/2009:23:17:18 -0700] "GET /gallery/modules/comment/comment.css HTTP/1.1" 200 154 "http://example.org/gallery/main.php?g2_view=comment.ShowAllComments&g2_itemId=26804&g2_return=%2Fgallery%2Fmain.php%3Fg2_itemId%3D26804&g2_returnName=photo" "Mozilla/4.0 (compatible;  MSIE 6.0;  Windows NT 5.2;  SV1;  .NET CLR 1.1.4322;  .NET CLR 2.0.40607;  .NET CLR 3.0.04506.648)"
65.55.110.182 - - [20/Jul/2009:23:17:18 -0700] "GET /gallery/modules/icons/iconpacks/paularmstrongdesigns/icons.css HTTP/1.1" 200 8847 "http://example.org/gallery/main.php?g2_view=comment.ShowAllComments&g2_itemId=26804&g2_return=%2Fgallery%2Fmain.php%3Fg2_itemId%3D26804&g2_returnName=photo" "Mozilla/4.0 (compatible;  MSIE 6.0;  Windows NT 5.2;  SV1;  .NET CLR 1.1.4322;  .NET CLR 2.0.40607;  .NET CLR 3.0.04506.648)"
65.55.110.182 - - [20/Jul/2009:23:17:18 -0700] "GET /gallery/lib/yui/yahoo-min.js HTTP/1.1" 200 1419 "http://example.org/gallery/main.php?g2_view=comment.ShowAllComments&g2_itemId=26804&g2_return=%2Fgallery%2Fmain.php%3Fg2_itemId%3D26804&g2_returnName=photo" "Mozilla/4.0 (compatible;  MSIE 6.0;  Windows NT 5.2;  SV1;  .NET CLR 1.1.4322;  .NET CLR 2.0.40607;  .NET CLR 3.0.04506.648)"
65.55.110.182 - - [20/Jul/2009:23:17:19 -0700] "GET /gallery/lib/yui/dom-min.js HTTP/1.1" 200 11543 "http://example.org/gallery/main.php?g2_view=comment.ShowAllComments&g2_itemId=26804&g2_return=%2Fgallery%2Fmain.php%3Fg2_itemId%3D26804&g2_returnName=photo" "Mozilla/4.0 (compatible;  MSIE 6.0;  Windows NT 5.2;  SV1;  .NET CLR 1.1.4322;  .NET CLR 2.0.40607;  .NET CLR 3.0.04506.648)"
65.55.110.182 - - [20/Jul/2009:23:17:21 -0700] "GET /gallery/lib/yui/event-min.js HTTP/1.1" 200 9539 "http://example.org/gallery/main.php?g2_view=comment.ShowAllComments&g2_itemId=26804&g2_return=%2Fgallery%2Fmain.php%3Fg2_itemId%3D26804&g2_returnName=photo" "Mozilla/4.0 (compatible;  MSIE 6.0;  Windows NT 5.2;  SV1;  .NET CLR 1.1.4322;  .NET CLR 2.0.40607;  .NET CLR 3.0.04506.648)"
65.55.110.182 - - [20/Jul/2009:23:17:25 -0700] "GET /gallery/lib/yui/container-min.js HTTP/1.1" 200 64509 "http://example.org/gallery/main.php?g2_view=comment.ShowAllComments&g2_itemId=26804&g2_return=%2Fgallery%2Fmain.php%3Fg2_itemId%3D26804&g2_returnName=photo" "Mozilla/4.0 (compatible;  MSIE 6.0;  Windows NT 5.2;  SV1;  .NET CLR 1.1.4322;  .NET CLR 2.0.40607;  .NET CLR 3.0.04506.648)"
65.55.110.182 - - [20/Jul/2009:23:17:27 -0700] "GET /gallery/modules/search/SearchBlock.js HTTP/1.1" 200 992 "http://example.org/gallery/main.php?g2_view=comment.ShowAllComments&g2_itemId=26804&g2_return=%2Fgallery%2Fmain.php%3Fg2_itemId%3D26804&g2_returnName=photo" "Mozilla/4.0 (compatible;  MSIE 6.0;  Windows NT 5.2;  SV1;  .NET CLR 1.1.4322;  .NET CLR 2.0.40607;  .NET CLR 3.0.04506.648)"
65.55.110.182 - - [20/Jul/2009:23:17:30 -0700] "GET /gallery/lib/yui/yahoo-min.js HTTP/1.1" 200 1419 "http://example.org/gallery/main.php?g2_view=comment.ShowAllComments&g2_itemId=26804&g2_return=%2Fgallery%2Fmain.php%3Fg2_itemId%3D26804&g2_returnName=photo" "Mozilla/4.0 (compatible;  MSIE 6.0;  Windows NT 5.2;  SV1;  .NET CLR 1.1.4322;  .NET CLR 2.0.40607;  .NET CLR 3.0.04506.648)"
65.55.110.182 - - [20/Jul/2009:23:17:33 -0700] "GET /gallery/lib/yui/connection-min.js HTTP/1.1" 200 7959 "http://example.org/gallery/main.php?g2_view=comment.ShowAllComments&g2_itemId=26804&g2_return=%2Fgallery%2Fmain.php%3Fg2_itemId%3D26804&g2_returnName=photo" "Mozilla/4.0 (compatible;  MSIE 6.0;  Windows NT 5.2;  SV1;  .NET CLR 1.1.4322;  .NET CLR 2.0.40607;  .NET CLR 3.0.04506.648)"
65.55.110.182 - - [20/Jul/2009:23:17:34 -0700] "GET /gallery/modules/rating/rating.js HTTP/1.1" 200 3066 "http://example.org/gallery/main.php?g2_view=comment.ShowAllComments&g2_itemId=26804&g2_return=%2Fgallery%2Fmain.php%3Fg2_itemId%3D26804&g2_returnName=photo" "Mozilla/4.0 (compatible;  MSIE 6.0;  Windows NT 5.2;  SV1;  .NET CLR 1.1.4322;  .NET CLR 2.0.40607;  .NET CLR 3.0.04506.648)"
67.183.157.181 - - [20/Jul/2009:23:17:35 -0700] "GET /rss.pl HTTP/1.1" 200 35942 "-" "Mozilla/5.0 (Windows; U; Windows NT 6.0; en-US; rv:1.8.1.22) Gecko/20090605 Thunderbird/2.0.0.22"
65.55.110.182 - - [20/Jul/2009:23:17:36 -0700] "GET /gallery/themes/matrix/theme.css HTTP/1.1" 200 12605 "http://example.org/gallery/main.php?g2_view=comment.ShowAllComments&g2_itemId=26804&g2_return=%2Fgallery%2Fmain.php%3Fg2_itemId%3D26804&g2_returnName=photo" "Mozilla/4.0 (compatible;  MSIE 6.0;  Windows NT 5.2;  SV1;  .NET CLR 1.1.4322;  .NET CLR 2.0.40607;  .NET CLR 3.0.04506.648)"
79.66.21.60 - - [20/Jul/2009:23:17:36 -0700] "GET /favicon.ico HTTP/1.1" 404 146 "-" "Mozilla/4.0 (compatible; MSIE 6.0; Windows NT 5.1; SV1; GTB6)"
79.66.21.60 - - [20/Jul/2009:23:17:37 -0700] "GET /favicon.ico HTTP/1.1" 404 146 "-" "Mozilla/4.0 (compatible; MSIE 6.0; Windows NT 5.1; SV1; GTB6)"
79.66.21.60 - - [20/Jul/2009:23:17:37 -0700] "GET /favicon.ico HTTP/1.1" 404 146 "-" "Mozilla/4.0 (compatible; MSIE 6.0; Windows NT 5.1; SV1; GTB6)"
79.66.21.60 - - [20/Jul/2009:23:17:37 -0700] "GET /?post=269 HTTP/1.1" 200 11700 "http://www.google.co.uk/search?hl=en&newwindow=1&q=domestic+flight+from+checking+procedure+heathrow+&meta=" "Mozilla/4.0 (compatible; MSIE 6.0; Windows NT 5.1; SV1; GTB6)"
79.66.21.60 - - [20/Jul/2009:23:17:37 -0700] "GET /style.css HTTP/1.1" 200 1504 "http://example.org/?post=269" "Mozilla/4.0 (compatible; MSIE 6.0; Windows NT 5.1; SV1; GTB6)"
66.249.67.3 - - [20/Jul/2009:23:17:39 -0700] "GET /?post=269 HTTP/1.1" 200 11700 "-" "Mediapartners-Google"
79.66.21.60 - - [20/Jul/2009:23:17:39 -0700] "GET /favicon.ico HTTP/1.1" 404 146 "-" "Mozilla/4.0 (compatible; MSIE 6.0; Windows NT 5.1; SV1; GTB6)"
79.66.21.60 - - [20/Jul/2009:23:17:40 -0700] "GET /favicon.ico HTTP/1.1" 404 146 "-" "Mozilla/4.0 (compatible; MSIE 6.0; Windows NT 5.1; SV1; GTB6)"
79.66.21.60 - - [20/Jul/2009:23:17:41 -0700] "GET /favicon.ico HTTP/1.1" 404 146 "-" "Mozilla/4.0 (compatible; MSIE 6.0; Windows NT 5.1; SV1; GTB6)"
66.249.67.3 - - [20/Jul/2009:23:17:41 -0700] "GET /gallery/main.php?g2_view=search.SearchScan&g2_form%5BuseDefaultSettings%5D=1&g2_return=%2Fgallery%2Fmain.php%3Fg2_itemId%3D32260&g2_returnName=photo HTTP/1.1" 200 6360 "-" "Mozilla/5.0 (compatible; Googlebot/2.1; +http://www.google.com/bot.html)"
74.125.16.65 - - [20/Jul/2009:23:18:06 -0700] "GET /gadgets/adpowers/AlexaRank/g.xml HTTP/1.1" 200 3164 "-" "Mozilla/5.0 (compatible) Feedfetcher-Google; (+http://www.google.com/feedfetcher.html)"
74.125.16.65 - - [20/Jul/2009:23:18:07 -0700] "GET /gadgets/adpowers/AlexaRank/ALL_ALL.xml HTTP/1.1" 200 1160 "-" "Mozilla/5.0 (compatible) Feedfetcher-Google; (+http://www.google.com/feedfetcher.html)"
64.233.172.17 - - [20/Jul/2009:23:18:13 -0700] "GET /gwidgets/alexa.xml HTTP/1.1" 200 2969 "-" "Mozilla/5.0 (compatible) Feedfetcher-Google; (+http://www.google.com/feedfetcher.html)"
122.160.162.2 - - [20/Jul/2009:23:18:38 -0700] "GET /rss.pl HTTP/1.0" 200 35867 "-" "Mozilla/4.0 (compatible; MSIE 7.0; Windows NT 6.0; Trident/4.0; SLCC1; .NET CLR 2.0.50727; .NET CLR 3.5.21022; InfoPath.2; .NET CLR 3.5.30729; .NET CLR 3.0.30618; OfficeLiveConnector.1.3; OfficeLivePatch.1.3; MSOffice 12)"
74.125.16.65 - - [20/Jul/2009:23:18:57 -0700] "GET /gadgets/adpowers/AlexaRank/g.xml HTTP/1.1" 200 3164 "-" "FeedFetcher-Google; (+http://www.google.com/feedfetcher.html)"
74.125.16.65 - - [20/Jul/2009:23:19:28 -0700] "GET /gwidgets/alexa.xml HTTP/1.1" 200 2969 "-" "Mozilla/5.0 (compatible) Feedfetcher-Google; (+http://www.google.com/feedfetcher.html)"
66.249.67.3 - - [20/Jul/2009:23:19:54 -0700] "GET /gallery/main.php?g2_controller=exif.SwitchDetailMode&g2_mode=detailed&g2_return=%2Fgallery%2Fmain.php%3Fg2_itemId%3D17974&g2_returnName=photo HTTP/1.1" 302 5 "-" "Mozilla/5.0 (compatible; Googlebot/2.1; +http://www.google.com/bot.html)"
66.249.67.3 - - [20/Jul/2009:23:19:57 -0700] "GET /gallery/main.php?g2_itemId=17974&g2_fromNavId=xee0b0dc3 HTTP/1.1" 200 8322 "-" "Mozilla/5.0 (compatible; Googlebot/2.1; +http://www.google.com/bot.html)"
72.14.192.65 - - [20/Jul/2009:23:20:04 -0700] "GET /gadgets/adpowers/AlexaRank/ALL_ALL.xml HTTP/1.1" 200 1160 "-" "Mozilla/5.0 (compatible) Feedfetcher-Google; (+http://www.google.com/feedfetcher.html)"
72.14.192.65 - - [20/Jul/2009:23:20:04 -0700] "GET /gadgets/adpowers/AlexaRank/g.xml HTTP/1.1" 200 3164 "-" "Mozilla/5.0 (compatible) Feedfetcher-Google; (+http://www.google.com/feedfetcher.html)"
66.249.67.3 - - [20/Jul/2009:23:20:37 -0700] "GET /gallery/main.php?g2_controller=exif.SwitchDetailMode&g2_mode=detailed&g2_return=%2Fgallery%2Fmain.php%3Fg2_itemId%3D31079%26g2_imageViewsIndex%3D1&g2_returnName=photo HTTP/1.1" 302 5 "-" "Mozilla/5.0 (compatible; Googlebot/2.1; +http://www.google.com/bot.html)"
66.249.67.3 - - [20/Jul/2009:23:20:40 -0700] "GET /gallery/main.php?g2_itemId=31079&g2_imageViewsIndex=1&g2_fromNavId=x693d2b39 HTTP/1.1" 200 8291 "-" "Mozilla/5.0 (compatible; Googlebot/2.1; +http://www.google.com/bot.html)"
122.160.162.2 - - [20/Jul/2009:23:20:48 -0700] "GET /rss.pl HTTP/1.0" 200 35867 "-" "Mozilla/4.0 (compatible; MSIE 7.0; Windows NT 6.0; Trident/4.0; SLCC1; .NET CLR 2.0.50727; .NET CLR 3.5.21022; InfoPath.2; .NET CLR 3.5.30729; .NET CLR 3.0.30618; OfficeLiveConnector.1.3; OfficeLivePatch.1.3; MSOffice 12)"
66.249.67.3 - - [20/Jul/2009:23:20:51 -0700] "GET /gallery/main.php?g2_view=core.DownloadItem&g2_itemId=13727&g2_serialNumber=1 HTTP/1.1" 200 147466 "-" "Googlebot-Image/1.0"
72.14.192.65 - - [20/Jul/2009:23:20:55 -0700] "GET /gadgets/adpowers/AlexaRank/ja_ALL.xml HTTP/1.1" 200 1264 "-" "Mozilla/5.0 (compatible) Feedfetcher-Google; (+http://www.google.com/feedfetcher.html)"
66.249.67.3 - - [20/Jul/2009:23:21:01 -0700] "GET /gallery/main.php?g2_controller=exif.SwitchDetailMode&g2_mode=detailed&g2_return=%2Fgallery%2Fmain.php%3Fg2_itemId%3D32263&g2_returnName=photo HTTP/1.1" 302 5 "-" "Mozilla/5.0 (compatible; Googlebot/2.1; +http://www.google.com/bot.html)"
66.249.67.3 - - [20/Jul/2009:23:21:06 -0700] "GET /gallery/main.php?g2_itemId=32263&g2_fromNavId=xcf464bd1 HTTP/1.1" 200 8387 "-" "Mozilla/5.0 (compatible; Googlebot/2.1; +http://www.google.com/bot.html)"
72.14.192.65 - - [20/Jul/2009:23:21:27 -0700] "GET /gwidgets/alexa.xml HTTP/1.1" 200 2969 "-" "Mozilla/5.0 (compatible) Feedfetcher-Google; (+http://www.google.com/feedfetcher.html)"
66.249.67.3 - - [20/Jul/2009:23:22:08 -0700] "GET /gallery/main.php?g2_view=core.UserAdmin&g2_subView=core.UserLogin&g2_return=%2Fgallery%2Fmain.php%3Fg2_itemId%3D22575&g2_returnName=photo HTTP/1.1" 200 4004 "-" "Mozilla/5.0 (compatible; Googlebot/2.1; +http://www.google.com/bot.html)"
72.14.193.68 - - [20/Jul/2009:23:22:18 -0700] "GET /gadgets/adpowers/AlexaRank/ALL_ALL.xml HTTP/1.1" 200 1160 "-" "FeedFetcher-Google; (+http://www.google.com/feedfetcher.html)"
72.14.193.68 - - [20/Jul/2009:23:22:19 -0700] "GET /gadgets/adpowers/AlexaRank/g.xml HTTP/1.1" 200 3164 "-" "FeedFetcher-Google; (+http://www.google.com/feedfetcher.html)"
72.14.193.68 - - [20/Jul/2009:23:22:19 -0700] "GET /gadgets/adpowers/AlexaRank/g.xml HTTP/1.1" 200 3164 "-" "Mozilla/5.0 (compatible) Feedfetcher-Google; (+http://www.google.com/feedfetcher.html)"
72.14.193.68 - - [20/Jul/2009:23:22:20 -0700] "GET /gadgets/adpowers/AlexaRank/ALL_ALL.xml HTTP/1.1" 200 1160 "-" "Mozilla/5.0 (compatible) Feedfetcher-Google; (+http://www.google.com/feedfetcher.html)"
114.200.199.144 - - [20/Jul/2009:23:22:40 -0700] "GET /index.pl?page=root%20%20////?_SERVER[DOCUMENT_ROOT]=http://www.solmae.co.kr///receipt/lib/_private/id1.txt? HTTP/1.1" 404 23 "-" "Mozilla/5.0"
114.200.199.144 - - [20/Jul/2009:23:22:40 -0700] "GET ////?_SERVER[DOCUMENT_ROOT]=http://www.solmae.co.kr///receipt/lib/_private/id1.txt? HTTP/1.1" 200 17935 "-" "Mozilla/5.0"
65.55.208.189 - - [20/Jul/2009:23:22:49 -0700] "GET /robots.txt HTTP/1.1" 200 590 "-" "msnbot/1.1 (+http://search.msn.com/msnbot.htm)"
65.55.208.189 - - [20/Jul/2009:23:22:49 -0700] "GET /?post=240 HTTP/1.1" 200 5548 "-" "msnbot/1.1 (+http://search.msn.com/msnbot.htm)"
122.160.162.2 - - [20/Jul/2009:23:22:50 -0700] "GET /rss.pl HTTP/1.0" 200 35867 "-" "Mozilla/4.0 (compatible; MSIE 7.0; Windows NT 6.0; Trident/4.0; SLCC1; .NET CLR 2.0.50727; .NET CLR 3.5.21022; InfoPath.2; .NET CLR 3.5.30729; .NET CLR 3.0.30618; OfficeLiveConnector.1.3; OfficeLivePatch.1.3; MSOffice 12)"
66.249.67.3 - - [20/Jul/2009:23:23:14 -0700] "GET /gallery/main.php?g2_view=core.UserAdmin&g2_subView=core.UserLogin&g2_return=%2Fgallery%2Fmain.php%3Fg2_itemId%3D15735&g2_returnName=photo HTTP/1.1" 200 4004 "-" "Mozilla/5.0 (compatible; Googlebot/2.1; +http://www.google.com/bot.html)"
74.125.75.17 - - [20/Jul/2009:23:23:32 -0700] "GET /gwidgets/alexa.xml HTTP/1.1" 200 2969 "-" "Mozilla/5.0 (compatible) Feedfetcher-Google; (+http://www.google.com/feedfetcher.html)"
209.85.238.36 - - [20/Jul/2009:23:24:07 -0700] "GET /rss.pl HTTP/1.1" 200 35942 "-" "Feedfetcher-Google; (+http://www.google.com/feedfetcher.html; 39 subscribers; feed-id=1729723878840499015)"
