72.14.194.1 - - [21/Jul/2009:06:22:39 -0700] "GET /gadgets/adpowers/AlexaRank/ALL_ALL.xml HTTP/1.1" 200 1160 "-" "Mozilla/5.0 (compatible) Feedfetcher-Google; (+http://www.google.com/feedfetcher.html)"
66.249.67.3 - - [21/Jul/2009:06:22:42 -0700] "GET /gallery/main.php?g2_view=core.UserAdmin&g2_subView=core.UserLogin&g2_return=%2Fgallery%2Fmain.php%3Fg2_view%3Dcomment.ShowAllComments%26g2_itemId%3D29246&g2_returnName=show+comments HTTP/1.1" 200 4121 "-" "Mozilla/5.0 (compatible; Googlebot/2.1; +http://www.google.com/bot.html)"
138.251.207.166 - - [21/Jul/2009:06:23:06 -0700] "GET /favicon.ico HTTP/1.1" 206 146 "-" "Mozilla/5.0 (Macintosh; U; Intel Mac OS X 10.5; en-GB; rv:1.9.1.1) Gecko/20090715 Firefox/3.5.1 GTB5"
74.125.16.65 - - [21/Jul/2009:06:23:23 -0700] "GET /gadgets/adpowers/AlexaRank/ALL_ALL.xml HTTP/1.1" 200 1160 "-" "FeedFetcher-Google; (+http://www.google.com/feedfetcher.html)"
74.125.16.65 - - [21/Jul/2009:06:23:33 -0700] "GET /gadgets/adpowers/AlexaRank/g.xml HTTP/1.1" 200 3164 "-" "Mozilla/5.0 (compatible) Feedfetcher-Google; (+http://www.google.com/feedfetcher.html)"
74.125.16.65 - - [21/Jul/2009:06:23:33 -0700] "GET /gadgets/adpowers/AlexaRank/ALL_ALL.xml HTTP/1.1" 200 1160 "-" "Mozilla/5.0 (compatible) Feedfetcher-Google; (+http://www.google.com/feedfetcher.html)"
65.55.106.211 - - [21/Jul/2009:06:23:47 -0700] "GET /gallery/main.php?g2_view=comment.ShowAllComments&g2_itemId=33650&g2_return=%2Fgallery%2Fmain.php%3Fg2_itemId%3D33650&g2_returnName=photo HTTP/1.1" 200 5069 "-" "msnbot/2.0b (+http://search.msn.com/msnbot.htm)"
66.249.67.3 - - [21/Jul/2009:06:23:48 -0700] "GET /gallery/main.php?g2_controller=exif.SwitchDetailMode&g2_mode=detailed&g2_return=%2Fgallery%2Fmain.php%3Fg2_itemId%3D28528&g2_returnName=photo HTTP/1.1" 302 5 "-" "Mozilla/5.0 (compatible; Googlebot/2.1; +http://www.google.com/bot.html)"
66.249.67.3 - - [21/Jul/2009:06:23:52 -0700] "GET /gallery/main.php?g2_itemId=28528&g2_fromNavId=x9e24fe63 HTTP/1.1" 200 8056 "-" "Mozilla/5.0 (compatible; Googlebot/2.1; +http://www.google.com/bot.html)"
65.55.106.186 - - [21/Jul/2009:06:23:58 -0700] "GET /gallery/main.php?g2_itemId=16789 HTTP/1.1" 200 8289 "-" "msnbot/2.0b (+http://search.msn.com/msnbot.htm)"
74.125.75.17 - - [21/Jul/2009:06:23:59 -0700] "GET /gwidgets/alexa.xml HTTP/1.1" 200 2969 "-" "Mozilla/5.0 (compatible) Feedfetcher-Google; (+http://www.google.com/feedfetcher.html)"
65.55.106.186 - - [21/Jul/2009:06:24:07 -0700] "GET /gallery/main.php?g2_view=search.SearchScan&g2_form%5BuseDefaultSettings%5D=1&g2_return=%2Fgallery%2Fmain.php%3Fg2_itemId%3D3250&g2_returnName=photo HTTP/1.1" 200 6360 "-" "msnbot/2.0b (+http://search.msn.com/msnbot.htm)"
72.30.142.87 - - [21/Jul/2009:06:24:40 -0700] "GET /gallery/main.php?g2_itemId=3370 HTTP/1.0" 200 8120 "-" "Mozilla/5.0 (compatible; Yahoo! Slurp/3.0; http://help.yahoo.com/help/us/ysearch/slurp)"
65.55.106.133 - - [21/Jul/2009:06:24:44 -0700] "GET /gallery/main.php?g2_itemId=3738 HTTP/1.1" 200 8334 "-" "msnbot/2.0b (+http://search.msn.com/msnbot.htm)"
66.249.67.3 - - [21/Jul/2009:06:24:56 -0700] "GET /gallery/main.php?g2_view=comment.ShowAllComments&g2_itemId=22460&g2_return=%2Fgallery%2Fmain.php%3Fg2_itemId%3D22460%26g2_page%3D7&g2_returnName=album HTTP/1.1" 200 13351 "-" "Mozilla/5.0 (compatible; Googlebot/2.1; +http://www.google.com/bot.html)"
68.193.125.219 - - [21/Jul/2009:06:25:06 -0700] "GET /images/toothin.jpg HTTP/1.1" 200 48414 "http://images.google.com/imgres?imgurl=http://example.org/images/toothin.jpg&imgrefurl=http://example.org/%3Fnews%3Dall&usg=__KOkVEA0KxJVHqDP2vTY1XLJKZNE=&h=340&w=640&sz=48&hl=en&start=4&tbnid=CFyUh41SsH2g9M:&tbnh=73&tbnw=137&prev=/images%3Fq%3Dapple%2Badvertising%26gbv%3D2%26hl%3Den%26sa%3DG" "Mozilla/5.0 (Macintosh; U; PPC Mac OS X 10_4_11; en) AppleWebKit/525.27.1 (KHTML, like Gecko) Version/3.2.1 Safari/525.27.1"
66.249.67.3 - - [21/Jul/2009:06:25:07 -0700] "GET /gallery/main.php?g2_itemId=14187 HTTP/1.1" 200 8153 "-" "Mozilla/5.0 (compatible; Googlebot/2.1; +http://www.google.com/bot.html)"
68.193.125.219 - - [21/Jul/2009:06:25:07 -0700] "GET /favicon.ico HTTP/1.1" 404 146 "http://example.org/images/toothin.jpg" "Mozilla/5.0 (Macintosh; U; PPC Mac OS X 10_4_11; en) AppleWebKit/525.27.1 (KHTML, like Gecko) Version/3.2.1 Safari/525.27.1"
74.125.16.65 - - [21/Jul/2009:06:25:15 -0700] "GET /gwidgets/alexa.xml HTTP/1.1" 200 2969 "-" "Mozilla/5.0 (compatible) Feedfetcher-Google; (+http://www.google.com/feedfetcher.html)"
74.125.74.193 - - [21/Jul/2009:06:25:54 -0700] "GET /gwidgets/alexa.xml HTTP/1.1" 200 2969 "-" "Mozilla/5.0 (compatible) Feedfetcher-Google; (+http://www.google.com/feedfetcher.html)"
74.125.74.193 - - [21/Jul/2009:06:25:55 -0700] "GET /gwidgets/alexa.xml HTTP/1.1" 200 2969 "-" "Mozilla/5.0 (compatible) Feedfetcher-Google; (+http://www.google.com/feedfetcher.html)"
66.249.67.3 - - [21/Jul/2009:06:26:03 -0700] "GET /gallery/main.php?g2_itemId=22929 HTTP/1.1" 200 7206 "-" "Mozilla/5.0 (compatible; Googlebot/2.1; +http://www.google.com/bot.html)"
64.233.172.17 - - [21/Jul/2009:06:26:07 -0700] "GET /gwidgets/alexa.xml HTTP/1.1" 200 2969 "-" "Mozilla/5.0 (compatible) Feedfetcher-Google; (+http://www.google.com/feedfetcher.html)"
64.81.161.15 - - [21/Jul/2009:06:26:25 -0700] "GET /rss.pl HTTP/1.1" 200 35942 "-" "NetNewsWire/3.1.7 (Mac OS X; http://www.newsgator.com/Individuals/NetNewsWire/)"
72.14.193.68 - - [21/Jul/2009:06:26:25 -0700] "GET /gadgets/adpowers/AlexaRank/g.xml HTTP/1.1" 200 3164 "-" "Mozilla/5.0 (compatible) Feedfetcher-Google; (+http://www.google.com/feedfetcher.html)"
64.81.161.15 - - [21/Jul/2009:06:26:25 -0700] "GET /rss.pl HTTP/1.1" 200 35942 "-" "NetNewsWire/3.1.7 (Mac OS X; http://www.newsgator.com/Individuals/NetNewsWire/)"
72.14.193.68 - - [21/Jul/2009:06:26:26 -0700] "GET /gadgets/adpowers/AlexaRank/ALL_ALL.xml HTTP/1.1" 200 1160 "-" "Mozilla/5.0 (compatible) Feedfetcher-Google; (+http://www.google.com/feedfetcher.html)"
72.14.192.65 - - [21/Jul/2009:06:26:35 -0700] "GET /gwidgets/alexa.xml HTTP/1.1" 200 2969 "-" "Mozilla/5.0 (compatible) Feedfetcher-Google; (+http://www.google.com/feedfetcher.html)"
203.104.98.218 - - [21/Jul/2009:06:26:37 -0700] "GET /rss.pl HTTP/1.1" 200 35942 "-" "livedoor FeedFetcher/0.01 (http://reader.livedoor.com/; 1 subscriber)"
72.14.193.68 - - [21/Jul/2009:06:26:47 -0700] "GET /gadgets/adpowers/AlexaRank/g.xml HTTP/1.1" 200 3164 "-" "FeedFetcher-Google; (+http://www.google.com/feedfetcher.html)"
66.249.67.3 - - [21/Jul/2009:06:27:09 -0700] "GET /gallery/main.php?g2_itemId=22947 HTTP/1.1" 200 7206 "-" "Mozilla/5.0 (compatible; Googlebot/2.1; +http://www.google.com/bot.html)"
64.233.173.2 - - [21/Jul/2009:06:27:26 -0700] "GET /gwidgets/alexa.xml HTTP/1.1" 200 2969 "-" "Mozilla/5.0 (compatible) Feedfetcher-Google; (+http://www.google.com/feedfetcher.html)"
68.193.125.219 - - [21/Jul/2009:06:27:51 -0700] "GET /?news=all HTTP/1.1" 200 12778 "http://images.google.com/imgres?imgurl=http://example.org/images/toothin.jpg&imgrefurl=http://example.org/%3Fnews%3Dall&usg=__KOkVEA0KxJVHqDP2vTY1XLJKZNE=&h=340&w=640&sz=48&hl=en&start=4&tbnid=CFyUh41SsH2g9M:&tbnh=73&tbnw=137&prev=/images%3Fq%3Dapple%2Badvertising%26gbv%3D2%26hl%3Den%26sa%3DG" "Mozilla/5.0 (Macintosh; U; PPC Mac OS X 10_4_11; en) AppleWebKit/525.27.1 (KHTML, like Gecko) Version/3.2.1 Safari/525.27.1"
66.249.67.3 - - [21/Jul/2009:06:28:00 -0700] "GET /musicmobs/albumcloud.pl?Tarilana&service=lastfm HTTP/1.1" 302 350 "-" "Mozilla/5.0 (compatible; Googlebot/2.1; +http://www.google.com/bot.html)"
64.233.172.17 - - [21/Jul/2009:06:28:03 -0700] "GET /gadgets/adpowers/AlexaRank/g.xml HTTP/1.1" 200 3164 "-" "FeedFetcher-Google; (+http://www.google.com/feedfetcher.html)"
74.125.75.17 - - [21/Jul/2009:06:28:05 -0700] "GET /gadgets/adpowers/AlexaRank/g.xml HTTP/1.1" 200 3164 "-" "Mozilla/5.0 (compatible) Feedfetcher-Google; (+http://www.google.com/feedfetcher.html)"
64.233.173.2 - - [21/Jul/2009:06:28:06 -0700] "GET /gadgets/adpowers/AlexaRank/ALL_ALL.xml HTTP/1.1" 200 1160 "-" "Mozilla/5.0 (compatible) Feedfetcher-Google; (+http://www.google.com/feedfetcher.html)"
74.125.75.17 - - [21/Jul/2009:06:28:07 -0700] "GET /gadgets/adpowers/AlexaRank/ALL_ALL.xml HTTP/1.1" 200 1160 "-" "Mozilla/5.0 (compatible) Feedfetcher-Google; (+http://www.google.com/feedfetcher.html)"
66.249.67.3 - - [21/Jul/2009:06:28:15 -0700] "GET /gallery/main.php?g2_view=core.UserAdmin&g2_subView=core.UserLogin&g2_return=%2Fgallery%2Fmain.php%3Fg2_itemId%3D22460%26g2_page%3D7&g2_returnName=album HTTP/1.1" 200 4046 "-" "Mozilla/5.0 (compatible; Googlebot/2.1; +http://www.google.com/bot.html)"
65.55.106.204 - - [21/Jul/2009:06:28:43 -0700] "GET /gallery/main.php?g2_itemId=27214&g2_highlightId=27241 HTTP/1.1" 302 5 "-" "msnbot/2.0b (+http://search.msn.com/msnbot.htm)"
72.14.192.65 - - [21/Jul/2009:06:28:44 -0700] "GET /rss.pl HTTP/1.1" 200 35942 "-" "FeedFetcher-Google-CoOp; (+http://www.google.com/coop/docs/subscribedlinks/developer_guide.html#Publishing)"
68.193.125.219 - - [21/Jul/2009:06:28:51 -0700] "GET /?news=all HTTP/1.1" 200 15674 "http://images.google.com/imgres?imgurl=http://example.org/images/toothin.jpg&imgrefurl=http://example.org/%3Fnews%3Dall&usg=__KOkVEA0KxJVHqDP2vTY1XLJKZNE=&h=340&w=640&sz=48&hl=en&start=4&tbnid=CFyUh41SsH2g9M:&tbnh=73&tbnw=137&prev=/images%3Fq%3Dapple%2Badvertising%26gbv%3D2%26hl%3Den%26sa%3DG" "Mozilla/5.0 (Macintosh; U; PPC Mac OS X 10_4_11; en) AppleWebKit/525.27.1 (KHTML, like Gecko) Version/3.2.1 Safari/525.27.1"
65.55.106.204 - - [21/Jul/2009:06:28:52 -0700] "GET /gallery/main.php?g2_itemId=27214 HTTP/1.1" 200 12106 "-" "msnbot/2.0b (+http://search.msn.com/msnbot.htm)"
72.14.192.65 - - [21/Jul/2009:06:28:56 -0700] "GET /gadgets/adpowers/AlexaRank/g.xml HTTP/1.1" 200 3164 "-" "Mozilla/5.0 (compatible) Feedfetcher-Google; (+http://www.google.com/feedfetcher.html)"
72.14.192.65 - - [21/Jul/2009:06:28:56 -0700] "GET /gadgets/adpowers/AlexaRank/ALL_ALL.xml HTTP/1.1" 200 1160 "-" "Mozilla/5.0 (compatible) Feedfetcher-Google; (+http://www.google.com/feedfetcher.html)"
66.249.67.3 - - [21/Jul/2009:06:28:57 -0700] "GET /gallery/main.php?g2_view=core.DownloadItem&g2_itemId=33292&g2_serialNumber=2 HTTP/1.1" 304 0 "-" "Googlebot-Image/1.0"
66.249.67.3 - - [21/Jul/2009:06:29:22 -0700] "GET /gallery/main.php?g2_view=comment.ShowAllComments&g2_itemId=22515&g2_fromNavId=xeb1f2be6 HTTP/1.1" 200 5226 "-" "Mozilla/5.0 (compatible; Googlebot/2.1; +http://www.google.com/bot.html)"
65.55.106.218 - - [21/Jul/2009:06:29:24 -0700] "GET /gallery/main.php?g2_view=core.UserAdmin&g2_subView=core.UserLogin&g2_return=%2Fgallery%2Fmain.php%3Fg2_itemId%3D14740&g2_returnName=photo HTTP/1.1" 200 4004 "-" "msnbot/2.0b (+http://search.msn.com/msnbot.htm)"
72.30.142.87 - - [21/Jul/2009:06:29:25 -0700] "GET /mailman/listinfo/mm-discuss HTTP/1.0" 200 6407 "-" "Mozilla/5.0 (compatible; Yahoo! Slurp/3.0; http://help.yahoo.com/help/us/ysearch/slurp)"
72.14.193.68 - - [21/Jul/2009:06:29:56 -0700] "GET /gwidgets/alexa.xml HTTP/1.1" 200 2969 "-" "FeedFetcher-Google; (+http://www.google.com/feedfetcher.html)"
65.55.106.238 - - [21/Jul/2009:06:30:08 -0700] "GET /gallery/main.php?g2_itemId=27226 HTTP/1.1" 200 8115 "-" "msnbot/2.0b (+http://search.msn.com/msnbot.htm)"
65.55.106.229 - - [21/Jul/2009:06:30:20 -0700] "GET /gallery/main.php?g2_view=comment.ShowAllComments&g2_itemId=4008&g2_return=%2Fgallery%2Fmain.php%3Fg2_itemId%3D4008&g2_returnName=photo HTTP/1.1" 200 4960 "-" "msnbot/2.0b (+http://search.msn.com/msnbot.htm)"
66.249.67.3 - - [21/Jul/2009:06:30:29 -0700] "GET /gallery/main.php?g2_itemId=25435 HTTP/1.1" 200 7992 "-" "Mozilla/5.0 (compatible; Googlebot/2.1; +http://www.google.com/bot.html)"
65.55.106.229 - - [21/Jul/2009:06:30:35 -0700] "GET /gallery/main.php?g2_itemId=3723 HTTP/1.1" 200 8414 "-" "msnbot/2.0b (+http://search.msn.com/msnbot.htm)"
72.14.192.65 - - [21/Jul/2009:06:31:01 -0700] "GET /gadgets/adpowers/AlexaRank/g.xml HTTP/1.1" 200 3164 "-" "FeedFetcher-Google; (+http://www.google.com/feedfetcher.html)"
72.30.142.87 - - [21/Jul/2009:06:31:11 -0700] "GET /gallery/main.php?g2_itemId=27555 HTTP/1.0" 200 7508 "-" "Mozilla/5.0 (compatible; Yahoo! Slurp/3.0; http://help.yahoo.com/help/us/ysearch/slurp)"
66.249.67.3 - - [21/Jul/2009:06:31:35 -0700] "GET /gallery/main.php?g2_view=search.SearchScan&g2_form%5BuseDefaultSettings%5D=1&g2_return=%2Fgallery%2Fmain.php%3Fg2_itemId%3D24831%26g2_page%3D13&g2_returnName=album HTTP/1.1" 200 6360 "-" "Mozilla/5.0 (compatible; Googlebot/2.1; +http://www.google.com/bot.html)"
72.14.192.65 - - [21/Jul/2009:06:31:57 -0700] "GET /gadgets/flarn2006/Link/g.xml HTTP/1.1" 200 719 "-" "Mozilla/5.0 (compatible) Feedfetcher-Google; (+http://www.google.com/feedfetcher.html)"
74.125.16.65 - - [21/Jul/2009:06:31:58 -0700] "GET /gadgets/adpowers/AlexaRank/g.xml HTTP/1.1" 200 3164 "-" "Mozilla/5.0 (compatible) Feedfetcher-Google; (+http://www.google.com/feedfetcher.html)"
74.125.16.65 - - [21/Jul/2009:06:31:58 -0700] "GET /gadgets/adpowers/AlexaRank/ALL_ALL.xml HTTP/1.1" 200 1160 "-" "Mozilla/5.0 (compatible) Feedfetcher-Google; (+http://www.google.com/feedfetcher.html)"
74.125.16.65 - - [21/Jul/2009:06:31:59 -0700] "GET /gadgets/adpowers/AlexaRank/ALL_ALL.xml HTTP/1.1" 200 1160 "-" "Mozilla/5.0 (compatible) Feedfetcher-Google; (+http://www.google.com/feedfetcher.html)"
74.125.16.65 - - [21/Jul/2009:06:32:00 -0700] "GET /gadgets/adpowers/AlexaRank/ALL_ALL.xml HTTP/1.1" 200 1160 "-" "Mozilla/5.0 (compatible) Feedfetcher-Google; (+http://www.google.com/feedfetcher.html)"
74.125.16.65 - - [21/Jul/2009:06:32:00 -0700] "GET /gadgets/adpowers/AlexaRank/ALL_ALL.xml HTTP/1.1" 200 1160 "-" "Mozilla/5.0 (compatible) Feedfetcher-Google; (+http://www.google.com/feedfetcher.html)"
74.125.16.65 - - [21/Jul/2009:06:32:01 -0700] "GET /gwidgets/alexa.xml HTTP/1.1" 200 2969 "-" "Mozilla/5.0 (compatible) Feedfetcher-Google; (+http://www.google.com/feedfetcher.html)"
64.233.172.17 - - [21/Jul/2009:06:32:12 -0700] "GET /gwidgets/alexa.xml HTTP/1.1" 200 2969 "-" "Mozilla/5.0 (compatible) Feedfetcher-Google; (+http://www.google.com/feedfetcher.html)"
64.233.172.17 - - [21/Jul/2009:06:32:13 -0700] "GET /gadgets/adpowers/AlexaRank/g.xml HTTP/1.1" 200 3164 "-" "Mozilla/5.0 (compatible) Feedfetcher-Google; (+http://www.google.com/feedfetcher.html)"
64.233.172.17 - - [21/Jul/2009:06:32:13 -0700] "GET /gadgets/adpowers/AlexaRank/ALL_ALL.xml HTTP/1.1" 200 1160 "-" "Mozilla/5.0 (compatible) Feedfetcher-Google; (+http://www.google.com/feedfetcher.html)"
72.14.192.65 - - [21/Jul/2009:06:32:29 -0700] "GET /gwidgets/alexa.xml HTTP/1.1" 200 2969 "-" "Mozilla/5.0 (compatible) Feedfetcher-Google; (+http://www.google.com/feedfetcher.html)"
74.125.74.193 - - [21/Jul/2009:06:32:37 -0700] "GET /gwidgets/alexa.xml HTTP/1.1" 200 2969 "-" "Mozilla/5.0 (compatible) Feedfetcher-Google; (+http://www.google.com/feedfetcher.html)"
66.249.67.3 - - [21/Jul/2009:06:32:42 -0700] "GET /gallery/main.php?g2_itemId=25756 HTTP/1.1" 200 7985 "-" "Mozilla/5.0 (compatible; Googlebot/2.1; +http://www.google.com/bot.html)"
66.249.67.87 - - [21/Jul/2009:06:32:47 -0700] "GET /gallery/main.php?g2_itemId=3228&g2_highlightId=3247 HTTP/1.1" 302 5 "-" "Mozilla/5.0 (compatible; Googlebot/2.1; +http://www.google.com/bot.html)"
66.249.67.87 - - [21/Jul/2009:06:32:52 -0700] "GET /gallery/main.php?g2_itemId=3228 HTTP/1.1" 200 20889 "-" "Mozilla/5.0 (compatible; Googlebot/2.1; +http://www.google.com/bot.html)"
72.30.142.87 - - [21/Jul/2009:06:33:29 -0700] "GET /gallery/main.php?g2_itemId=18227 HTTP/1.0" 200 8268 "-" "Mozilla/5.0 (compatible; Yahoo! Slurp/3.0; http://help.yahoo.com/help/us/ysearch/slurp)"
66.249.67.3 - - [21/Jul/2009:06:33:50 -0700] "GET /gallery/main.php?g2_itemId=25432 HTTP/1.1" 200 7992 "-" "Mozilla/5.0 (compatible; Googlebot/2.1; +http://www.google.com/bot.html)"
64.233.173.2 - - [21/Jul/2009:06:33:50 -0700] "GET /gadgets/adpowers/AlexaRank/g.xml HTTP/1.1" 200 3164 "-" "Mozilla/5.0 (compatible) Feedfetcher-Google; (+http://www.google.com/feedfetcher.html)"
64.233.173.2 - - [21/Jul/2009:06:33:51 -0700] "GET /gadgets/adpowers/AlexaRank/ALL_ALL.xml HTTP/1.1" 200 1160 "-" "Mozilla/5.0 (compatible) Feedfetcher-Google; (+http://www.google.com/feedfetcher.html)"
64.233.172.17 - - [21/Jul/2009:06:34:14 -0700] "GET /gwidgets/alexa.xml HTTP/1.1" 200 2969 "-" "Mozilla/5.0 (compatible) Feedfetcher-Google; (+http://www.google.com/feedfetcher.html)"
64.233.172.17 - - [21/Jul/2009:06:34:50 -0700] "GET /gwidgets/alexa.xml HTTP/1.1" 200 2969 "-" "FeedFetcher-Google; (+http://www.google.com/feedfetcher.html)"
72.14.192.65 - - [21/Jul/2009:06:34:52 -0700] "GET /rss.pl HTTP/1.1" 200 35942 "-" "FeedFetcher-Google-CoOp; (+http://www.google.com/coop/docs/subscribedlinks/developer_guide.html#Publishing)"
74.125.75.17 - - [21/Jul/2009:06:34:52 -0700] "GET /gwidgets/alexa.xml HTTP/1.1" 200 2969 "-" "FeedFetcher-Google; (+http://www.google.com/feedfetcher.html)"
65.55.106.207 - - [21/Jul/2009:06:34:52 -0700] "GET /index.pl?page=like HTTP/1.1" 404 23 "-" "msnbot/2.0b (+http://search.msn.com/msnbot.htm)"
64.233.172.17 - - [21/Jul/2009:06:34:55 -0700] "GET /gwidgets/alexa.xml HTTP/1.1" 200 2969 "-" "Mozilla/5.0 (compatible) Feedfetcher-Google; (+http://www.google.com/feedfetcher.html)"
66.249.67.3 - - [21/Jul/2009:06:34:56 -0700] "GET /gallery/main.php?g2_itemId=25438 HTTP/1.1" 200 7992 "-" "Mozilla/5.0 (compatible; Googlebot/2.1; +http://www.google.com/bot.html)"
65.55.231.112 - - [21/Jul/2009:06:35:06 -0700] "GET /robots.txt HTTP/1.1" 200 590 "-" "Mozilla/4.0"
65.55.231.112 - - [21/Jul/2009:06:35:06 -0700] "GET /gallery/main.php?g2_view=core.DownloadItem&g2_itemId=27903&g2_serialNumber=2 HTTP/1.1" 200 5147 "-" "Mozilla/4.0"
65.55.231.112 - - [21/Jul/2009:06:35:10 -0700] "GET /gallery/main.php?g2_itemId=27877 HTTP/1.1" 200 19384 "-" "Mozilla/4.0"
174.36.241.148 - - [21/Jul/2009:06:35:59 -0700] "GET / HTTP/1.1" 200 17933 "-" "Mozilla/5.0 (X11; U; Linux i686; en-US; rv:1.2.1; aggregator:Spinn3r (Spinn3r 3.1); http://spinn3r.com/robot) Gecko/20021130"
66.249.67.3 - - [21/Jul/2009:06:36:02 -0700] "GET /gallery/main.php?g2_itemId=25471 HTTP/1.1" 200 7991 "-" "Mozilla/5.0 (compatible; Googlebot/2.1; +http://www.google.com/bot.html)"
74.125.74.193 - - [21/Jul/2009:06:36:17 -0700] "GET /gadgets/adpowers/AlexaRank/g.xml HTTP/1.1" 200 3164 "-" "Mozilla/5.0 (compatible) Feedfetcher-Google; (+http://www.google.com/feedfetcher.html)"
74.125.74.193 - - [21/Jul/2009:06:36:18 -0700] "GET /gadgets/adpowers/AlexaRank/ALL_ALL.xml HTTP/1.1" 200 1160 "-" "Mozilla/5.0 (compatible) Feedfetcher-Google; (+http://www.google.com/feedfetcher.html)"
74.125.74.193 - - [21/Jul/2009:06:36:19 -0700] "GET /gadgets/adpowers/AlexaRank/ja_ALL.xml HTTP/1.1" 200 1264 "-" "Mozilla/5.0 (compatible) Feedfetcher-Google; (+http://www.google.com/feedfetcher.html)"
91.121.5.55 - - [21/Jul/2009:06:36:19 -0700] "GET /libsecure.php?abs_path=http://www.gembrookfruits.com/lib/clempathyes/module_support/fx29id.do?? HTTP/1.1" 404 146 "-" "Mozilla/5.0"
91.121.5.55 - - [21/Jul/2009:06:36:19 -0700] "GET /index.pl?news=all/libsecure.php?abs_path=http://www.gembrookfruits.com/lib/clcompetencees/module_support/fx29id.do?? HTTP/1.1" 200 17935 "-" "Mozilla/5.0"
72.14.194.1 - - [21/Jul/2009:06:36:37 -0700] "GET /gwidgets/alexa.xml HTTP/1.1" 200 2969 "-" "Mozilla/5.0 (compatible) Feedfetcher-Google; (+http://www.google.com/feedfetcher.html)"
66.249.67.3 - - [21/Jul/2009:06:37:09 -0700] "GET /gallery/main.php?g2_itemId=25483 HTTP/1.1" 200 7989 "-" "Mozilla/5.0 (compatible; Googlebot/2.1; +http://www.google.com/bot.html)"
65.55.106.244 - - [21/Jul/2009:06:37:20 -0700] "GET /gallery/main.php?g2_view=core.UserAdmin&g2_subView=core.UserLogin&g2_return=%2Fgallery%2Fmain.php%3Fg2_itemId%3D33740&g2_returnName=photo HTTP/1.1" 200 4004 "-" "msnbot/2.0b (+http://search.msn.com/msnbot.htm)"
66.249.67.3 - - [21/Jul/2009:06:37:23 -0700] "GET /gallery/main.php?g2_view=core.DownloadItem&g2_itemId=14844&g2_serialNumber=2 HTTP/1.1" 200 63674 "-" "Googlebot-Image/1.0"
65.55.106.244 - - [21/Jul/2009:06:37:25 -0700] "GET /gallery/main.php?g2_controller=exif.SwitchDetailMode&g2_mode=detailed&g2_return=%2Fgallery%2Fmain.php%3Fg2_itemId%3D24895&g2_returnName=photo HTTP/1.1" 302 5 "-" "msnbot/2.0b (+http://search.msn.com/msnbot.htm)"
65.55.106.244 - - [21/Jul/2009:06:37:34 -0700] "GET /gallery/main.php?g2_itemId=24895&g2_fromNavId=xc331d4b7 HTTP/1.1" 200 7986 "-" "msnbot/2.0b (+http://search.msn.com/msnbot.htm)"
66.249.67.3 - - [21/Jul/2009:06:37:36 -0700] "GET /musicmobs/albumcloud.pl?Xefeon&service=lastfm HTTP/1.1" 302 348 "-" "Mozilla/5.0 (compatible; Googlebot/2.1; +http://www.google.com/bot.html)"
74.125.16.65 - - [21/Jul/2009:06:37:41 -0700] "GET /gwidgets/alexa.xml HTTP/1.1" 200 2969 "-" "Mozilla/5.0 (compatible) Feedfetcher-Google; (+http://www.google.com/feedfetcher.html)"
74.125.16.65 - - [21/Jul/2009:06:37:41 -0700] "GET /gadgets/adpowers/AlexaRank/g.xml HTTP/1.1" 200 3164 "-" "FeedFetcher-Google; (+http://www.google.com/feedfetcher.html)"
74.125.16.65 - - [21/Jul/2009:06:37:42 -0700] "GET /gadgets/adpowers/AlexaRank/g.xml HTTP/1.1" 200 3164 "-" "Mozilla/5.0 (compatible) Feedfetcher-Google; (+http://www.google.com/feedfetcher.html)"
74.125.16.65 - - [21/Jul/2009:06:37:43 -0700] "GET /gadgets/adpowers/AlexaRank/ALL_ALL.xml HTTP/1.1" 200 1160 "-" "Mozilla/5.0 (compatible) Feedfetcher-Google; (+http://www.google.com/feedfetcher.html)"
65.55.106.190 - - [21/Jul/2009:06:37:50 -0700] "GET /gallery/main.php?g2_itemId=27151 HTTP/1.1" 200 8437 "-" "msnbot/2.0b (+http://search.msn.com/msnbot.htm)"
65.55.106.229 - - [21/Jul/2009:06:38:01 -0700] "GET /gallery/main.php?g2_itemId=19514 HTTP/1.1" 200 8305 "-" "msnbot/2.0b (+http://search.msn.com/msnbot.htm)"
66.249.67.3 - - [21/Jul/2009:06:38:13 -0700] "GET /gallery/main.php?g2_view=core.DownloadItem&g2_itemId=14192&g2_serialNumber=1 HTTP/1.1" 200 120613 "-" "Googlebot-Image/1.0"
66.249.67.3 - - [21/Jul/2009:06:38:16 -0700] "GET /gallery/main.php?g2_itemId=30073&g2_highlightId=30170 HTTP/1.1" 302 5 "-" "Mozilla/5.0 (compatible; Googlebot/2.1; +http://www.google.com/bot.html)"
91.121.14.50 - - [21/Jul/2009:06:38:19 -0700] "GET /libsecure.php?abs_path=http://www.gembrookfruits.com/lib/clwonderfules/module_support/fx29id.do?? HTTP/1.1" 404 146 "-" "Mozilla/5.0"
91.121.14.50 - - [21/Jul/2009:06:38:20 -0700] "GET /index.pl?news=all/libsecure.php?abs_path=http://www.gembrookfruits.com/lib/cldivinees/module_support/fx29id.do?? HTTP/1.1" 200 17933 "-" "Mozilla/5.0"
66.249.67.3 - - [21/Jul/2009:06:38:23 -0700] "GET /gallery/main.php?g2_itemId=30073&g2_page=2 HTTP/1.1" 200 19123 "-" "Mozilla/5.0 (compatible; Googlebot/2.1; +http://www.google.com/bot.html)"
72.14.192.65 - - [21/Jul/2009:06:38:25 -0700] "GET /gadgets/adpowers/AlexaRank/g.xml HTTP/1.1" 200 3164 "-" "Mozilla/5.0 (compatible) Feedfetcher-Google; (+http://www.google.com/feedfetcher.html)"
72.14.192.65 - - [21/Jul/2009:06:38:26 -0700] "GET /gadgets/adpowers/AlexaRank/ALL_ALL.xml HTTP/1.1" 200 1160 "-" "Mozilla/5.0 (compatible) Feedfetcher-Google; (+http://www.google.com/feedfetcher.html)"
121.1.53.32 - - [21/Jul/2009:06:38:48 -0700] "GET /gnucache/index.php?ip=121.1.53.32%3A9111&url=http%3A%2F%2Fgcache.c0re.net%2F&net=gnutella2&client=GNUC&version=1.1.1.6&update=1 HTTP/1.1" 404 146 "-" "Mozilla/4.0"
66.249.67.3 - - [21/Jul/2009:06:39:22 -0700] "GET /gallery/main.php?g2_itemId=25453 HTTP/1.1" 200 7991 "-" "Mozilla/5.0 (compatible; Googlebot/2.1; +http://www.google.com/bot.html)"
66.228.164.208 - - [21/Jul/2009:06:39:24 -0700] "GET /?post=320 HTTP/1.1" 200 8056 "-" "Mozilla/5.0 (Macintosh; U; PPC Mac OS X Mach-O; en-US; rv:1.8.1.5) Gecko/20070713 Firefox/2.0.0.5"
64.233.172.17 - - [21/Jul/2009:06:40:08 -0700] "GET /gwidgets/alexa.xml HTTP/1.1" 200 2969 "-" "Mozilla/5.0 (compatible) Feedfetcher-Google; (+http://www.google.com/feedfetcher.html)"
66.249.67.3 - - [21/Jul/2009:06:40:28 -0700] "GET /gallery/main.php?g2_view=search.SearchScan&g2_form%5BuseDefaultSettings%5D=1&g2_return=%2Fgallery%2Fmain.php%3Fg2_itemId%3D30365&g2_returnName=photo HTTP/1.1" 200 6360 "-" "Mozilla/5.0 (compatible; Googlebot/2.1; +http://www.google.com/bot.html)"
65.55.106.107 - - [21/Jul/2009:06:40:44 -0700] "GET /gallery/main.php?g2_itemId=17908&g2_imageViewsIndex=1 HTTP/1.1" 200 8406 "-" "msnbot/2.0b (+http://search.msn.com/msnbot.htm)"
174.36.241.157 - - [21/Jul/2009:06:40:53 -0700] "GET /rss.pl HTTP/1.1" 200 35942 "-" "Mozilla/5.0 (X11; U; Linux i686; en-US; rv:1.2.1; aggregator:Spinn3r (Spinn3r 3.1); http://spinn3r.com/robot) Gecko/20021130"
72.14.193.68 - - [21/Jul/2009:06:41:04 -0700] "GET /gadgets/adpowers/AlexaRank/ALL_ALL.xml HTTP/1.1" 200 1160 "-" "FeedFetcher-Google; (+http://www.google.com/feedfetcher.html)"
66.249.67.87 - - [21/Jul/2009:06:41:35 -0700] "GET /gallery/main.php?g2_view=comment.ShowAllComments&g2_itemId=17878&g2_return=%2Fgallery%2Fmain.php%3Fg2_itemId%3D17878%26g2_page%3D5&g2_returnName=album HTTP/1.1" 200 5671 "-" "Mozilla/5.0 (compatible; Googlebot/2.1; +http://www.google.com/bot.html)"
65.55.208.188 - - [21/Jul/2009:06:41:44 -0700] "GET /gallery/main.php?g2_itemId=32633 HTTP/1.1" 200 7006 "-" "msnbot/1.1 (+http://search.msn.com/msnbot.htm)"
72.30.142.87 - - [21/Jul/2009:06:41:52 -0700] "GET /?post=3 HTTP/1.0" 200 4682 "-" "Mozilla/5.0 (compatible; Yahoo! Slurp/3.0; http://help.yahoo.com/help/us/ysearch/slurp)"
65.55.106.179 - - [21/Jul/2009:06:42:13 -0700] "GET /gallery/main.php?g2_view=keyalbum.KeywordAlbum&g2_keyword=robert+delicious&g2_highlightId=2954 HTTP/1.1" 302 5 "-" "msnbot/2.0b (+http://search.msn.com/msnbot.htm)"
66.155.166.26 - - [21/Jul/2009:06:42:15 -0700] "GET /images/iPod-ad-jpop.png HTTP/1.1" 200 16809 "http://www.nickscrusade.org/category/religion/torah-religion/" "Mozilla/5.0 (Windows; U; Windows NT 5.1; en-US; rv:1.9.0.11) Gecko/2009060215 Firefox/3.0.11"
66.249.67.3 - - [21/Jul/2009:06:42:24 -0700] "GET /musicmobs/albumcloud.pl?Chendou&service=lastfm HTTP/1.1" 302 349 "-" "Mozilla/5.0 (compatible; Googlebot/2.1; +http://www.google.com/bot.html)"
74.125.75.17 - - [21/Jul/2009:06:42:36 -0700] "GET /gadgets/adpowers/AlexaRank/g.xml HTTP/1.1" 200 3164 "-" "Mozilla/5.0 (compatible) Feedfetcher-Google; (+http://www.google.com/feedfetcher.html)"
74.125.75.17 - - [21/Jul/2009:06:42:37 -0700] "GET /gadgets/adpowers/AlexaRank/ALL_ALL.xml HTTP/1.1" 200 1160 "-" "Mozilla/5.0 (compatible) Feedfetcher-Google; (+http://www.google.com/feedfetcher.html)"
173.12.69.206 - - [21/Jul/2009:06:42:37 -0700] "GET /images/pigtrihawk.jpg HTTP/1.0" 200 29236 "http://www.swivel.com/data_sets/show/1001569" "Mozilla/4.0 (compatible; MSIE 6.0; Windows NT 5.0; .NET CLR 1.1.4322; InfoPath.1; .NET CLR 2.0.50727)"
65.55.208.190 - - [21/Jul/2009:06:42:39 -0700] "GET /gallery/main.php?g2_view=search.SearchScan&g2_form%5BuseDefaultSettings%5D=1&g2_return=%2Fgallery%2Fmain.php%3Fg2_itemId%3D26687&g2_returnName=photo HTTP/1.1" 200 6360 "-" "msnbot/1.1 (+http://search.msn.com/msnbot.htm)"
66.249.67.3 - - [21/Jul/2009:06:42:41 -0700] "GET /gallery/main.php?g2_itemId=30073&g2_highlightId=30365 HTTP/1.1" 302 5 "-" "Mozilla/5.0 (compatible; Googlebot/2.1; +http://www.google.com/bot.html)"
74.125.75.17 - - [21/Jul/2009:06:42:43 -0700] "GET /gwidgets/alexa.xml HTTP/1.1" 200 2969 "-" "Mozilla/5.0 (compatible) Feedfetcher-Google; (+http://www.google.com/feedfetcher.html)"
66.249.67.3 - - [21/Jul/2009:06:42:46 -0700] "GET /gallery/main.php?g2_itemId=30073&g2_page=4 HTTP/1.1" 200 19151 "-" "Mozilla/5.0 (compatible; Googlebot/2.1; +http://www.google.com/bot.html)"
74.125.16.65 - - [21/Jul/2009:06:42:56 -0700] "GET /gwidgets/alexa.xml HTTP/1.1" 200 2969 "-" "Mozilla/5.0 (compatible) Feedfetcher-Google; (+http://www.google.com/feedfetcher.html)"
72.14.193.68 - - [21/Jul/2009:06:43:33 -0700] "GET /gadgets/adpowers/AlexaRank/de_ALL.xml HTTP/1.1" 200 1004 "-" "FeedFetcher-Google; (+http://www.google.com/feedfetcher.html)"
74.125.16.65 - - [21/Jul/2009:06:43:34 -0700] "GET /gadgets/adpowers/AlexaRank/g.xml HTTP/1.1" 200 3164 "-" "Mozilla/5.0 (compatible) Feedfetcher-Google; (+http://www.google.com/feedfetcher.html)"
74.125.16.65 - - [21/Jul/2009:06:43:35 -0700] "GET /gadgets/adpowers/AlexaRank/ALL_ALL.xml HTTP/1.1" 200 1160 "-" "Mozilla/5.0 (compatible) Feedfetcher-Google; (+http://www.google.com/feedfetcher.html)"
74.125.16.65 - - [21/Jul/2009:06:43:36 -0700] "GET /gadgets/adpowers/AlexaRank/de_ALL.xml HTTP/1.1" 200 1004 "-" "Mozilla/5.0 (compatible) Feedfetcher-Google; (+http://www.google.com/feedfetcher.html)"
66.249.67.87 - - [21/Jul/2009:06:43:48 -0700] "GET /gallery/main.php?g2_itemId=16399 HTTP/1.1" 200 8215 "-" "Mozilla/5.0 (compatible; Googlebot/2.1; +http://www.google.com/bot.html)"
64.233.172.17 - - [21/Jul/2009:06:44:17 -0700] "GET /gadgets/adpowers/AlexaRank/g.xml HTTP/1.1" 200 3164 "-" "Mozilla/5.0 (compatible) Feedfetcher-Google; (+http://www.google.com/feedfetcher.html)"
72.14.192.65 - - [21/Jul/2009:06:44:17 -0700] "GET /gwidgets/alexa.xml HTTP/1.1" 200 2969 "-" "Mozilla/5.0 (compatible) Feedfetcher-Google; (+http://www.google.com/feedfetcher.html)"
64.233.172.17 - - [21/Jul/2009:06:44:17 -0700] "GET /gadgets/adpowers/AlexaRank/ALL_ALL.xml HTTP/1.1" 200 1160 "-" "Mozilla/5.0 (compatible) Feedfetcher-Google; (+http://www.google.com/feedfetcher.html)"
66.249.67.87 - - [21/Jul/2009:06:44:39 -0700] "GET /gallery/main.php?g2_itemId=2820&g2_imageViewsIndex=1&g2_fromNavId=x39e013f7 HTTP/1.1" 200 8064 "-" "Mozilla/5.0 (compatible; Googlebot/2.1; +http://www.google.com/bot.html)"
217.33.79.34 - - [21/Jul/2009:06:44:41 -0700] "GET /?post=214 HTTP/1.0" 200 11187 "http://bigtable.appspot.com/" "Mozilla/4.0 (compatible; MSIE 6.0; Windows NT 5.1; SV1; .NET CLR 1.1.4322; .NET CLR 2.0.50727; .NET CLR 3.0.04506.30; .NET CLR 3.0.04506.648; .NET CLR 3.0.4506.2152; .NET CLR 3.5.30729)"
217.33.79.34 - - [21/Jul/2009:06:44:42 -0700] "GET /style.css HTTP/1.0" 200 1504 "http://example.org/?post=214" "Mozilla/4.0 (compatible; MSIE 6.0; Windows NT 5.1; SV1; .NET CLR 1.1.4322; .NET CLR 2.0.50727; .NET CLR 3.0.04506.30; .NET CLR 3.0.04506.648; .NET CLR 3.0.4506.2152; .NET CLR 3.5.30729)"
66.249.67.3 - - [21/Jul/2009:06:44:43 -0700] "GET /gallery/main.php?g2_itemId=8086&g2_highlightId=8354 HTTP/1.1" 302 5 "-" "Mozilla/5.0 (compatible; Googlebot/2.1; +http://www.google.com/bot.html)"
65.55.106.188 - - [21/Jul/2009:06:44:48 -0700] "GET /gallery/main.php?g2_itemId=14897 HTTP/1.1" 200 8049 "-" "msnbot/2.0b (+http://search.msn.com/msnbot.htm)"
66.249.67.87 - - [21/Jul/2009:06:44:48 -0700] "GET /gallery/main.php?g2_itemId=32611&g2_fromNavId=x5f33c1c0 HTTP/1.1" 200 7231 "-" "Mozilla/5.0 (compatible; Googlebot/2.1; +http://www.google.com/bot.html)"
66.249.67.87 - - [21/Jul/2009:06:44:51 -0700] "GET /gallery/main.php?g2_itemId=32615&g2_fromNavId=x26c0ae39 HTTP/1.1" 200 6904 "-" "Mozilla/5.0 (compatible; Googlebot/2.1; +http://www.google.com/bot.html)"
66.249.67.87 - - [21/Jul/2009:06:44:55 -0700] "GET /gallery/main.php?g2_itemId=32613&g2_fromNavId=xec9fd600 HTTP/1.1" 200 7044 "-" "Mozilla/5.0 (compatible; Googlebot/2.1; +http://www.google.com/bot.html)"
66.249.67.3 - - [21/Jul/2009:06:45:01 -0700] "GET /gallery/main.php?g2_itemId=8086&g2_page=4 HTTP/1.1" 200 17530 "-" "Mozilla/5.0 (compatible; Googlebot/2.1; +http://www.google.com/bot.html)"
66.249.67.3 - - [21/Jul/2009:06:45:02 -0700] "GET /gallery/main.php?g2_controller=exif.SwitchDetailMode&g2_mode=detailed&g2_return=%2Fgallery%2Fmain.php%3Fg2_itemId%3D30365&g2_returnName=photo HTTP/1.1" 302 5 "-" "Mozilla/5.0 (compatible; Googlebot/2.1; +http://www.google.com/bot.html)"
66.249.67.3 - - [21/Jul/2009:06:45:08 -0700] "GET /gallery/main.php?g2_itemId=30365&g2_fromNavId=xbe3b742b HTTP/1.1" 200 8182 "-" "Mozilla/5.0 (compatible; Googlebot/2.1; +http://www.google.com/bot.html)"
72.14.194.1 - - [21/Jul/2009:06:45:32 -0700] "GET /gadgets/adpowers/AlexaRank/ALL_ALL.xml HTTP/1.1" 200 1160 "-" "FeedFetcher-Google; (+http://www.google.com/feedfetcher.html)"
72.14.194.1 - - [21/Jul/2009:06:45:33 -0700] "GET /gadgets/adpowers/AlexaRank/g.xml HTTP/1.1" 200 3164 "-" "FeedFetcher-Google; (+http://www.google.com/feedfetcher.html)"
72.14.192.65 - - [21/Jul/2009:06:45:40 -0700] "GET /gadgets/adpowers/AlexaRank/g.xml HTTP/1.1" 200 3164 "-" "Feedfetcher-Google; (+http://www.google.com/feedfetcher.html; feed-id=2530294494495408081)"
72.14.192.65 - - [21/Jul/2009:06:45:41 -0700] "GET /images/alexarank.jpg HTTP/1.1" 200 15084 "-" "Mozilla/5.0 (compatible) Feedfetcher-Google; (+http://www.google.com/feedfetcher.html)"
72.30.142.87 - - [21/Jul/2009:06:45:55 -0700] "GET /gallery/main.php?g2_itemId=4248 HTTP/1.0" 200 7217 "-" "Mozilla/5.0 (compatible; Yahoo! Slurp/3.0; http://help.yahoo.com/help/us/ysearch/slurp)"
66.249.67.3 - - [21/Jul/2009:06:46:01 -0700] "GET /gallery/main.php?g2_view=search.SearchScan&g2_form%5BuseDefaultSettings%5D=1&g2_return=%2Fgallery%2Fmain.php%3Fg2_itemId%3D30170&g2_returnName=photo HTTP/1.1" 200 6360 "-" "Mozilla/5.0 (compatible; Googlebot/2.1; +http://www.google.com/bot.html)"
66.249.67.3 - - [21/Jul/2009:06:46:51 -0700] "GET /gallery/main.php?g2_itemId=8086&g2_highlightId=10637 HTTP/1.1" 302 5 "-" "Mozilla/5.0 (compatible; Googlebot/2.1; +http://www.google.com/bot.html)"
72.14.192.65 - - [21/Jul/2009:06:46:51 -0700] "GET /rss.pl HTTP/1.1" 200 35942 "-" "FeedFetcher-Google-CoOp; (+http://www.google.com/coop/docs/subscribedlinks/developer_guide.html#Publishing)"
66.249.67.3 - - [21/Jul/2009:06:46:56 -0700] "GET /gallery/main.php?g2_itemId=8086&g2_page=36 HTTP/1.1" 200 17756 "-" "Mozilla/5.0 (compatible; Googlebot/2.1; +http://www.google.com/bot.html)"
208.40.107.82 - - [21/Jul/2009:06:47:00 -0700] "GET /index.pl?page=perl HTTP/1.1" 200 6069 "http://www.google.com/search?q=%23%21%2Fusr%2Fbin%2Fperl+-w&ie=utf-8&oe=utf-8&aq=t&rls=org.mozilla:en-US:official&client=firefox-a" "Mozilla/5.0 (Windows; U; Windows NT 5.1; en-US; rv:1.9.1.1) Gecko/20090715 Firefox/3.5.1 (.NET CLR 3.5.30729)"
208.40.107.82 - - [21/Jul/2009:06:47:00 -0700] "GET /style.css HTTP/1.1" 200 1504 "http://example.org/index.pl?page=perl" "Mozilla/5.0 (Windows; U; Windows NT 5.1; en-US; rv:1.9.1.1) Gecko/20090715 Firefox/3.5.1 (.NET CLR 3.5.30729)"
208.40.107.82 - - [21/Jul/2009:06:47:01 -0700] "GET /images/fullsize_perl-back.jpg HTTP/1.1" 200 14325 "http://example.org/index.pl?page=perl" "Mozilla/5.0 (Windows; U; Windows NT 5.1; en-US; rv:1.9.1.1) Gecko/20090715 Firefox/3.5.1 (.NET CLR 3.5.30729)"
208.40.107.82 - - [21/Jul/2009:06:47:01 -0700] "GET /favicon.ico HTTP/1.1" 404 146 "-" "Mozilla/5.0 (Windows; U; Windows NT 5.1; en-US; rv:1.9.1.1) Gecko/20090715 Firefox/3.5.1 (.NET CLR 3.5.30729)"
208.40.107.82 - - [21/Jul/2009:06:47:04 -0700] "GET /favicon.ico HTTP/1.1" 206 146 "-" "Mozilla/5.0 (Windows; U; Windows NT 5.1; en-US; rv:1.9.1.1) Gecko/20090715 Firefox/3.5.1 (.NET CLR 3.5.30729)"
66.249.67.3 - - [21/Jul/2009:06:47:08 -0700] "GET /gallery/main.php?g2_itemId=25426 HTTP/1.1" 200 7992 "-" "Mozilla/5.0 (compatible; Googlebot/2.1; +http://www.google.com/bot.html)"
65.55.106.235 - - [21/Jul/2009:06:47:10 -0700] "GET /gallery/main.php?g2_itemId=675 HTTP/1.1" 200 6808 "-" "msnbot/2.0b (+http://search.msn.com/msnbot.htm)"
66.249.67.3 - - [21/Jul/2009:06:47:12 -0700] "GET /musicmobs/albumcloud.pl?KoKro&service=lastfm HTTP/1.1" 302 347 "-" "Mozilla/5.0 (compatible; Googlebot/2.1; +http://www.google.com/bot.html)"
66.249.67.3 - - [21/Jul/2009:06:47:18 -0700] "GET /gallery/main.php?g2_view=core.DownloadItem&g2_itemId=678&g2_serialNumber=2 HTTP/1.1" 304 0 "-" "Googlebot-Image/1.0"
66.249.67.3 - - [21/Jul/2009:06:47:23 -0700] "GET /gallery/main.php?g2_view=core.DownloadItem&g2_itemId=28515&g2_serialNumber=2 HTTP/1.1" 200 70848 "-" "Googlebot-Image/1.0"
58.20.55.156 - - [21/Jul/2009:06:47:42 -0700] "GET /index.pl?page=perl HTTP/1.1" 200 6069 "http://www.google.com/search?q=%E2%80%9C%23%21%2Fusr%2Fbin%2Fperl%E2%80%9D&btnG=Search&hl=en&sa=2" "Mozilla/5.0 (X11; U; Linux i686; en-US; rv:1.9.1) Gecko/20090630 Fedora/3.5-1.fc11 Firefox/3.5"
58.20.55.156 - - [21/Jul/2009:06:47:43 -0700] "GET /style.css HTTP/1.1" 200 1504 "http://example.org/index.pl?page=perl" "Mozilla/5.0 (X11; U; Linux i686; en-US; rv:1.9.1) Gecko/20090630 Fedora/3.5-1.fc11 Firefox/3.5"
58.20.55.156 - - [21/Jul/2009:06:47:44 -0700] "GET /images/fullsize_perl-back.jpg HTTP/1.1" 200 14325 "http://example.org/index.pl?page=perl" "Mozilla/5.0 (X11; U; Linux i686; en-US; rv:1.9.1) Gecko/20090630 Fedora/3.5-1.fc11 Firefox/3.5"
58.20.55.156 - - [21/Jul/2009:06:47:46 -0700] "GET /favicon.ico HTTP/1.1" 404 146 "-" "Mozilla/5.0 (X11; U; Linux i686; en-US; rv:1.9.1) Gecko/20090630 Fedora/3.5-1.fc11 Firefox/3.5"
74.125.74.193 - - [21/Jul/2009:06:48:06 -0700] "GET /gadgets/adpowers/AlexaRank/g.xml HTTP/1.1" 200 3164 "-" "FeedFetcher-Google; (+http://www.google.com/feedfetcher.html)"
74.125.74.193 - - [21/Jul/2009:06:48:09 -0700] "GET /gadgets/adpowers/AlexaRank/g.xml HTTP/1.1" 200 3164 "-" "Mozilla/5.0 (compatible) Feedfetcher-Google; (+http://www.google.com/feedfetcher.html)"
74.125.74.193 - - [21/Jul/2009:06:48:10 -0700] "GET /gadgets/adpowers/AlexaRank/ALL_ALL.xml HTTP/1.1" 200 1160 "-" "Mozilla/5.0 (compatible) Feedfetcher-Google; (+http://www.google.com/feedfetcher.html)"
74.125.74.193 - - [21/Jul/2009:06:48:11 -0700] "GET /gadgets/adpowers/AlexaRank/ja_ALL.xml HTTP/1.1" 200 1264 "-" "Mozilla/5.0 (compatible) Feedfetcher-Google; (+http://www.google.com/feedfetcher.html)"
74.125.74.193 - - [21/Jul/2009:06:48:12 -0700] "GET /gadgets/adpowers/AlexaRank/ja_ALL.xml HTTP/1.1" 200 1264 "-" "Mozilla/5.0 (compatible) Feedfetcher-Google; (+http://www.google.com/feedfetcher.html)"
66.249.67.3 - - [21/Jul/2009:06:48:15 -0700] "GET /gallery/main.php?g2_view=core.UserAdmin&g2_subView=core.UserLogin&g2_return=%2Fgallery%2Fmain.php%3Fg2_itemId%3D30170&g2_returnName=photo HTTP/1.1" 200 4004 "-" "Mozilla/5.0 (compatible; Googlebot/2.1; +http://www.google.com/bot.html)"
65.55.208.181 - - [21/Jul/2009:06:48:16 -0700] "GET /gallery/main.php?g2_itemId=33277 HTTP/1.1" 200 7101 "-" "msnbot/1.1 (+http://search.msn.com/msnbot.htm)"
62.56.62.66 - - [21/Jul/2009:06:48:19 -0700] "GET /?post=214 HTTP/1.1" 200 11216 "http://www.google.co.uk/search?hl=en&q=bigtable+example&btnG=Google+Search&meta=&aq=f&oq=" "Mozilla/5.0 (Windows; U; Windows NT 6.0; en-GB; rv:1.9.1.1) Gecko/20090715 Firefox/3.5.1 (.NET CLR 3.5.30729)"
62.56.62.66 - - [21/Jul/2009:06:48:20 -0700] "GET /style.css HTTP/1.1" 200 1504 "http://example.org/?post=214" "Mozilla/5.0 (Windows; U; Windows NT 6.0; en-GB; rv:1.9.1.1) Gecko/20090715 Firefox/3.5.1 (.NET CLR 3.5.30729)"
74.125.74.193 - - [21/Jul/2009:06:48:21 -0700] "GET /gwidgets/alexa.xml HTTP/1.1" 200 2969 "-" "Mozilla/5.0 (compatible) Feedfetcher-Google; (+http://www.google.com/feedfetcher.html)"
62.56.62.66 - - [21/Jul/2009:06:48:23 -0700] "GET /favicon.ico HTTP/1.1" 404 146 "-" "Mozilla/5.0 (Windows; U; Windows NT 6.0; en-GB; rv:1.9.1.1) Gecko/20090715 Firefox/3.5.1 (.NET CLR 3.5.30729)"
62.56.62.66 - - [21/Jul/2009:06:48:24 -0700] "GET /favicon.ico HTTP/1.1" 404 146 "-" "Mozilla/5.0 (Windows; U; Windows NT 6.0; en-GB; rv:1.9.1.1) Gecko/20090715 Firefox/3.5.1 (.NET CLR 3.5.30729)"
65.55.106.157 - - [21/Jul/2009:06:48:46 -0700] "GET /gallery/main.php?g2_view=keyalbum.KeywordAlbum&g2_keyword=luther+wilma&g2_highlightId=15408 HTTP/1.1" 302 5 "-" "msnbot/2.0b (+http://search.msn.com/msnbot.htm)"
65.55.106.157 - - [21/Jul/2009:06:48:55 -0700] "GET /gallery/main.php?g2_view=keyalbum.KeywordAlbum&g2_keyword=luther+wilma HTTP/1.1" 200 5970 "-" "msnbot/2.0b (+http://search.msn.com/msnbot.htm)"
64.233.172.17 - - [21/Jul/2009:06:49:13 -0700] "GET /gwidgets/alexa.xml HTTP/1.1" 200 2969 "-" "Mozilla/5.0 (compatible) Feedfetcher-Google; (+http://www.google.com/feedfetcher.html)"
66.249.67.3 - - [21/Jul/2009:06:49:21 -0700] "GET /gallery/main.php?g2_itemId=25450 HTTP/1.1" 200 7992 "-" "Mozilla/5.0 (compatible; Googlebot/2.1; +http://www.google.com/bot.html)"
74.125.75.17 - - [21/Jul/2009:06:49:37 -0700] "GET /gadgets/adpowers/AlexaRank/g.xml HTTP/1.1" 200 3164 "-" "Mozilla/5.0 (compatible) Feedfetcher-Google; (+http://www.google.com/feedfetcher.html)"
64.233.173.2 - - [21/Jul/2009:06:49:38 -0700] "GET /gadgets/adpowers/AlexaRank/ALL_ALL.xml HTTP/1.1" 200 1160 "-" "Mozilla/5.0 (compatible) Feedfetcher-Google; (+http://www.google.com/feedfetcher.html)"
72.14.192.65 - - [21/Jul/2009:06:49:50 -0700] "GET /gadgets/adpowers/AlexaRank/g.xml HTTP/1.1" 200 3164 "-" "Mozilla/5.0 (compatible) Feedfetcher-Google; (+http://www.google.com/feedfetcher.html)"
72.14.192.65 - - [21/Jul/2009:06:49:51 -0700] "GET /gadgets/adpowers/AlexaRank/ALL_ALL.xml HTTP/1.1" 200 1160 "-" "Mozilla/5.0 (compatible) Feedfetcher-Google; (+http://www.google.com/feedfetcher.html)"
72.14.192.65 - - [21/Jul/2009:06:49:51 -0700] "GET /gadgets/adpowers/AlexaRank/ja_ALL.xml HTTP/1.1" 200 1264 "-" "Mozilla/5.0 (compatible) Feedfetcher-Google; (+http://www.google.com/feedfetcher.html)"
220.181.7.53 - - [21/Jul/2009:06:50:04 -0700] "GET /rss.pl HTTP/1.1" 200 35942 "-" "Baiduspider+(+http://www.baidu.com/search/spider.htm)"
72.14.192.65 - - [21/Jul/2009:06:50:09 -0700] "GET /gwidgets/alexa.xml HTTP/1.1" 200 2969 "-" "Mozilla/5.0 (compatible) Feedfetcher-Google; (+http://www.google.com/feedfetcher.html)"
66.249.67.3 - - [21/Jul/2009:06:50:28 -0700] "GET /gallery/main.php?g2_itemId=25459 HTTP/1.1" 200 7991 "-" "Mozilla/5.0 (compatible; Googlebot/2.1; +http://www.google.com/bot.html)"
72.14.194.1 - - [21/Jul/2009:06:51:17 -0700] "GET /gwidgets/alexa.xml HTTP/1.1" 200 2969 "-" "Mozilla/5.0 (compatible) Feedfetcher-Google; (+http://www.google.com/feedfetcher.html)"
72.14.194.1 - - [21/Jul/2009:06:51:18 -0700] "GET /gadgets/adpowers/AlexaRank/g.xml HTTP/1.1" 200 3164 "-" "Mozilla/5.0 (compatible) Feedfetcher-Google; (+http://www.google.com/feedfetcher.html)"
72.14.194.1 - - [21/Jul/2009:06:51:19 -0700] "GET /gadgets/adpowers/AlexaRank/ALL_ALL.xml HTTP/1.1" 200 1160 "-" "Mozilla/5.0 (compatible) Feedfetcher-Google; (+http://www.google.com/feedfetcher.html)"
66.249.67.3 - - [21/Jul/2009:06:51:34 -0700] "GET /gallery/main.php?g2_itemId=25705 HTTP/1.1" 200 7985 "-" "Mozilla/5.0 (compatible; Googlebot/2.1; +http://www.google.com/bot.html)"
66.249.67.3 - - [21/Jul/2009:06:52:00 -0700] "GET /musicmobs/albumcloud.pl?Jmlom6&service=lastfm HTTP/1.1" 302 348 "-" "Mozilla/5.0 (compatible; Googlebot/2.1; +http://www.google.com/bot.html)"
74.125.16.65 - - [21/Jul/2009:06:52:02 -0700] "GET /gwidgets/alexa.xml HTTP/1.1" 200 2969 "-" "Mozilla/5.0 (compatible) Feedfetcher-Google; (+http://www.google.com/feedfetcher.html)"
74.125.16.65 - - [21/Jul/2009:06:52:05 -0700] "GET /gadgets/adpowers/AlexaRank/g.xml HTTP/1.1" 200 3164 "-" "Mozilla/5.0 (compatible) Feedfetcher-Google; (+http://www.google.com/feedfetcher.html)"
74.125.16.65 - - [21/Jul/2009:06:52:06 -0700] "GET /gadgets/adpowers/AlexaRank/ALL_ALL.xml HTTP/1.1" 200 1160 "-" "Mozilla/5.0 (compatible) Feedfetcher-Google; (+http://www.google.com/feedfetcher.html)"
65.55.106.179 - - [21/Jul/2009:06:52:17 -0700] "GET /gallery/main.php?g2_view=keyalbum.KeywordAlbum&g2_keyword=robert+determination HTTP/1.1" 200 18558 "-" "msnbot/2.0b (+http://search.msn.com/msnbot.htm)"
64.233.172.17 - - [21/Jul/2009:06:52:30 -0700] "GET /gadgets/adpowers/AlexaRank/g.xml HTTP/1.1" 200 3164 "-" "Mozilla/5.0 (compatible) Feedfetcher-Google; (+http://www.google.com/feedfetcher.html)"
64.233.172.17 - - [21/Jul/2009:06:52:31 -0700] "GET /gadgets/adpowers/AlexaRank/ALL_ALL.xml HTTP/1.1" 200 1160 "-" "Mozilla/5.0 (compatible) Feedfetcher-Google; (+http://www.google.com/feedfetcher.html)"
64.233.172.17 - - [21/Jul/2009:06:52:31 -0700] "GET /gadgets/adpowers/AlexaRank/ALL_ALL.xml HTTP/1.1" 200 1160 "-" "Mozilla/5.0 (compatible) Feedfetcher-Google; (+http://www.google.com/feedfetcher.html)"
66.249.67.3 - - [21/Jul/2009:06:52:40 -0700] "GET /gallery/main.php?g2_controller=exif.SwitchDetailMode&g2_mode=detailed&g2_return=%2Fgallery%2Fmain.php%3Fg2_itemId%3D30170&g2_returnName=photo HTTP/1.1" 302 5 "-" "Mozilla/5.0 (compatible; Googlebot/2.1; +http://www.google.com/bot.html)"
66.249.67.3 - - [21/Jul/2009:06:52:44 -0700] "GET /gallery/main.php?g2_itemId=30170&g2_fromNavId=x50cc6843 HTTP/1.1" 200 8179 "-" "Mozilla/5.0 (compatible; Googlebot/2.1; +http://www.google.com/bot.html)"
119.63.193.55 - - [21/Jul/2009:06:53:41 -0700] "GET / HTTP/1.1" 200 12816 "-" "Baiduspider+(+http://www.baidu.jp/spider/)"
66.249.67.3 - - [21/Jul/2009:06:53:47 -0700] "GET /gallery/main.php?g2_view=core.UserAdmin&g2_subView=core.UserLogin&g2_return=%2Fgallery%2Fmain.php%3Fg2_itemId%3D30365&g2_returnName=photo HTTP/1.1" 200 4004 "-" "Mozilla/5.0 (compatible; Googlebot/2.1; +http://www.google.com/bot.html)"
74.125.75.17 - - [21/Jul/2009:06:54:16 -0700] "GET /gwidgets/alexa.xml HTTP/1.1" 200 2969 "-" "Mozilla/5.0 (compatible) Feedfetcher-Google; (+http://www.google.com/feedfetcher.html)"
66.249.67.3 - - [21/Jul/2009:06:54:54 -0700] "GET /gallery/main.php?g2_itemId=25456 HTTP/1.1" 200 7991 "-" "Mozilla/5.0 (compatible; Googlebot/2.1; +http://www.google.com/bot.html)"
64.233.173.2 - - [21/Jul/2009:06:55:28 -0700] "GET /gwidgets/alexa.xml HTTP/1.1" 200 2969 "-" "Mozilla/5.0 (compatible) Feedfetcher-Google; (+http://www.google.com/feedfetcher.html)"
64.233.173.2 - - [21/Jul/2009:06:55:28 -0700] "GET /gwidgets/alexa.xml HTTP/1.1" 200 2969 "-" "Mozilla/5.0 (compatible) Feedfetcher-Google; (+http://www.google.com/feedfetcher.html)"
72.30.142.87 - - [21/Jul/2009:06:55:48 -0700] "GET /robots.txt HTTP/1.0" 200 590 "-" "Mozilla/5.0 (compatible; Yahoo! Slurp; http://help.yahoo.com/help/us/ysearch/slurp)"
72.30.142.87 - - [21/Jul/2009:06:55:49 -0700] "GET /r.pl?http://www.kernel.org HTTP/1.0" 302 277 "-" "Mozilla/5.0 (compatible; Yahoo! Slurp/3.0; http://help.yahoo.com/help/us/ysearch/slurp)"
66.249.67.3 - - [21/Jul/2009:06:56:00 -0700] "GET /gallery/main.php?g2_view=search.SearchScan&g2_form%5BuseDefaultSettings%5D=1&g2_return=%2Fgallery%2Fmain.php%3Fg2_itemId%3D24831%26g2_page%3D9&g2_returnName=album HTTP/1.1" 200 6360 "-" "Mozilla/5.0 (compatible; Googlebot/2.1; +http://www.google.com/bot.html)"
74.125.74.193 - - [21/Jul/2009:06:56:04 -0700] "GET /gwidgets/alexa.xml HTTP/1.1" 200 2969 "-" "FeedFetcher-Google; (+http://www.google.com/feedfetcher.html)"
74.125.74.193 - - [21/Jul/2009:06:56:17 -0700] "GET /gadgets/adpowers/AlexaRank/g.xml HTTP/1.1" 200 3164 "-" "Mozilla/5.0 (compatible) Feedfetcher-Google; (+http://www.google.com/feedfetcher.html)"
74.125.74.193 - - [21/Jul/2009:06:56:18 -0700] "GET /gadgets/adpowers/AlexaRank/ALL_ALL.xml HTTP/1.1" 200 1160 "-" "Mozilla/5.0 (compatible) Feedfetcher-Google; (+http://www.google.com/feedfetcher.html)"
66.249.67.3 - - [21/Jul/2009:06:56:30 -0700] "GET /gallery/main.php?g2_view=core.DownloadItem&g2_itemId=31482&g2_serialNumber=2 HTTP/1.1" 200 3838 "-" "Googlebot-Image/1.0"
72.14.194.1 - - [21/Jul/2009:06:56:34 -0700] "GET /gwidgets/alexa.xml HTTP/1.1" 200 2969 "-" "FeedFetcher-Google; (+http://www.google.com/feedfetcher.html)"
65.55.106.169 - - [21/Jul/2009:06:56:38 -0700] "GET /robots.txt HTTP/1.1" 200 590 "-" "msnbot/2.0b (+http://search.msn.com/msnbot.htm)"
66.249.67.3 - - [21/Jul/2009:06:56:49 -0700] "GET /musicmobs/albumcloud.pl?kat-tun&service=lastfm HTTP/1.1" 302 349 "-" "Mozilla/5.0 (compatible; Googlebot/2.1; +http://www.google.com/bot.html)"
66.249.67.3 - - [21/Jul/2009:06:57:07 -0700] "GET /gallery/main.php?g2_itemId=25747 HTTP/1.1" 200 7985 "-" "Mozilla/5.0 (compatible; Googlebot/2.1; +http://www.google.com/bot.html)"
65.55.208.186 - - [21/Jul/2009:06:57:58 -0700] "GET /gallery/main.php?g2_itemId=27092&g2_highlightId=27154 HTTP/1.1" 302 5 "-" "msnbot/1.1 (+http://search.msn.com/msnbot.htm)"
66.249.67.3 - - [21/Jul/2009:06:58:14 -0700] "GET /gallery/main.php?g2_itemId=25444 HTTP/1.1" 200 7992 "-" "Mozilla/5.0 (compatible; Googlebot/2.1; +http://www.google.com/bot.html)"
72.30.142.87 - - [21/Jul/2009:06:58:24 -0700] "GET /gallery/main.php?g2_itemId=16681 HTTP/1.0" 200 7987 "-" "Mozilla/5.0 (compatible; Yahoo! Slurp/3.0; http://help.yahoo.com/help/us/ysearch/slurp)"
64.233.172.17 - - [21/Jul/2009:06:59:03 -0700] "GET /gwidgets/alexa.xml HTTP/1.1" 200 2969 "-" "Mozilla/5.0 (compatible) Feedfetcher-Google; (+http://www.google.com/feedfetcher.html)"
72.14.192.65 - - [21/Jul/2009:06:59:18 -0700] "GET /gwidgets/alexa.xml HTTP/1.1" 200 2969 "-" "FeedFetcher-Google; (+http://www.google.com/feedfetcher.html)"
66.249.67.3 - - [21/Jul/2009:06:59:20 -0700] "GET /gallery/main.php?g2_itemId=25762 HTTP/1.1" 200 7991 "-" "Mozilla/5.0 (compatible; Googlebot/2.1; +http://www.google.com/bot.html)"
74.125.16.65 - - [21/Jul/2009:06:59:48 -0700] "GET /gwidgets/alexa.xml HTTP/1.1" 200 2969 "-" "Mozilla/5.0 (compatible) Feedfetcher-Google; (+http://www.google.com/feedfetcher.html)"
72.14.194.1 - - [21/Jul/2009:06:59:56 -0700] "GET /gadgets/adpowers/AlexaRank/g.xml HTTP/1.1" 200 3164 "-" "Mozilla/5.0 (compatible) Feedfetcher-Google; (+http://www.google.com/feedfetcher.html)"
72.14.194.1 - - [21/Jul/2009:06:59:57 -0700] "GET /gadgets/adpowers/AlexaRank/ALL_ALL.xml HTTP/1.1" 200 1160 "-" "Mozilla/5.0 (compatible) Feedfetcher-Google; (+http://www.google.com/feedfetcher.html)"
72.30.142.87 - - [21/Jul/2009:07:00:04 -0700] "GET /index.pl?page=geek HTTP/1.0" 200 5211 "-" "Mozilla/5.0 (compatible; Yahoo! Slurp/3.0; http://help.yahoo.com/help/us/ysearch/slurp)"
72.30.142.87 - - [21/Jul/2009:07:00:09 -0700] "GET /style.css HTTP/1.0" 304 - "http://example.org/index.pl?page=geek" "Mozilla/5.0 (compatible; Yahoo! Slurp/3.0; http://help.yahoo.com/help/us/ysearch/slurp)"
74.125.74.193 - - [21/Jul/2009:07:00:10 -0700] "GET /gadgets/adpowers/AlexaRank/ja_ALL.xml HTTP/1.1" 200 1264 "-" "Mozilla/5.0 (compatible) Feedfetcher-Google; (+http://www.google.com/feedfetcher.html)"
66.249.67.3 - - [21/Jul/2009:07:00:26 -0700] "GET /gallery/main.php?g2_view=core.UserAdmin&g2_subView=core.UserLogin&g2_return=%2Fgallery%2Fmain.php%3Fg2_itemId%3D24831%26g2_page%3D13&g2_returnName=album HTTP/1.1" 200 4049 "-" "Mozilla/5.0 (compatible; Googlebot/2.1; +http://www.google.com/bot.html)"
