138.251.207.166 - - [21/Jul/2009:07:00:27 -0700] "GET /favicon.ico HTTP/1.1" 206 146 "-" "Mozilla/5.0 (Macintosh; U; Intel Mac OS X 10.5; en-GB; rv:1.9.1.1) Gecko/20090715 Firefox/3.5.1 GTB5"
65.55.208.186 - - [21/Jul/2009:07:00:38 -0700] "GET /gallery/main.php?g2_itemId=27092 HTTP/1.1" 200 19159 "-" "msnbot/1.1 (+http://search.msn.com/msnbot.htm)"
72.14.192.65 - - [21/Jul/2009:07:01:06 -0700] "GET /gadgets/adpowers/AlexaRank/ALL_ALL.xml HTTP/1.1" 200 1160 "-" "FeedFetcher-Google; (+http://www.google.com/feedfetcher.html)"
72.14.192.65 - - [21/Jul/2009:07:01:10 -0700] "GET /gadgets/adpowers/AlexaRank/g.xml HTTP/1.1" 200 3164 "-" "Mozilla/5.0 (compatible) Feedfetcher-Google; (+http://www.google.com/feedfetcher.html)"
72.14.192.65 - - [21/Jul/2009:07:01:11 -0700] "GET /gadgets/adpowers/AlexaRank/ALL_ALL.xml HTTP/1.1" 200 1160 "-" "Mozilla/5.0 (compatible) Feedfetcher-Google; (+http://www.google.com/feedfetcher.html)"
74.125.74.193 - - [21/Jul/2009:07:01:24 -0700] "GET /gwidgets/alexa.xml HTTP/1.1" 200 2969 "-" "Mozilla/5.0 (compatible) Feedfetcher-Google; (+http://www.google.com/feedfetcher.html)"
66.249.67.3 - - [21/Jul/2009:07:01:33 -0700] "GET /gallery/main.php?g2_view=core.UserAdmin&g2_subView=core.UserLogin&g2_return=%2Fgallery%2Fmain.php%3Fg2_itemId%3D24831%26g2_page%3D9&g2_returnName=album HTTP/1.1" 200 4046 "-" "Mozilla/5.0 (compatible; Googlebot/2.1; +http://www.google.com/bot.html)"
66.249.67.3 - - [21/Jul/2009:07:01:35 -0700] "GET /r.pl?http://www.mersenne.org/ HTTP/1.1" 302 292 "-" "Mozilla/5.0 (compatible; Googlebot/2.1; +http://www.google.com/bot.html)"
65.55.109.17 - - [21/Jul/2009:07:01:42 -0700] "GET /gallery/main.php?g2_itemId=27092&g2_highlightId=27154 HTTP/1.1" 302 5 "http://www.bing.com/search?q=views" "Mozilla/4.0 (compatible;  MSIE 6.0;  Windows NT 5.1;  SV1;  .NET CLR 1.1.4325;  .NET CLR 2.0.40607;  .NET CLR 3.0.30729;  .NET CLR 3.5.30729)"
65.55.109.17 - - [21/Jul/2009:07:01:46 -0700] "GET /gallery/main.php?g2_itemId=27092 HTTP/1.1" 200 19179 "http://www.bing.com/search?q=views" "Mozilla/4.0 (compatible;  MSIE 6.0;  Windows NT 5.1;  SV1;  .NET CLR 1.1.4325;  .NET CLR 2.0.40607;  .NET CLR 3.0.30729;  .NET CLR 3.5.30729)"
65.55.109.17 - - [21/Jul/2009:07:01:48 -0700] "GET /gallery/modules/core/data/gallery.css HTTP/1.1" 200 9535 "http://example.org/gallery/main.php?g2_itemId=27092" "Mozilla/4.0 (compatible;  MSIE 6.0;  Windows NT 5.1;  SV1;  .NET CLR 1.1.4325;  .NET CLR 2.0.40607;  .NET CLR 3.0.30729;  .NET CLR 3.5.30729)"
65.55.109.17 - - [21/Jul/2009:07:01:48 -0700] "GET /gallery/modules/icons/iconpacks/paularmstrongdesigns/icons.css HTTP/1.1" 200 8847 "http://example.org/gallery/main.php?g2_itemId=27092" "Mozilla/4.0 (compatible;  MSIE 6.0;  Windows NT 5.1;  SV1;  .NET CLR 1.1.4325;  .NET CLR 2.0.40607;  .NET CLR 3.0.30729;  .NET CLR 3.5.30729)"
65.55.109.17 - - [21/Jul/2009:07:01:49 -0700] "GET /gallery/modules/search/SearchBlock.js HTTP/1.1" 200 992 "http://example.org/gallery/main.php?g2_itemId=27092" "Mozilla/4.0 (compatible;  MSIE 6.0;  Windows NT 5.1;  SV1;  .NET CLR 1.1.4325;  .NET CLR 2.0.40607;  .NET CLR 3.0.30729;  .NET CLR 3.5.30729)"
65.55.109.17 - - [21/Jul/2009:07:01:49 -0700] "GET /gallery/modules/rating/rating.css HTTP/1.1" 200 1355 "http://example.org/gallery/main.php?g2_itemId=27092" "Mozilla/4.0 (compatible;  MSIE 6.0;  Windows NT 5.1;  SV1;  .NET CLR 1.1.4325;  .NET CLR 2.0.40607;  .NET CLR 3.0.30729;  .NET CLR 3.5.30729)"
65.55.109.17 - - [21/Jul/2009:07:01:52 -0700] "GET /gallery/lib/yui/yahoo-min.js HTTP/1.1" 200 1419 "http://example.org/gallery/main.php?g2_itemId=27092" "Mozilla/4.0 (compatible;  MSIE 6.0;  Windows NT 5.1;  SV1;  .NET CLR 1.1.4325;  .NET CLR 2.0.40607;  .NET CLR 3.0.30729;  .NET CLR 3.5.30729)"
65.55.109.17 - - [21/Jul/2009:07:01:53 -0700] "GET /gallery/lib/yui/connection-min.js HTTP/1.1" 200 7959 "http://example.org/gallery/main.php?g2_itemId=27092" "Mozilla/4.0 (compatible;  MSIE 6.0;  Windows NT 5.1;  SV1;  .NET CLR 1.1.4325;  .NET CLR 2.0.40607;  .NET CLR 3.0.30729;  .NET CLR 3.5.30729)"
65.55.109.17 - - [21/Jul/2009:07:01:55 -0700] "GET /gallery/modules/rating/rating.js HTTP/1.1" 200 3066 "http://example.org/gallery/main.php?g2_itemId=27092" "Mozilla/4.0 (compatible;  MSIE 6.0;  Windows NT 5.1;  SV1;  .NET CLR 1.1.4325;  .NET CLR 2.0.40607;  .NET CLR 3.0.30729;  .NET CLR 3.5.30729)"
65.55.109.17 - - [21/Jul/2009:07:01:56 -0700] "GET /gallery/lib/yui/yahoo-min.js HTTP/1.1" 200 1419 "http://example.org/gallery/main.php?g2_itemId=27092" "Mozilla/4.0 (compatible;  MSIE 6.0;  Windows NT 5.1;  SV1;  .NET CLR 1.1.4325;  .NET CLR 2.0.40607;  .NET CLR 3.0.30729;  .NET CLR 3.5.30729)"
65.55.109.17 - - [21/Jul/2009:07:01:58 -0700] "GET /gallery/lib/yui/connection-min.js HTTP/1.1" 200 7959 "http://example.org/gallery/main.php?g2_itemId=27092" "Mozilla/4.0 (compatible;  MSIE 6.0;  Windows NT 5.1;  SV1;  .NET CLR 1.1.4325;  .NET CLR 2.0.40607;  .NET CLR 3.0.30729;  .NET CLR 3.5.30729)"
65.55.109.17 - - [21/Jul/2009:07:02:01 -0700] "GET /gallery/modules/rating/rating.js HTTP/1.1" 200 3066 "http://example.org/gallery/main.php?g2_itemId=27092" "Mozilla/4.0 (compatible;  MSIE 6.0;  Windows NT 5.1;  SV1;  .NET CLR 1.1.4325;  .NET CLR 2.0.40607;  .NET CLR 3.0.30729;  .NET CLR 3.5.30729)"
65.55.109.17 - - [21/Jul/2009:07:02:02 -0700] "GET /gallery/themes/matrix/theme.css HTTP/1.1" 200 12605 "http://example.org/gallery/main.php?g2_itemId=27092" "Mozilla/4.0 (compatible;  MSIE 6.0;  Windows NT 5.1;  SV1;  .NET CLR 1.1.4325;  .NET CLR 2.0.40607;  .NET CLR 3.0.30729;  .NET CLR 3.5.30729)"
66.249.67.3 - - [21/Jul/2009:07:02:40 -0700] "GET /gallery/main.php?g2_itemId=25408 HTTP/1.1" 200 7990 "-" "Mozilla/5.0 (compatible; Googlebot/2.1; +http://www.google.com/bot.html)"
72.14.192.65 - - [21/Jul/2009:07:02:43 -0700] "GET /gwidgets/alexa.xml HTTP/1.1" 200 2969 "-" "Mozilla/5.0 (compatible) Feedfetcher-Google; (+http://www.google.com/feedfetcher.html)"
119.63.193.107 - - [21/Jul/2009:07:03:22 -0700] "GET / HTTP/1.1" 200 12816 "-" "Baiduspider+(+http://www.baidu.jp/spider/)"
64.233.172.17 - - [21/Jul/2009:07:03:27 -0700] "GET /gwidgets/alexa.xml HTTP/1.1" 200 2969 "-" "Mozilla/5.0 (compatible) Feedfetcher-Google; (+http://www.google.com/feedfetcher.html)"
74.125.74.193 - - [21/Jul/2009:07:03:41 -0700] "GET /gadgets/adpowers/AlexaRank/g.xml HTTP/1.1" 200 3164 "-" "Mozilla/5.0 (compatible) Feedfetcher-Google; (+http://www.google.com/feedfetcher.html)"
74.125.74.193 - - [21/Jul/2009:07:03:42 -0700] "GET /gadgets/adpowers/AlexaRank/ALL_ALL.xml HTTP/1.1" 200 1160 "-" "Mozilla/5.0 (compatible) Feedfetcher-Google; (+http://www.google.com/feedfetcher.html)"
74.125.74.193 - - [21/Jul/2009:07:03:43 -0700] "GET /gadgets/adpowers/AlexaRank/zh-tw_ALL.xml HTTP/1.1" 200 362 "-" "Mozilla/5.0 (compatible) Feedfetcher-Google; (+http://www.google.com/feedfetcher.html)"
66.249.67.3 - - [21/Jul/2009:07:03:47 -0700] "GET /gallery/main.php?g2_itemId=31919 HTTP/1.1" 200 8187 "-" "Mozilla/5.0 (compatible; Googlebot/2.1; +http://www.google.com/bot.html)"
72.30.142.87 - - [21/Jul/2009:07:03:50 -0700] "GET /r.pl?http://dorrianporter.typepad.com/silicon_valley_himalayan_/2005/10/lackluster_grow.html HTTP/1.0" 302 343 "-" "Mozilla/5.0 (compatible; Yahoo! Slurp/3.0; http://help.yahoo.com/help/us/ysearch/slurp)"
64.233.173.2 - - [21/Jul/2009:07:03:55 -0700] "GET /gadgets/adpowers/AlexaRank/g.xml HTTP/1.1" 200 3164 "-" "FeedFetcher-Google; (+http://www.google.com/feedfetcher.html)"
64.233.172.17 - - [21/Jul/2009:07:03:57 -0700] "GET /gadgets/adpowers/AlexaRank/g.xml HTTP/1.1" 200 3164 "-" "Mozilla/5.0 (compatible) Feedfetcher-Google; (+http://www.google.com/feedfetcher.html)"
64.233.173.2 - - [21/Jul/2009:07:03:57 -0700] "GET /gadgets/adpowers/AlexaRank/ALL_ALL.xml HTTP/1.1" 200 1160 "-" "Mozilla/5.0 (compatible) Feedfetcher-Google; (+http://www.google.com/feedfetcher.html)"
64.233.172.17 - - [21/Jul/2009:07:04:30 -0700] "GET /gwidgets/alexa.xml HTTP/1.1" 200 2969 "-" "Mozilla/5.0 (compatible) Feedfetcher-Google; (+http://www.google.com/feedfetcher.html)"
66.249.67.3 - - [21/Jul/2009:07:04:52 -0700] "GET /gallery/main.php?g2_itemId=27877&g2_highlightId=27992 HTTP/1.1" 302 5 "-" "Mozilla/5.0 (compatible; Googlebot/2.1; +http://www.google.com/bot.html)"
66.249.67.3 - - [21/Jul/2009:07:04:57 -0700] "GET /gallery/main.php?g2_itemId=27877&g2_page=2 HTTP/1.1" 200 19053 "-" "Mozilla/5.0 (compatible; Googlebot/2.1; +http://www.google.com/bot.html)"
74.125.16.65 - - [21/Jul/2009:07:05:36 -0700] "GET /gwidgets/alexa.xml HTTP/1.1" 200 2969 "-" "Mozilla/5.0 (compatible) Feedfetcher-Google; (+http://www.google.com/feedfetcher.html)"
74.125.16.65 - - [21/Jul/2009:07:05:45 -0700] "GET /gwidgets/alexa.xml HTTP/1.1" 200 2969 "-" "FeedFetcher-Google; (+http://www.google.com/feedfetcher.html)"
66.249.67.3 - - [21/Jul/2009:07:05:46 -0700] "GET /gallery/main.php?g2_view=core.DownloadItem&g2_itemId=12164&g2_serialNumber=1 HTTP/1.1" 200 65212 "-" "Googlebot-Image/1.0"
65.55.106.169 - - [21/Jul/2009:07:05:47 -0700] "GET /gallery/main.php?g2_itemId=26572&g2_imageViewsIndex=1 HTTP/1.1" 200 8352 "-" "msnbot/2.0b (+http://search.msn.com/msnbot.htm)"
66.249.67.3 - - [21/Jul/2009:07:05:59 -0700] "GET /gallery/main.php?g2_view=search.SearchScan&g2_form%5BuseDefaultSettings%5D=1&g2_return=%2Fgallery%2Fmain.php%3Fg2_itemId%3D27814&g2_returnName=photo HTTP/1.1" 200 6360 "-" "Mozilla/5.0 (compatible; Googlebot/2.1; +http://www.google.com/bot.html)"
174.36.241.149 - - [21/Jul/2009:07:06:04 -0700] "GET / HTTP/1.1" 200 17933 "-" "Mozilla/5.0 (X11; U; Linux i686; en-US; rv:1.2.1; aggregator:Spinn3r (Spinn3r 3.1); http://spinn3r.com/robot) Gecko/20021130"
66.249.67.3 - - [21/Jul/2009:07:06:24 -0700] "GET /r.pl?http://www.amasci.com/amateur/traffic/traffic1.html HTTP/1.1" 302 319 "-" "Mozilla/5.0 (compatible; Googlebot/2.1; +http://www.google.com/bot.html)"
74.125.74.193 - - [21/Jul/2009:07:06:28 -0700] "GET /gadgets/adpowers/AlexaRank/ja_ALL.xml HTTP/1.1" 200 1264 "-" "Mozilla/5.0 (compatible) Feedfetcher-Google; (+http://www.google.com/feedfetcher.html)"
66.249.67.3 - - [21/Jul/2009:07:07:06 -0700] "GET /gallery/main.php?g2_view=comment.ShowAllComments&g2_itemId=28360&g2_return=%2Fgallery%2Fmain.php%3Fg2_itemId%3D28360&g2_returnName=photo HTTP/1.1" 200 5051 "-" "Mozilla/5.0 (compatible; Googlebot/2.1; +http://www.google.com/bot.html)"
220.181.7.97 - - [21/Jul/2009:07:07:14 -0700] "GET / HTTP/1.1" 200 12816 "-" "Baiduspider+(+http://www.baidu.com/search/spider.htm)"
74.125.16.65 - - [21/Jul/2009:07:07:39 -0700] "GET /gadgets/adpowers/AlexaRank/g.xml HTTP/1.1" 200 3164 "-" "Mozilla/5.0 (compatible) Feedfetcher-Google; (+http://www.google.com/feedfetcher.html)"
74.125.16.65 - - [21/Jul/2009:07:07:40 -0700] "GET /gadgets/adpowers/AlexaRank/ALL_ALL.xml HTTP/1.1" 200 1160 "-" "Mozilla/5.0 (compatible) Feedfetcher-Google; (+http://www.google.com/feedfetcher.html)"
66.249.67.3 - - [21/Jul/2009:07:08:12 -0700] "GET /gallery/main.php?g2_itemId=27567&g2_highlightId=27814 HTTP/1.1" 302 5 "-" "Mozilla/5.0 (compatible; Googlebot/2.1; +http://www.google.com/bot.html)"
91.121.178.140 - - [21/Jul/2009:07:08:17 -0700] "POST /gallery/main.php HTTP/1.1" 500 836 "-" "Mozilla/4.0 (compatible; MSIE 7.0; Windows NT 5.1)"
66.249.67.3 - - [21/Jul/2009:07:08:19 -0700] "GET /gallery/main.php?g2_itemId=27567&g2_page=3 HTTP/1.1" 200 19574 "-" "Mozilla/5.0 (compatible; Googlebot/2.1; +http://www.google.com/bot.html)"
65.55.37.173 - - [21/Jul/2009:07:08:21 -0700] "GET /robots.txt HTTP/1.1" 200 590 "-" "Mozilla/4.0"
91.121.178.140 - - [21/Jul/2009:07:08:21 -0700] "GET /gallery/main.php?g2_itemId=19463 HTTP/1.1" 200 19971 "-" "Mozilla/4.0 (compatible; MSIE 7.0; Windows NT 5.1)"
65.55.37.173 - - [21/Jul/2009:07:08:22 -0700] "GET /index.pl?page=othersideofpyramid HTTP/1.1" 200 4897 "-" "Mozilla/4.0"
74.125.75.17 - - [21/Jul/2009:07:08:23 -0700] "GET /gwidgets/alexa.xml HTTP/1.1" 200 2969 "-" "Mozilla/5.0 (compatible) Feedfetcher-Google; (+http://www.google.com/feedfetcher.html)"
65.55.208.186 - - [21/Jul/2009:07:08:35 -0700] "GET /gallery/main.php?g2_itemId=14942&g2_imageViewsIndex=1 HTTP/1.1" 200 8196 "-" "msnbot/1.1 (+http://search.msn.com/msnbot.htm)"
66.249.67.3 - - [21/Jul/2009:07:09:15 -0700] "GET /gallery/main.php?g2_view=core.DownloadItem&g2_itemId=13724&g2_serialNumber=2 HTTP/1.1" 200 145591 "-" "Googlebot-Image/1.0"
66.249.67.3 - - [21/Jul/2009:07:09:19 -0700] "GET /gallery/main.php?g2_view=core.UserAdmin&g2_subView=core.UserLogin&g2_return=%2Fgallery%2Fmain.php%3Fg2_itemId%3D27705&g2_returnName=photo HTTP/1.1" 200 4004 "-" "Mozilla/5.0 (compatible; Googlebot/2.1; +http://www.google.com/bot.html)"
64.233.172.17 - - [21/Jul/2009:07:09:40 -0700] "GET /gwidgets/alexa.xml HTTP/1.1" 200 2969 "-" "Mozilla/5.0 (compatible) Feedfetcher-Google; (+http://www.google.com/feedfetcher.html)"
65.55.106.134 - - [21/Jul/2009:07:09:45 -0700] "GET /robots.txt HTTP/1.1" 200 590 "-" "msnbot/2.0b (+http://search.msn.com/msnbot.htm)"
123.125.66.21 - - [21/Jul/2009:07:10:01 -0700] "GET / HTTP/1.1" 200 12816 "-" "Baiduspider+(+http://www.baidu.com/search/spider.htm)"
66.249.67.3 - - [21/Jul/2009:07:10:25 -0700] "GET /gallery/main.php?g2_controller=exif.SwitchDetailMode&g2_mode=detailed&g2_return=%2Fgallery%2Fmain.php%3Fg2_itemId%3D27389&g2_returnName=photo HTTP/1.1" 302 5 "-" "Mozilla/5.0 (compatible; Googlebot/2.1; +http://www.google.com/bot.html)"
66.249.67.3 - - [21/Jul/2009:07:10:30 -0700] "GET /gallery/main.php?g2_itemId=27389&g2_fromNavId=xf68560e4 HTTP/1.1" 200 7077 "-" "Mozilla/5.0 (compatible; Googlebot/2.1; +http://www.google.com/bot.html)"
64.233.173.2 - - [21/Jul/2009:07:10:35 -0700] "GET /gadgets/adpowers/AlexaRank/ALL_ALL.xml HTTP/1.1" 200 1160 "-" "FeedFetcher-Google; (+http://www.google.com/feedfetcher.html)"
72.14.193.68 - - [21/Jul/2009:07:10:41 -0700] "GET /gadgets/adpowers/AlexaRank/g.xml HTTP/1.1" 200 3164 "-" "Mozilla/5.0 (compatible) Feedfetcher-Google; (+http://www.google.com/feedfetcher.html)"
72.14.193.68 - - [21/Jul/2009:07:10:42 -0700] "GET /gadgets/adpowers/AlexaRank/ALL_ALL.xml HTTP/1.1" 200 1160 "-" "Mozilla/5.0 (compatible) Feedfetcher-Google; (+http://www.google.com/feedfetcher.html)"
72.14.193.68 - - [21/Jul/2009:07:10:43 -0700] "GET /gadgets/adpowers/AlexaRank/de_ALL.xml HTTP/1.1" 200 1004 "-" "Mozilla/5.0 (compatible) Feedfetcher-Google; (+http://www.google.com/feedfetcher.html)"
72.14.193.68 - - [21/Jul/2009:07:10:44 -0700] "GET /gadgets/adpowers/AlexaRank/de_ALL.xml HTTP/1.1" 200 1004 "-" "Mozilla/5.0 (compatible) Feedfetcher-Google; (+http://www.google.com/feedfetcher.html)"
72.14.192.65 - - [21/Jul/2009:07:10:44 -0700] "GET /gwidgets/alexa.xml HTTP/1.1" 200 2969 "-" "Mozilla/5.0 (compatible) Feedfetcher-Google; (+http://www.google.com/feedfetcher.html)"
64.233.172.17 - - [21/Jul/2009:07:10:54 -0700] "GET /gwidgets/alexa.xml HTTP/1.1" 200 2969 "-" "Mozilla/5.0 (compatible) Feedfetcher-Google; (+http://www.google.com/feedfetcher.html)"
174.36.241.155 - - [21/Jul/2009:07:11:02 -0700] "GET /rss.pl HTTP/1.1" 200 35942 "-" "Mozilla/5.0 (X11; U; Linux i686; en-US; rv:1.2.1; aggregator:Spinn3r (Spinn3r 3.1); http://spinn3r.com/robot) Gecko/20021130"
193.69.237.30 - - [21/Jul/2009:07:11:11 -0700] "GET /googlequicklinks/ HTTP/1.1" 200 1369 "http://www.google.no/search?hl=no&client=firefox-a&rls=org.mozilla%3Anb-NO%3Aofficial&hs=ZeG&q=quicklinks+google&btnG=S%C3%B8k&meta=" "Mozilla/5.0 (Windows; U; Windows NT 6.0; nb-NO; rv:1.9.1.1) Gecko/20090715 Firefox/3.5.1 (.NET CLR 3.5.30729)"
193.69.237.30 - - [21/Jul/2009:07:11:12 -0700] "GET /googlequicklinks/example.png HTTP/1.1" 200 22597 "http://example.org/googlequicklinks/" "Mozilla/5.0 (Windows; U; Windows NT 6.0; nb-NO; rv:1.9.1.1) Gecko/20090715 Firefox/3.5.1 (.NET CLR 3.5.30729)"
66.249.67.3 - - [21/Jul/2009:07:11:12 -0700] "GET /r.pl?http://www.claria.com/ HTTP/1.1" 302 290 "-" "Mozilla/5.0 (compatible; Googlebot/2.1; +http://www.google.com/bot.html)"
193.69.237.30 - - [21/Jul/2009:07:11:12 -0700] "GET /favicon.ico HTTP/1.1" 404 146 "-" "Mozilla/5.0 (Windows; U; Windows NT 6.0; nb-NO; rv:1.9.1.1) Gecko/20090715 Firefox/3.5.1 (.NET CLR 3.5.30729)"
193.69.237.30 - - [21/Jul/2009:07:11:15 -0700] "GET /favicon.ico HTTP/1.1" 206 146 "-" "Mozilla/5.0 (Windows; U; Windows NT 6.0; nb-NO; rv:1.9.1.1) Gecko/20090715 Firefox/3.5.1 (.NET CLR 3.5.30729)"
65.55.208.181 - - [21/Jul/2009:07:11:17 -0700] "GET /gallery/main.php?g2_view=core.UserAdmin&g2_subView=core.UserLogin&g2_return=%2Fgallery%2Fmain.php%3Fg2_itemId%3D22448&g2_returnName=album HTTP/1.1" 200 4004 "-" "msnbot/1.1 (+http://search.msn.com/msnbot.htm)"
74.125.75.17 - - [21/Jul/2009:07:11:18 -0700] "GET /gadgets/adpowers/AlexaRank/g.xml HTTP/1.1" 200 3164 "-" "FeedFetcher-Google; (+http://www.google.com/feedfetcher.html)"
64.233.172.17 - - [21/Jul/2009:07:11:18 -0700] "GET /gadgets/adpowers/AlexaRank/ALL_ALL.xml HTTP/1.1" 200 1160 "-" "FeedFetcher-Google; (+http://www.google.com/feedfetcher.html)"
72.14.194.1 - - [21/Jul/2009:07:11:22 -0700] "GET /gadgets/adpowers/AlexaRank/g.xml HTTP/1.1" 200 3164 "-" "Mozilla/5.0 (compatible) Feedfetcher-Google; (+http://www.google.com/feedfetcher.html)"
74.125.75.17 - - [21/Jul/2009:07:11:22 -0700] "GET /gadgets/adpowers/AlexaRank/g.xml HTTP/1.1" 200 3164 "-" "Mozilla/5.0 (compatible) Feedfetcher-Google; (+http://www.google.com/feedfetcher.html)"
72.14.194.1 - - [21/Jul/2009:07:11:22 -0700] "GET /gadgets/adpowers/AlexaRank/ALL_ALL.xml HTTP/1.1" 200 1160 "-" "Mozilla/5.0 (compatible) Feedfetcher-Google; (+http://www.google.com/feedfetcher.html)"
64.233.172.17 - - [21/Jul/2009:07:11:23 -0700] "GET /gadgets/adpowers/AlexaRank/ALL_ALL.xml HTTP/1.1" 200 1160 "-" "Mozilla/5.0 (compatible) Feedfetcher-Google; (+http://www.google.com/feedfetcher.html)"
66.249.67.3 - - [21/Jul/2009:07:11:31 -0700] "GET /gallery/main.php?g2_controller=exif.SwitchDetailMode&g2_mode=detailed&g2_return=%2Fgallery%2Fmain.php%3Fg2_itemId%3D27814&g2_returnName=photo HTTP/1.1" 302 5 "-" "Mozilla/5.0 (compatible; Googlebot/2.1; +http://www.google.com/bot.html)"
66.249.67.3 - - [21/Jul/2009:07:11:36 -0700] "GET /gallery/main.php?g2_itemId=27814&g2_fromNavId=xdc67492e HTTP/1.1" 200 7603 "-" "Mozilla/5.0 (compatible; Googlebot/2.1; +http://www.google.com/bot.html)"
74.125.16.65 - - [21/Jul/2009:07:12:03 -0700] "GET /gwidgets/alexa.xml HTTP/1.1" 200 2969 "-" "Mozilla/5.0 (compatible) Feedfetcher-Google; (+http://www.google.com/feedfetcher.html)"
65.55.106.138 - - [21/Jul/2009:07:12:03 -0700] "GET /gallery/main.php?g2_view=search.SearchScan&g2_form%5BuseDefaultSettings%5D=1&g2_return=%2Fgallery%2Fmain.php%3Fg2_view%3Dkeyalbum.KeywordAlbum%26g2_keyword%3Drobert%2Bfidelity%26g2_itemId%3D2921&g2_returnName=keyword+album HTTP/1.1" 200 6360 "-" "msnbot/2.0b (+http://search.msn.com/msnbot.htm)"
95.74.114.51 - - [21/Jul/2009:07:12:21 -0700] "GET /gnucache/index.php?get=1&net=gnutella&client=GNUC&version=1.1.1.6 HTTP/1.1" 404 146 "-" "Mozilla/4.0"
66.249.67.87 - - [21/Jul/2009:07:12:38 -0700] "GET /robots.txt HTTP/1.1" 301 329 "-" "Mozilla/5.0 (compatible; Googlebot/2.1; +http://www.google.com/bot.html)"
66.249.67.3 - - [21/Jul/2009:07:12:38 -0700] "GET /robots.txt HTTP/1.1" 200 590 "-" "Mozilla/5.0 (compatible; Googlebot/2.1; +http://www.google.com/bot.html)"
66.249.67.87 - - [21/Jul/2009:07:12:39 -0700] "GET /gallery/main.php?g2_view=core.UserAdmin&g2_subView=core.UserLogin&g2_return=%2Fgallery%2Fmain.php%3Fg2_itemId%3D17878%26g2_page%3D5&g2_returnName=album HTTP/1.1" 200 4046 "-" "Mozilla/5.0 (compatible; Googlebot/2.1; +http://www.google.com/bot.html)"
65.55.106.210 - - [21/Jul/2009:07:12:41 -0700] "GET /gallery/main.php?g2_itemId=26955 HTTP/1.1" 200 8346 "-" "msnbot/2.0b (+http://search.msn.com/msnbot.htm)"
65.55.110.218 - - [21/Jul/2009:07:12:46 -0700] "GET /gallery/main.php?g2_itemId=14942&g2_imageViewsIndex=1 HTTP/1.1" 200 8216 "http://www.bing.com/search?q=value" "Mozilla/4.0 (compatible;  MSIE 6.0;  Windows NT 5.2;  SV1;  .NET CLR 1.1.4325;  .NET CLR 2.0.50727;  .NET CLR 3.0.30729;  .NET CLR 3.5.30729;  InfoPath.2)"
65.55.110.218 - - [21/Jul/2009:07:12:55 -0700] "GET /gallery/modules/icons/iconpacks/paularmstrongdesigns/icons.css HTTP/1.1" 200 8847 "http://example.org/gallery/main.php?g2_itemId=14942&g2_imageViewsIndex=1" "Mozilla/4.0 (compatible;  MSIE 6.0;  Windows NT 5.2;  SV1;  .NET CLR 1.1.4325;  .NET CLR 2.0.50727;  .NET CLR 3.0.30729;  .NET CLR 3.5.30729;  InfoPath.2)"
65.55.110.218 - - [21/Jul/2009:07:12:55 -0700] "GET /gallery/modules/rating/rating.css HTTP/1.1" 200 1355 "http://example.org/gallery/main.php?g2_itemId=14942&g2_imageViewsIndex=1" "Mozilla/4.0 (compatible;  MSIE 6.0;  Windows NT 5.2;  SV1;  .NET CLR 1.1.4325;  .NET CLR 2.0.50727;  .NET CLR 3.0.30729;  .NET CLR 3.5.30729;  InfoPath.2)"
65.55.110.218 - - [21/Jul/2009:07:12:58 -0700] "GET /gallery/modules/core/data/gallery.css HTTP/1.1" 200 9535 "http://example.org/gallery/main.php?g2_itemId=14942&g2_imageViewsIndex=1" "Mozilla/4.0 (compatible;  MSIE 6.0;  Windows NT 5.2;  SV1;  .NET CLR 1.1.4325;  .NET CLR 2.0.50727;  .NET CLR 3.0.30729;  .NET CLR 3.5.30729;  InfoPath.2)"
65.55.110.218 - - [21/Jul/2009:07:12:58 -0700] "GET /gallery/modules/search/SearchBlock.js HTTP/1.1" 200 992 "http://example.org/gallery/main.php?g2_itemId=14942&g2_imageViewsIndex=1" "Mozilla/4.0 (compatible;  MSIE 6.0;  Windows NT 5.2;  SV1;  .NET CLR 1.1.4325;  .NET CLR 2.0.50727;  .NET CLR 3.0.30729;  .NET CLR 3.5.30729;  InfoPath.2)"
65.55.110.218 - - [21/Jul/2009:07:13:00 -0700] "GET /gallery/lib/yui/yahoo-min.js HTTP/1.1" 200 1419 "http://example.org/gallery/main.php?g2_itemId=14942&g2_imageViewsIndex=1" "Mozilla/4.0 (compatible;  MSIE 6.0;  Windows NT 5.2;  SV1;  .NET CLR 1.1.4325;  .NET CLR 2.0.50727;  .NET CLR 3.0.30729;  .NET CLR 3.5.30729;  InfoPath.2)"
65.55.110.218 - - [21/Jul/2009:07:13:01 -0700] "GET /gallery/lib/yui/connection-min.js HTTP/1.1" 200 7959 "http://example.org/gallery/main.php?g2_itemId=14942&g2_imageViewsIndex=1" "Mozilla/4.0 (compatible;  MSIE 6.0;  Windows NT 5.2;  SV1;  .NET CLR 1.1.4325;  .NET CLR 2.0.50727;  .NET CLR 3.0.30729;  .NET CLR 3.5.30729;  InfoPath.2)"
65.55.110.218 - - [21/Jul/2009:07:13:04 -0700] "GET /gallery/modules/rating/rating.js HTTP/1.1" 200 3066 "http://example.org/gallery/main.php?g2_itemId=14942&g2_imageViewsIndex=1" "Mozilla/4.0 (compatible;  MSIE 6.0;  Windows NT 5.2;  SV1;  .NET CLR 1.1.4325;  .NET CLR 2.0.50727;  .NET CLR 3.0.30729;  .NET CLR 3.5.30729;  InfoPath.2)"
65.55.106.169 - - [21/Jul/2009:07:13:05 -0700] "GET /gallery/main.php?g2_controller=exif.SwitchDetailMode&g2_mode=detailed&g2_return=%2Fgallery%2Fmain.php%3Fg2_itemId%3D26545&g2_returnName=photo HTTP/1.1" 302 5 "-" "msnbot/2.0b (+http://search.msn.com/msnbot.htm)"
65.55.110.218 - - [21/Jul/2009:07:13:06 -0700] "GET /gallery/themes/matrix/theme.css HTTP/1.1" 200 12605 "http://example.org/gallery/main.php?g2_itemId=14942&g2_imageViewsIndex=1" "Mozilla/4.0 (compatible;  MSIE 6.0;  Windows NT 5.2;  SV1;  .NET CLR 1.1.4325;  .NET CLR 2.0.50727;  .NET CLR 3.0.30729;  .NET CLR 3.5.30729;  InfoPath.2)"
74.125.16.65 - - [21/Jul/2009:07:13:22 -0700] "GET /gadgets/adpowers/AlexaRank/g.xml HTTP/1.1" 200 3164 "-" "Mozilla/5.0 (compatible) Feedfetcher-Google; (+http://www.google.com/feedfetcher.html)"
74.125.16.65 - - [21/Jul/2009:07:13:23 -0700] "GET /gadgets/adpowers/AlexaRank/ALL_ALL.xml HTTP/1.1" 200 1160 "-" "Mozilla/5.0 (compatible) Feedfetcher-Google; (+http://www.google.com/feedfetcher.html)"
65.55.110.218 - - [21/Jul/2009:07:13:26 -0700] "GET /gallery/main.php?g2_view=core.DownloadItem&g2_itemId=14942&g2_serialNumber=2 HTTP/1.1" 200 120784 "http://example.org/gallery/main.php?g2_itemId=14942&g2_imageViewsIndex=1" "Mozilla/4.0 (compatible;  MSIE 6.0;  Windows NT 5.2;  SV1;  .NET CLR 1.1.4325;  .NET CLR 2.0.50727;  .NET CLR 3.0.30729;  .NET CLR 3.5.30729;  InfoPath.2)"
74.125.74.193 - - [21/Jul/2009:07:13:30 -0700] "GET /gwidgets/alexa.xml HTTP/1.1" 200 2969 "-" "Mozilla/5.0 (compatible) Feedfetcher-Google; (+http://www.google.com/feedfetcher.html)"
198.31.196.189 - - [21/Jul/2009:07:13:31 -0700] "GET /images/iPod-ad-jpop.png HTTP/1.1" 200 16809 "http://www.nickscrusade.org/category/religion/torah-religion/" "Mozilla/5.0 (Macintosh; U; Intel Mac OS X 10_5_6; en-us) AppleWebKit/525.27.1 (KHTML, like Gecko) Version/3.2.1 Safari/525.27.1"
66.249.67.3 - - [21/Jul/2009:07:13:45 -0700] "GET /gallery/main.php?g2_view=search.SearchScan&g2_form%5BuseDefaultSettings%5D=1&g2_return=%2Fgallery%2Fmain.php%3Fg2_itemId%3D28360&g2_returnName=photo HTTP/1.1" 200 6360 "-" "Mozilla/5.0 (compatible; Googlebot/2.1; +http://www.google.com/bot.html)"
64.233.172.17 - - [21/Jul/2009:07:14:18 -0700] "GET /gadgets/adpowers/AlexaRank/g.xml HTTP/1.1" 200 3164 "-" "Mozilla/5.0 (compatible) Feedfetcher-Google; (+http://www.google.com/feedfetcher.html)"
64.233.172.17 - - [21/Jul/2009:07:14:18 -0700] "GET /gadgets/adpowers/AlexaRank/ALL_ALL.xml HTTP/1.1" 200 1160 "-" "Mozilla/5.0 (compatible) Feedfetcher-Google; (+http://www.google.com/feedfetcher.html)"
66.249.67.3 - - [21/Jul/2009:07:14:48 -0700] "GET /images/picasarecentactivity.png HTTP/1.1" 304 - "-" "Googlebot-Image/1.0"
66.249.67.3 - - [21/Jul/2009:07:14:52 -0700] "GET /gallery/main.php?g2_view=core.UserAdmin&g2_subView=core.UserLogin&g2_return=%2Fgallery%2Fmain.php%3Fg2_itemId%3D27992&g2_returnName=photo HTTP/1.1" 200 4004 "-" "Mozilla/5.0 (compatible; Googlebot/2.1; +http://www.google.com/bot.html)"
124.115.4.225 - - [21/Jul/2009:07:14:55 -0700] "GET /images/riya.png HTTP/1.1" 200 5556 "http://image.soso.com" "Sosoimagespider+(+http://help.soso.com/soso-image-spider.htm)"
64.233.172.17 - - [21/Jul/2009:07:15:01 -0700] "GET /gwidgets/alexa.xml HTTP/1.1" 200 2969 "-" "Mozilla/5.0 (compatible) Feedfetcher-Google; (+http://www.google.com/feedfetcher.html)"
65.55.106.189 - - [21/Jul/2009:07:15:09 -0700] "GET /robots.txt HTTP/1.1" 200 590 "-" "msnbot/2.0b (+http://search.msn.com/msnbot.htm)"
66.249.67.3 - - [21/Jul/2009:07:15:16 -0700] "GET /gallery/main.php?g2_itemId=8086&g2_highlightId=8393 HTTP/1.1" 302 5 "-" "Mozilla/5.0 (compatible; Googlebot/2.1; +http://www.google.com/bot.html)"
66.249.67.3 - - [21/Jul/2009:07:15:18 -0700] "GET /gallery/main.php?g2_view=comment.ShowAllComments&g2_itemId=3648&g2_fromNavId=xb9f94c77 HTTP/1.1" 200 5160 "-" "Mozilla/5.0 (compatible; Googlebot/2.1; +http://www.google.com/bot.html)"
66.249.67.3 - - [21/Jul/2009:07:15:22 -0700] "GET /gallery/main.php?g2_itemId=8086&g2_page=5 HTTP/1.1" 200 17668 "-" "Mozilla/5.0 (compatible; Googlebot/2.1; +http://www.google.com/bot.html)"
72.14.192.65 - - [21/Jul/2009:07:15:40 -0700] "GET /rss.pl HTTP/1.1" 200 35942 "-" "FeedFetcher-Google-CoOp; (+http://www.google.com/coop/docs/subscribedlinks/developer_guide.html#Publishing)"
66.249.67.3 - - [21/Jul/2009:07:15:58 -0700] "GET /gallery/main.php?g2_controller=exif.SwitchDetailMode&g2_mode=detailed&g2_return=%2Fgallery%2Fmain.php%3Fg2_itemId%3D27729&g2_returnName=photo HTTP/1.1" 302 5 "-" "Mozilla/5.0 (compatible; Googlebot/2.1; +http://www.google.com/bot.html)"
66.249.67.3 - - [21/Jul/2009:07:16:02 -0700] "GET /gallery/main.php?g2_itemId=27729&g2_fromNavId=x5adf5610 HTTP/1.1" 200 7603 "-" "Mozilla/5.0 (compatible; Googlebot/2.1; +http://www.google.com/bot.html)"
66.249.67.3 - - [21/Jul/2009:07:16:03 -0700] "GET /r.pl?http://www.reason.com/links/links011703.shtml HTTP/1.1" 302 313 "-" "Mozilla/5.0 (compatible; Googlebot/2.1; +http://www.google.com/bot.html)"
74.125.74.193 - - [21/Jul/2009:07:16:07 -0700] "GET /gadgets/adpowers/AlexaRank/ALL_ALL.xml HTTP/1.1" 200 1160 "-" "Mozilla/5.0 (compatible) Feedfetcher-Google; (+http://www.google.com/feedfetcher.html)"
74.125.74.193 - - [21/Jul/2009:07:16:08 -0700] "GET /gadgets/adpowers/AlexaRank/g.xml HTTP/1.1" 200 3164 "-" "Mozilla/5.0 (compatible) Feedfetcher-Google; (+http://www.google.com/feedfetcher.html)"
74.125.74.193 - - [21/Jul/2009:07:16:08 -0700] "GET /gadgets/adpowers/AlexaRank/ja_ALL.xml HTTP/1.1" 200 1264 "-" "Mozilla/5.0 (compatible) Feedfetcher-Google; (+http://www.google.com/feedfetcher.html)"
65.55.106.189 - - [21/Jul/2009:07:16:20 -0700] "GET /gallery/main.php?g2_itemId=3744 HTTP/1.1" 200 8349 "-" "msnbot/2.0b (+http://search.msn.com/msnbot.htm)"
72.14.193.68 - - [21/Jul/2009:07:16:26 -0700] "GET /gadgets/adpowers/AlexaRank/g.xml HTTP/1.1" 200 3164 "-" "Mozilla/5.0 (compatible) Feedfetcher-Google; (+http://www.google.com/feedfetcher.html)"
72.14.193.68 - - [21/Jul/2009:07:16:27 -0700] "GET /gadgets/adpowers/AlexaRank/ALL_ALL.xml HTTP/1.1" 200 1160 "-" "Mozilla/5.0 (compatible) Feedfetcher-Google; (+http://www.google.com/feedfetcher.html)"
72.14.193.68 - - [21/Jul/2009:07:16:28 -0700] "GET /gadgets/adpowers/AlexaRank/de_ALL.xml HTTP/1.1" 200 1004 "-" "Mozilla/5.0 (compatible) Feedfetcher-Google; (+http://www.google.com/feedfetcher.html)"
74.207.197.82 - - [21/Jul/2009:07:16:35 -0700] "GET /images/pigtrihawk.jpg HTTP/1.1" 200 29236 "http://www.swivel.com/graphs/show/3131036" "Mozilla/4.0 (compatible; MSIE 7.0; Windows NT 5.1; SIMBAR={4786C8B1-D7D7-4105-B5A6-FA9B1C7DAB17}; .NET CLR 1.1.4322; InfoPath.1; .NET CLR 2.0.50727)"
66.249.67.87 - - [21/Jul/2009:07:17:06 -0700] "GET /gallery/main.php?g2_itemId=575 HTTP/1.1" 200 6899 "-" "Mozilla/5.0 (compatible; Googlebot/2.1; +http://www.google.com/bot.html)"
72.14.192.65 - - [21/Jul/2009:07:17:16 -0700] "GET /gwidgets/alexa.xml HTTP/1.1" 200 2969 "-" "Mozilla/5.0 (compatible) Feedfetcher-Google; (+http://www.google.com/feedfetcher.html)"
65.55.106.134 - - [21/Jul/2009:07:17:26 -0700] "GET /gallery/main.php?g2_itemId=24865 HTTP/1.1" 200 7981 "-" "msnbot/2.0b (+http://search.msn.com/msnbot.htm)"
122.161.184.193 - - [21/Jul/2009:07:17:33 -0700] "GET /rss.pl HTTP/1.1" 200 35942 "-" "Mozilla/4.0 (compatible; MSIE 7.0; Windows NT 6.0; Trident/4.0; SLCC1; .NET CLR 2.0.50727; .NET CLR 3.5.21022; InfoPath.2; .NET CLR 3.5.30729; .NET CLR 3.0.30618; OfficeLiveConnector.1.3; OfficeLivePatch.1.3; MSOffice 12)"
67.183.157.181 - - [21/Jul/2009:07:17:35 -0700] "GET /rss.pl HTTP/1.1" 200 35942 "-" "Mozilla/5.0 (Windows; U; Windows NT 6.0; en-US; rv:1.8.1.22) Gecko/20090605 Thunderbird/2.0.0.22"
72.14.194.1 - - [21/Jul/2009:07:17:43 -0700] "GET /gwidgets/alexa.xml HTTP/1.1" 200 2969 "-" "Mozilla/5.0 (compatible) Feedfetcher-Google; (+http://www.google.com/feedfetcher.html)"
66.249.67.87 - - [21/Jul/2009:07:18:12 -0700] "GET /gallery/main.php?g2_itemId=18203 HTTP/1.1" 200 8282 "-" "Mozilla/5.0 (compatible; Googlebot/2.1; +http://www.google.com/bot.html)"
72.14.192.65 - - [21/Jul/2009:07:18:38 -0700] "GET /gadgets/adpowers/AlexaRank/g.xml HTTP/1.1" 200 3164 "-" "Mozilla/5.0 (compatible) Feedfetcher-Google; (+http://www.google.com/feedfetcher.html)"
72.14.192.65 - - [21/Jul/2009:07:18:39 -0700] "GET /gadgets/adpowers/AlexaRank/ALL_ALL.xml HTTP/1.1" 200 1160 "-" "Mozilla/5.0 (compatible) Feedfetcher-Google; (+http://www.google.com/feedfetcher.html)"
74.125.16.65 - - [21/Jul/2009:07:19:04 -0700] "GET /gwidgets/alexa.xml HTTP/1.1" 200 2969 "-" "Mozilla/5.0 (compatible) Feedfetcher-Google; (+http://www.google.com/feedfetcher.html)"
74.125.16.65 - - [21/Jul/2009:07:19:04 -0700] "GET /gwidgets/alexa.xml HTTP/1.1" 200 2969 "-" "Mozilla/5.0 (compatible) Feedfetcher-Google; (+http://www.google.com/feedfetcher.html)"
66.249.67.3 - - [21/Jul/2009:07:19:18 -0700] "GET /gallery/main.php?g2_view=core.UserAdmin&g2_subView=core.UserLogin&g2_return=%2Fgallery%2Fmain.php%3Fg2_itemId%3D27385&g2_returnName=photo HTTP/1.1" 200 4004 "-" "Mozilla/5.0 (compatible; Googlebot/2.1; +http://www.google.com/bot.html)"
66.249.67.3 - - [21/Jul/2009:07:19:28 -0700] "GET /gallery/main.php?g2_itemId=8086&g2_highlightId=10610 HTTP/1.1" 302 5 "-" "Mozilla/5.0 (compatible; Googlebot/2.1; +http://www.google.com/bot.html)"
67.228.53.210 - - [21/Jul/2009:07:19:30 -0700] "GET /rss.pl HTTP/1.1" 200 35942 "http://example.org/rss.pl" "SimplePie/1.1.1 (Feed Packnowledgementr; http://simplepie.org; Allow like Gecko) Build/20080315205903"
67.228.53.210 - - [21/Jul/2009:07:19:31 -0700] "GET /rss.pl HTTP/1.1" 200 35942 "http://example.org/rss.pl" "Toluu"
67.228.53.210 - - [21/Jul/2009:07:19:32 -0700] "GET /favicon.ico HTTP/1.1" 404 146 "http://example.org/favicon.ico" "Toluu"
66.249.67.3 - - [21/Jul/2009:07:19:33 -0700] "GET /gallery/main.php?g2_itemId=8086&g2_page=35 HTTP/1.1" 200 17756 "-" "Mozilla/5.0 (compatible; Googlebot/2.1; +http://www.google.com/bot.html)"
74.125.16.65 - - [21/Jul/2009:07:19:39 -0700] "GET /gadgets/flarn2006/Link/g.xml HTTP/1.1" 200 719 "-" "Mozilla/5.0 (compatible) Feedfetcher-Google; (+http://www.google.com/feedfetcher.html)"
74.125.74.193 - - [21/Jul/2009:07:19:53 -0700] "GET /gwidgets/alexa.xml HTTP/1.1" 200 2969 "-" "Mozilla/5.0 (compatible) Feedfetcher-Google; (+http://www.google.com/feedfetcher.html)"
122.161.184.193 - - [21/Jul/2009:07:20:06 -0700] "GET /rss.pl HTTP/1.1" 200 35942 "-" "Windows-RSS-Platform/2.0 (MSIE 8.0; Windows NT 6.0)"
122.161.184.193 - - [21/Jul/2009:07:20:08 -0700] "GET /rss.pl HTTP/1.1" 200 35942 "-" "Mozilla/4.0 (compatible; MSIE 7.0; Windows NT 6.0; Trident/4.0; SLCC1; .NET CLR 2.0.50727; .NET CLR 3.5.21022; InfoPath.2; .NET CLR 3.5.30729; .NET CLR 3.0.30618; OfficeLiveConnector.1.3; OfficeLivePatch.1.3; MSOffice 12)"
74.125.16.65 - - [21/Jul/2009:07:20:18 -0700] "GET /gadgets/adpowers/AlexaRank/de_ALL.xml HTTP/1.1" 200 1004 "-" "FeedFetcher-Google; (+http://www.google.com/feedfetcher.html)"
66.249.67.3 - - [21/Jul/2009:07:20:24 -0700] "GET /gallery/main.php?g2_controller=exif.SwitchDetailMode&g2_mode=detailed&g2_return=%2Fgallery%2Fmain.php%3Fg2_itemId%3D28360&g2_returnName=photo HTTP/1.1" 302 5 "-" "Mozilla/5.0 (compatible; Googlebot/2.1; +http://www.google.com/bot.html)"
66.249.67.3 - - [21/Jul/2009:07:20:28 -0700] "GET /gallery/main.php?g2_itemId=28360&g2_fromNavId=x0fd18e17 HTTP/1.1" 200 8369 "-" "Mozilla/5.0 (compatible; Googlebot/2.1; +http://www.google.com/bot.html)"
66.249.67.3 - - [21/Jul/2009:07:20:48 -0700] "GET /r.pl?http://gallery.menalto.com/ HTTP/1.1" 302 295 "-" "Mozilla/5.0 (compatible; Googlebot/2.1; +http://www.google.com/bot.html)"
65.55.208.187 - - [21/Jul/2009:07:21:14 -0700] "GET /gallery/main.php?g2_controller=exif.SwitchDetailMode&g2_mode=detailed&g2_return=%2Fgallery%2Fmain.php%3Fg2_itemId%3D33377&g2_returnName=photo HTTP/1.1" 302 5 "-" "msnbot/1.1 (+http://search.msn.com/msnbot.htm)"
66.135.96.43 - - [21/Jul/2009:07:21:23 -0700] "GET /index.pl?page=perl HTTP/1.1" 200 6067 "http://www.google.com/search?client=firefox-a&rls=org.mozilla%3Aen-US%3Aofficial&channel=s&hl=en&q=perl+usr%2Fperl%2Fbin&btnG=Google+Search" "Mozilla/5.0 (Windows; U; Windows NT 5.1; en-US; rv:1.9.0.11) Gecko/2009060215 Firefox/3.0.11"
66.135.96.43 - - [21/Jul/2009:07:21:24 -0700] "GET /style.css HTTP/1.1" 200 1504 "http://example.org/index.pl?page=perl" "Mozilla/5.0 (Windows; U; Windows NT 5.1; en-US; rv:1.9.0.11) Gecko/2009060215 Firefox/3.0.11"
66.135.96.43 - - [21/Jul/2009:07:21:24 -0700] "GET /images/fullsize_perl-back.jpg HTTP/1.1" 200 14325 "http://example.org/index.pl?page=perl" "Mozilla/5.0 (Windows; U; Windows NT 5.1; en-US; rv:1.9.0.11) Gecko/2009060215 Firefox/3.0.11"
66.249.67.3 - - [21/Jul/2009:07:21:25 -0700] "GET /index.pl?page=perl HTTP/1.1" 200 6069 "-" "Mediapartners-Google"
66.135.96.43 - - [21/Jul/2009:07:21:25 -0700] "GET /favicon.ico HTTP/1.1" 404 146 "-" "Mozilla/5.0 (Windows; U; Windows NT 5.1; en-US; rv:1.9.0.11) Gecko/2009060215 Firefox/3.0.11"
66.249.67.3 - - [21/Jul/2009:07:21:28 -0700] "GET /index.pl?page=perl HTTP/1.1" 200 6067 "-" "Mediapartners-Google"
66.135.96.43 - - [21/Jul/2009:07:21:28 -0700] "GET /favicon.ico HTTP/1.1" 206 146 "-" "Mozilla/5.0 (Windows; U; Windows NT 5.1; en-US; rv:1.9.0.11) Gecko/2009060215 Firefox/3.0.11"
66.249.67.3 - - [21/Jul/2009:07:21:31 -0700] "GET /gallery/main.php?g2_itemId=27316&g2_highlightId=27389 HTTP/1.1" 302 5 "-" "Mozilla/5.0 (compatible; Googlebot/2.1; +http://www.google.com/bot.html)"
66.249.67.3 - - [21/Jul/2009:07:21:35 -0700] "GET /gallery/main.php?g2_itemId=27316&g2_page=2 HTTP/1.1" 200 19781 "-" "Mozilla/5.0 (compatible; Googlebot/2.1; +http://www.google.com/bot.html)"
72.14.192.65 - - [21/Jul/2009:07:21:40 -0700] "GET /rss.pl HTTP/1.1" 200 35942 "-" "FeedFetcher-Google-CoOp; (+http://www.google.com/coop/docs/subscribedlinks/developer_guide.html#Publishing)"
74.125.75.17 - - [21/Jul/2009:07:21:44 -0700] "GET /gwidgets/alexa.xml HTTP/1.1" 200 2969 "-" "Mozilla/5.0 (compatible) Feedfetcher-Google; (+http://www.google.com/feedfetcher.html)"
74.125.16.65 - - [21/Jul/2009:07:21:45 -0700] "GET /gadgets/adpowers/AlexaRank/g.xml HTTP/1.1" 200 3164 "-" "Mozilla/5.0 (compatible) Feedfetcher-Google; (+http://www.google.com/feedfetcher.html)"
74.125.16.65 - - [21/Jul/2009:07:21:46 -0700] "GET /gadgets/adpowers/AlexaRank/ALL_ALL.xml HTTP/1.1" 200 1160 "-" "Mozilla/5.0 (compatible) Feedfetcher-Google; (+http://www.google.com/feedfetcher.html)"
74.125.16.65 - - [21/Jul/2009:07:21:47 -0700] "GET /gadgets/adpowers/AlexaRank/ALL_ALL.xml HTTP/1.1" 200 1160 "-" "Mozilla/5.0 (compatible) Feedfetcher-Google; (+http://www.google.com/feedfetcher.html)"
65.55.208.181 - - [21/Jul/2009:07:21:48 -0700] "GET /gallery/main.php?g2_itemId=32812 HTTP/1.1" 200 6959 "-" "msnbot/1.1 (+http://search.msn.com/msnbot.htm)"
122.161.184.193 - - [21/Jul/2009:07:21:53 -0700] "GET /rss.pl HTTP/1.1" 200 35942 "-" "Mozilla/4.0 (compatible; MSIE 7.0; Windows NT 6.0; Trident/4.0; SLCC1; .NET CLR 2.0.50727; .NET CLR 3.5.21022; InfoPath.2; .NET CLR 3.5.30729; .NET CLR 3.0.30618; OfficeLiveConnector.1.3; OfficeLivePatch.1.3; MSOffice 12)"
65.55.208.187 - - [21/Jul/2009:07:22:32 -0700] "GET /gallery/main.php?g2_itemId=33377&g2_fromNavId=xe8b21cd7 HTTP/1.1" 200 8213 "-" "msnbot/1.1 (+http://search.msn.com/msnbot.htm)"
66.249.67.3 - - [21/Jul/2009:07:22:37 -0700] "GET /gallery/main.php?g2_controller=exif.SwitchDetailMode&g2_mode=detailed&g2_return=%2Fgallery%2Fmain.php%3Fg2_itemId%3D27705&g2_returnName=photo HTTP/1.1" 302 5 "-" "Mozilla/5.0 (compatible; Googlebot/2.1; +http://www.google.com/bot.html)"
66.249.67.3 - - [21/Jul/2009:07:22:41 -0700] "GET /gallery/main.php?g2_itemId=27705&g2_fromNavId=x9fadf4e8 HTTP/1.1" 200 7603 "-" "Mozilla/5.0 (compatible; Googlebot/2.1; +http://www.google.com/bot.html)"
72.30.142.87 - - [21/Jul/2009:07:22:46 -0700] "GET /gallery/main.php?g2_itemId=23714 HTTP/1.0" 200 7451 "-" "Mozilla/5.0 (compatible; Yahoo! Slurp/3.0; http://help.yahoo.com/help/us/ysearch/slurp)"
72.30.142.87 - - [21/Jul/2009:07:22:46 -0700] "GET /gallery/modules/icons/iconpacks/paularmstrongdesigns/icons.css HTTP/1.0" 304 - "http://example.org/gallery/main.php?g2_itemId=23714" "Mozilla/5.0 (compatible; Yahoo! Slurp/3.0; http://help.yahoo.com/help/us/ysearch/slurp)"
65.55.37.219 - - [21/Jul/2009:07:22:53 -0700] "GET /robots.txt HTTP/1.1" 200 590 "-" "Mozilla/4.0"
64.233.173.2 - - [21/Jul/2009:07:22:58 -0700] "GET /gwidgets/alexa.xml HTTP/1.1" 200 2969 "-" "FeedFetcher-Google; (+http://www.google.com/feedfetcher.html)"
64.233.172.17 - - [21/Jul/2009:07:23:01 -0700] "GET /gwidgets/alexa.xml HTTP/1.1" 200 2969 "-" "Mozilla/5.0 (compatible) Feedfetcher-Google; (+http://www.google.com/feedfetcher.html)"
74.125.74.193 - - [21/Jul/2009:07:23:14 -0700] "GET /gadgets/adpowers/AlexaRank/ALL_ALL.xml HTTP/1.1" 200 1160 "-" "FeedFetcher-Google; (+http://www.google.com/feedfetcher.html)"
65.55.106.206 - - [21/Jul/2009:07:23:18 -0700] "GET /gallery/main.php?g2_itemId=4274 HTTP/1.1" 200 7314 "-" "msnbot/2.0b (+http://search.msn.com/msnbot.htm)"
65.55.106.169 - - [21/Jul/2009:07:23:23 -0700] "GET /gallery/main.php?g2_itemId=26545&g2_fromNavId=x854c3368 HTTP/1.1" 200 8224 "-" "msnbot/2.0b (+http://search.msn.com/msnbot.htm)"
74.125.16.65 - - [21/Jul/2009:07:23:26 -0700] "GET /gadgets/adpowers/AlexaRank/ALL_ALL.xml HTTP/1.1" 200 1160 "-" "FeedFetcher-Google; (+http://www.google.com/feedfetcher.html)"
66.249.67.3 - - [21/Jul/2009:07:23:44 -0700] "GET /gallery/main.php?g2_itemId=27316&g2_highlightId=27385 HTTP/1.1" 302 5 "-" "Mozilla/5.0 (compatible; Googlebot/2.1; +http://www.google.com/bot.html)"
65.55.106.120 - - [21/Jul/2009:07:24:07 -0700] "GET /gallery/main.php?g2_view=core.UserAdmin&g2_subView=core.UserLogin&g2_return=%2Fgallery%2Fmain.php%3Fg2_itemId%3D33295&g2_returnName=photo HTTP/1.1" 200 4004 "-" "msnbot/2.0b (+http://search.msn.com/msnbot.htm)"
66.249.67.3 - - [21/Jul/2009:07:24:17 -0700] "GET /gallery/main.php?g2_view=core.DownloadItem&g2_itemId=7383&g2_serialNumber=1 HTTP/1.1" 200 127553 "-" "Googlebot-Image/1.0"
122.161.184.193 - - [21/Jul/2009:07:24:21 -0700] "GET /rss.pl HTTP/1.1" 200 35942 "-" "Mozilla/4.0 (compatible; MSIE 7.0; Windows NT 6.0; Trident/4.0; SLCC1; .NET CLR 2.0.50727; .NET CLR 3.5.21022; InfoPath.2; .NET CLR 3.5.30729; .NET CLR 3.0.30618; OfficeLiveConnector.1.3; OfficeLivePatch.1.3; MSOffice 12)"
74.125.16.65 - - [21/Jul/2009:07:24:48 -0700] "GET /gwidgets/alexa.xml HTTP/1.1" 200 2969 "-" "Mozilla/5.0 (compatible) Feedfetcher-Google; (+http://www.google.com/feedfetcher.html)"
66.249.67.3 - - [21/Jul/2009:07:24:51 -0700] "GET /gallery/main.php?g2_view=comment.ShowAllComments&g2_itemId=32291&g2_fromNavId=x8c26fa21 HTTP/1.1" 200 5186 "-" "Mozilla/5.0 (compatible; Googlebot/2.1; +http://www.google.com/bot.html)"
72.30.142.87 - - [21/Jul/2009:07:25:00 -0700] "GET /gallery/main.php?g2_itemId=3110 HTTP/1.0" 200 7940 "-" "Mozilla/5.0 (compatible; Yahoo! Slurp/3.0; http://help.yahoo.com/help/us/ysearch/slurp)"
72.14.194.1 - - [21/Jul/2009:07:25:20 -0700] "GET /gwidgets/alexa.xml HTTP/1.1" 200 2969 "-" "Mozilla/5.0 (compatible) Feedfetcher-Google; (+http://www.google.com/feedfetcher.html)"
72.14.194.1 - - [21/Jul/2009:07:25:27 -0700] "GET /gadgets/adpowers/AlexaRank/g.xml HTTP/1.1" 200 3164 "-" "Mozilla/5.0 (compatible) Feedfetcher-Google; (+http://www.google.com/feedfetcher.html)"
217.148.215.11 - - [21/Jul/2009:07:25:28 -0700] "GET /index.pl?page=perl HTTP/1.0" 200 6050 "http://www.google.com/search?rlz=1C1GGLS_ruRU316RU318&sourceid=chrome&ie=UTF-8&q=%23!%2Fusr%2Fbin%2Fperl+-w" "Mozilla/5.0 (Windows; U; Windows NT 5.1; en-US) AppleWebKit/525.19 (KHTML, like Gecko) Chrome/1.0.154.48 Safari/525.19"
72.14.194.1 - - [21/Jul/2009:07:25:30 -0700] "GET /gadgets/adpowers/AlexaRank/ALL_ALL.xml HTTP/1.1" 200 1160 "-" "Mozilla/5.0 (compatible) Feedfetcher-Google; (+http://www.google.com/feedfetcher.html)"
217.148.215.11 - - [21/Jul/2009:07:25:32 -0700] "GET /style.css HTTP/1.0" 200 1504 "http://example.org/index.pl?page=perl" "Mozilla/5.0 (Windows; U; Windows NT 5.1; en-US) AppleWebKit/525.19 (KHTML, like Gecko) Chrome/1.0.154.48 Safari/525.19"
72.14.194.1 - - [21/Jul/2009:07:25:32 -0700] "GET /gadgets/adpowers/AlexaRank/ALL_ALL.xml HTTP/1.1" 200 1160 "-" "Mozilla/5.0 (compatible) Feedfetcher-Google; (+http://www.google.com/feedfetcher.html)"
217.148.215.11 - - [21/Jul/2009:07:25:36 -0700] "GET /images/fullsize_perl-back.jpg HTTP/1.0" 200 14325 "http://example.org/index.pl?page=perl" "Mozilla/5.0 (Windows; U; Windows NT 5.1; en-US) AppleWebKit/525.19 (KHTML, like Gecko) Chrome/1.0.154.48 Safari/525.19"
217.148.215.11 - - [21/Jul/2009:07:25:38 -0700] "GET /favicon.ico HTTP/1.0" 404 146 "-" "Mozilla/5.0 (Windows; U; Windows NT 5.1; en-US) AppleWebKit/525.19 (KHTML, like Gecko) Chrome/1.0.154.48 Safari/525.19"
66.249.67.3 - - [21/Jul/2009:07:25:38 -0700] "GET /gallery/main.php?g2_itemId=32961&g2_fromNavId=xf54599c2 HTTP/1.1" 200 8323 "-" "Mozilla/5.0 (compatible; Googlebot/2.1; +http://www.google.com/bot.html)"
66.249.67.3 - - [21/Jul/2009:07:25:58 -0700] "GET /gallery/main.php?g2_itemId=27567&g2_highlightId=27729 HTTP/1.1" 302 5 "-" "Mozilla/5.0 (compatible; Googlebot/2.1; +http://www.google.com/bot.html)"
66.249.67.3 - - [21/Jul/2009:07:26:11 -0700] "GET /gallery/main.php?g2_itemId=27567&g2_page=2 HTTP/1.1" 200 19249 "-" "Mozilla/5.0 (compatible; Googlebot/2.1; +http://www.google.com/bot.html)"
65.55.37.219 - - [21/Jul/2009:07:26:24 -0700] "GET /panorama/alsotopofpyramid.mov HTTP/1.1" 200 8532448 "-" "Mozilla/4.0"
122.161.184.193 - - [21/Jul/2009:07:26:25 -0700] "GET /rss.pl HTTP/1.1" 200 35942 "-" "Mozilla/4.0 (compatible; MSIE 7.0; Windows NT 6.0; Trident/4.0; SLCC1; .NET CLR 2.0.50727; .NET CLR 3.5.21022; InfoPath.2; .NET CLR 3.5.30729; .NET CLR 3.0.30618; OfficeLiveConnector.1.3; OfficeLivePatch.1.3; MSOffice 12)"
64.81.161.15 - - [21/Jul/2009:07:26:28 -0700] "GET /rss.pl HTTP/1.1" 200 35942 "-" "NetNewsWire/3.1.7 (Mac OS X; http://www.newsgator.com/Individuals/NetNewsWire/)"
64.81.161.15 - - [21/Jul/2009:07:26:28 -0700] "GET /rss.pl HTTP/1.1" 200 35942 "-" "NetNewsWire/3.1.7 (Mac OS X; http://www.newsgator.com/Individuals/NetNewsWire/)"
72.14.193.68 - - [21/Jul/2009:07:27:05 -0700] "GET /gadgets/adpowers/AlexaRank/g.xml HTTP/1.1" 200 3164 "-" "FeedFetcher-Google; (+http://www.google.com/feedfetcher.html)"
66.249.67.3 - - [21/Jul/2009:07:27:05 -0700] "GET /gallery/main.php?g2_view=search.SearchScan&g2_form%5BuseDefaultSettings%5D=1&g2_return=%2Fgallery%2Fmain.php%3Fg2_itemId%3D27389&g2_returnName=photo HTTP/1.1" 200 6360 "-" "Mozilla/5.0 (compatible; Googlebot/2.1; +http://www.google.com/bot.html)"
64.233.173.2 - - [21/Jul/2009:07:27:29 -0700] "GET /gwidgets/alexa.xml HTTP/1.1" 200 2969 "-" "Mozilla/5.0 (compatible) Feedfetcher-Google; (+http://www.google.com/feedfetcher.html)"
65.55.208.189 - - [21/Jul/2009:07:27:40 -0700] "GET /gallery/main.php?g2_view=core.UserAdmin&g2_subView=core.UserLogin&g2_return=%2Fgallery%2Fmain.php%3Fg2_itemId%3D26975&g2_returnName=photo HTTP/1.1" 200 4004 "-" "msnbot/1.1 (+http://search.msn.com/msnbot.htm)"
66.249.67.87 - - [21/Jul/2009:07:28:12 -0700] "GET /gallery/main.php?g2_itemId=18233 HTTP/1.1" 200 8281 "-" "Mozilla/5.0 (compatible; Googlebot/2.1; +http://www.google.com/bot.html)"
122.161.184.193 - - [21/Jul/2009:07:28:27 -0700] "GET /rss.pl HTTP/1.1" 200 35942 "-" "Mozilla/4.0 (compatible; MSIE 7.0; Windows NT 6.0; Trident/4.0; SLCC1; .NET CLR 2.0.50727; .NET CLR 3.5.21022; InfoPath.2; .NET CLR 3.5.30729; .NET CLR 3.0.30618; OfficeLiveConnector.1.3; OfficeLivePatch.1.3; MSOffice 12)"
74.125.16.65 - - [21/Jul/2009:07:28:55 -0700] "GET /gadgets/flarn2006/Link/g.xml HTTP/1.1" 200 719 "-" "Mozilla/5.0 (compatible) Feedfetcher-Google; (+http://www.google.com/feedfetcher.html)"
72.30.142.87 - - [21/Jul/2009:07:28:55 -0700] "GET /gadgets/hosted.pl HTTP/1.0" 200 4787 "-" "Mozilla/5.0 (compatible; Yahoo! Slurp/3.0; http://help.yahoo.com/help/us/ysearch/slurp)"
72.30.142.87 - - [21/Jul/2009:07:28:58 -0700] "GET /gadgets/style.css HTTP/1.0" 304 - "http://example.org/gadgets/hosted.pl" "Mozilla/5.0 (compatible; Yahoo! Slurp/3.0; http://help.yahoo.com/help/us/ysearch/slurp)"
74.125.74.193 - - [21/Jul/2009:07:29:00 -0700] "GET /gadgets/adpowers/AlexaRank/g.xml HTTP/1.1" 200 3164 "-" "Mozilla/5.0 (compatible) Feedfetcher-Google; (+http://www.google.com/feedfetcher.html)"
74.125.74.193 - - [21/Jul/2009:07:29:01 -0700] "GET /gadgets/adpowers/AlexaRank/ALL_ALL.xml HTTP/1.1" 200 1160 "-" "Mozilla/5.0 (compatible) Feedfetcher-Google; (+http://www.google.com/feedfetcher.html)"
72.14.192.65 - - [21/Jul/2009:07:29:04 -0700] "GET /gadgets/Prider/90sRockedPodcast/g.xml HTTP/1.1" 200 1601 "-" "Mozilla/5.0 (compatible) Feedfetcher-Google; (+http://www.google.com/feedfetcher.html)"
66.249.67.3 - - [21/Jul/2009:07:29:17 -0700] "GET /gallery/main.php?g2_view=core.UserAdmin&g2_subView=core.UserLogin&g2_return=%2Fgallery%2Fmain.php%3Fg2_itemId%3D27729&g2_returnName=photo HTTP/1.1" 200 4004 "-" "Mozilla/5.0 (compatible; Googlebot/2.1; +http://www.google.com/bot.html)"
65.55.208.191 - - [21/Jul/2009:07:29:20 -0700] "GET /gallery/main.php?g2_itemId=2976&g2_imageViewsIndex=1 HTTP/1.1" 200 8264 "-" "msnbot/1.1 (+http://search.msn.com/msnbot.htm)"
72.14.193.68 - - [21/Jul/2009:07:29:22 -0700] "GET /favicon.ico HTTP/1.1" 404 146 "-" "-"
72.14.193.68 - - [21/Jul/2009:07:29:22 -0700] "GET /favicon.ico HTTP/1.1" 404 146 "-" "-"
72.14.192.65 - - [21/Jul/2009:07:29:56 -0700] "GET /gwidgets/alexa.xml HTTP/1.1" 200 2969 "-" "Mozilla/5.0 (compatible) Feedfetcher-Google; (+http://www.google.com/feedfetcher.html)"
66.249.67.87 - - [21/Jul/2009:07:30:25 -0700] "GET /gallery/main.php?g2_itemId=18242 HTTP/1.1" 200 8281 "-" "Mozilla/5.0 (compatible; Googlebot/2.1; +http://www.google.com/bot.html)"
66.249.67.3 - - [21/Jul/2009:07:30:31 -0700] "GET /gallery/main.php?g2_controller=exif.SwitchDetailMode&g2_mode=detailed&g2_return=%2Fgallery%2Fmain.php%3Fg2_itemId%3D32961%26g2_imageViewsIndex%3D1&g2_returnName=photo HTTP/1.1" 302 5 "-" "Mozilla/5.0 (compatible; Googlebot/2.1; +http://www.google.com/bot.html)"
122.161.184.193 - - [21/Jul/2009:07:30:33 -0700] "GET /rss.pl HTTP/1.1" 200 35942 "-" "Mozilla/4.0 (compatible; MSIE 7.0; Windows NT 6.0; Trident/4.0; SLCC1; .NET CLR 2.0.50727; .NET CLR 3.5.21022; InfoPath.2; .NET CLR 3.5.30729; .NET CLR 3.0.30618; OfficeLiveConnector.1.3; OfficeLivePatch.1.3; MSOffice 12)"
72.30.142.87 - - [21/Jul/2009:07:30:39 -0700] "GET /gallery/main.php?g2_controller=exif.SwitchDetailMode&g2_mode=detailed&g2_return=%2Fgallery%2Fmain.php%3Fg2_itemId%3D3271&g2_returnName=photo HTTP/1.0" 302 0 "-" "Mozilla/5.0 (compatible; Yahoo! Slurp/3.0; http://help.yahoo.com/help/us/ysearch/slurp)"
66.249.67.3 - - [21/Jul/2009:07:30:39 -0700] "GET /gallery/main.php?g2_itemId=32961&g2_imageViewsIndex=1&g2_fromNavId=x90ebab38 HTTP/1.1" 200 8473 "-" "Mozilla/5.0 (compatible; Googlebot/2.1; +http://www.google.com/bot.html)"
72.30.142.87 - - [21/Jul/2009:07:30:45 -0700] "GET /gallery/main.php?g2_itemId=3271&g2_fromNavId=x7e8bf12e HTTP/1.0" 200 8140 "-" "Mozilla/5.0 (compatible; Yahoo! Slurp/3.0; http://help.yahoo.com/help/us/ysearch/slurp)"
74.125.74.193 - - [21/Jul/2009:07:31:04 -0700] "GET /gwidgets/alexa.xml HTTP/1.1" 200 2969 "-" "Mozilla/5.0 (compatible) Feedfetcher-Google; (+http://www.google.com/feedfetcher.html)"
72.14.193.68 - - [21/Jul/2009:07:31:07 -0700] "GET /gwidgets/alexa.xml HTTP/1.1" 200 2969 "-" "FeedFetcher-Google; (+http://www.google.com/feedfetcher.html)"
72.14.192.65 - - [21/Jul/2009:07:31:10 -0700] "GET /gadgets/adpowers/AlexaRank/g.xml HTTP/1.1" 200 3164 "-" "FeedFetcher-Google; (+http://www.google.com/feedfetcher.html)"
