65.55.110.179 - - [21/Jul/2009:10:19:05 -0700] "GET /gallery/lib/yui/connection-min.js HTTP/1.1" 200 7959 "http://example.org/gallery/main.php?g2_itemId=14897&g2_imageViewsIndex=1" "Mozilla/4.0 (compatible;  MSIE 6.0;  Windows NT 5.1;  SLCC1;  .NET CLR 1.1.4325;  .NET CLR 2.0.40607;  .NET CLR 3.0.04506.648)"
65.55.110.179 - - [21/Jul/2009:10:19:06 -0700] "GET /gallery/modules/rating/rating.js HTTP/1.1" 200 3066 "http://example.org/gallery/main.php?g2_itemId=14897&g2_imageViewsIndex=1" "Mozilla/4.0 (compatible;  MSIE 6.0;  Windows NT 5.1;  SLCC1;  .NET CLR 1.1.4325;  .NET CLR 2.0.40607;  .NET CLR 3.0.04506.648)"
65.55.110.179 - - [21/Jul/2009:10:19:09 -0700] "GET /gallery/themes/matrix/theme.css HTTP/1.1" 200 12605 "http://example.org/gallery/main.php?g2_itemId=14897&g2_imageViewsIndex=1" "Mozilla/4.0 (compatible;  MSIE 6.0;  Windows NT 5.1;  SLCC1;  .NET CLR 1.1.4325;  .NET CLR 2.0.40607;  .NET CLR 3.0.04506.648)"
65.55.208.185 - - [21/Jul/2009:10:19:12 -0700] "GET /gallery/main.php?g2_view=keyalbum.KeywordAlbum&g2_keyword=robert+serve HTTP/1.1" 200 18558 "-" "msnbot/1.1 (+http://search.msn.com/msnbot.htm)"
72.14.192.65 - - [21/Jul/2009:10:19:17 -0700] "GET /rss.pl HTTP/1.1" 200 35942 "-" "FeedFetcher-Google-CoOp; (+http://www.google.com/coop/docs/subscribedlinks/developer_guide.html#Publishing)"
65.55.110.179 - - [21/Jul/2009:10:19:42 -0700] "GET /gallery/main.php?g2_view=core.DownloadItem&g2_itemId=14897&g2_serialNumber=2 HTTP/1.1" 200 825964 "http://example.org/gallery/main.php?g2_itemId=14897&g2_imageViewsIndex=1" "Mozilla/4.0 (compatible;  MSIE 6.0;  Windows NT 5.1;  SLCC1;  .NET CLR 1.1.4325;  .NET CLR 2.0.40607;  .NET CLR 3.0.04506.648)"
122.161.184.193 - - [21/Jul/2009:10:19:44 -0700] "GET /rss.pl HTTP/1.1" 200 35942 "-" "Mozilla/4.0 (compatible; MSIE 7.0; Windows NT 6.0; Trident/4.0; SLCC1; .NET CLR 2.0.50727; .NET CLR 3.5.21022; InfoPath.2; .NET CLR 3.5.30729; .NET CLR 3.0.30618; OfficeLiveConnector.1.3; OfficeLivePatch.1.3; MSOffice 12)"
64.233.172.17 - - [21/Jul/2009:10:19:45 -0700] "GET /gadgets/adpowers/AlexaRank/g.xml HTTP/1.1" 200 3164 "-" "Mozilla/5.0 (compatible) Feedfetcher-Google; (+http://www.google.com/feedfetcher.html)"
74.125.75.17 - - [21/Jul/2009:10:19:46 -0700] "GET /gadgets/adpowers/AlexaRank/ALL_ALL.xml HTTP/1.1" 200 1160 "-" "Mozilla/5.0 (compatible) Feedfetcher-Google; (+http://www.google.com/feedfetcher.html)"
64.233.172.17 - - [21/Jul/2009:10:19:59 -0700] "GET /gadgets/adpowers/AlexaRank/g.xml HTTP/1.1" 200 3164 "-" "Mozilla/5.0 (compatible) Feedfetcher-Google; (+http://www.google.com/feedfetcher.html)"
64.233.172.17 - - [21/Jul/2009:10:19:59 -0700] "GET /gadgets/adpowers/AlexaRank/ALL_ALL.xml HTTP/1.1" 200 1160 "-" "Mozilla/5.0 (compatible) Feedfetcher-Google; (+http://www.google.com/feedfetcher.html)"
72.30.142.87 - - [21/Jul/2009:10:20:06 -0700] "GET /gallery/main.php?g2_itemId=16753 HTTP/1.0" 200 8384 "-" "Mozilla/5.0 (compatible; Yahoo! Slurp/3.0; http://help.yahoo.com/help/us/ysearch/slurp)"
66.249.67.87 - - [21/Jul/2009:10:20:11 -0700] "GET /gallery/main.php?g2_itemId=16293&g2_highlightId=16411 HTTP/1.1" 302 5 "-" "Mozilla/5.0 (compatible; Googlebot/2.1; +http://www.google.com/bot.html)"
72.14.193.68 - - [21/Jul/2009:10:20:13 -0700] "GET /gadgets/adpowers/AlexaRank/g.xml HTTP/1.1" 200 3164 "-" "Mozilla/5.0 (compatible) Feedfetcher-Google; (+http://www.google.com/feedfetcher.html)"
72.14.193.68 - - [21/Jul/2009:10:20:14 -0700] "GET /gadgets/adpowers/AlexaRank/ALL_ALL.xml HTTP/1.1" 200 1160 "-" "Mozilla/5.0 (compatible) Feedfetcher-Google; (+http://www.google.com/feedfetcher.html)"
64.233.172.17 - - [21/Jul/2009:10:20:21 -0700] "GET /gwidgets/alexa.xml HTTP/1.1" 200 2969 "-" "Mozilla/5.0 (compatible) Feedfetcher-Google; (+http://www.google.com/feedfetcher.html)"
65.55.106.206 - - [21/Jul/2009:10:20:24 -0700] "GET /gallery/main.php?g2_view=comment.ShowAllComments&g2_itemId=4143&g2_return=%2Fgallery%2Fmain.php%3Fg2_itemId%3D4143&g2_returnName=photo HTTP/1.1" 200 4951 "-" "msnbot/2.0b (+http://search.msn.com/msnbot.htm)"
65.55.106.234 - - [21/Jul/2009:10:20:27 -0700] "GET /gallery/main.php?g2_itemId=32631 HTTP/1.1" 200 6945 "-" "msnbot/2.0b (+http://search.msn.com/msnbot.htm)"
65.55.106.180 - - [21/Jul/2009:10:20:27 -0700] "GET /gallery/main.php?g2_view=search.SearchScan&g2_form%5BuseDefaultSettings%5D=1&g2_return=%2Fgallery%2Fmain.php%3Fg2_view%3Dcomment.ShowAllComments%26g2_itemId%3D24659&g2_returnName=show+comments HTTP/1.1" 200 6360 "-" "msnbot/2.0b (+http://search.msn.com/msnbot.htm)"
74.125.74.193 - - [21/Jul/2009:10:21:02 -0700] "GET /gadgets/adpowers/AlexaRank/g.xml HTTP/1.1" 200 3164 "-" "Mozilla/5.0 (compatible) Feedfetcher-Google; (+http://www.google.com/feedfetcher.html)"
74.125.74.193 - - [21/Jul/2009:10:21:03 -0700] "GET /gadgets/adpowers/AlexaRank/ALL_ALL.xml HTTP/1.1" 200 1160 "-" "Mozilla/5.0 (compatible) Feedfetcher-Google; (+http://www.google.com/feedfetcher.html)"
74.125.74.193 - - [21/Jul/2009:10:21:04 -0700] "GET /gadgets/adpowers/AlexaRank/ja_ALL.xml HTTP/1.1" 200 1264 "-" "Mozilla/5.0 (compatible) Feedfetcher-Google; (+http://www.google.com/feedfetcher.html)"
122.161.184.193 - - [21/Jul/2009:10:21:24 -0700] "GET /rss.pl HTTP/1.1" 200 35942 "-" "Mozilla/4.0 (compatible; MSIE 7.0; Windows NT 6.0; Trident/4.0; SLCC1; .NET CLR 2.0.50727; .NET CLR 3.5.21022; InfoPath.2; .NET CLR 3.5.30729; .NET CLR 3.0.30618; OfficeLiveConnector.1.3; OfficeLivePatch.1.3; MSOffice 12)"
72.14.192.65 - - [21/Jul/2009:10:21:33 -0700] "GET /gadgets/adpowers/AlexaRank/ALL_ALL.xml HTTP/1.1" 200 1160 "-" "FeedFetcher-Google; (+http://www.google.com/feedfetcher.html)"
74.125.75.17 - - [21/Jul/2009:10:21:39 -0700] "GET /rss.pl HTTP/1.1" 200 35942 "-" "FeedFetcher-Google-CoOp; (+http://www.google.com/coop/docs/subscribedlinks/developer_guide.html#Publishing)"
72.14.194.1 - - [21/Jul/2009:10:21:56 -0700] "GET /gwidgets/alexa.xml HTTP/1.1" 200 2969 "-" "Mozilla/5.0 (compatible) Feedfetcher-Google; (+http://www.google.com/feedfetcher.html)"
64.233.172.17 - - [21/Jul/2009:10:22:00 -0700] "GET /gadgets/adpowers/AlexaRank/ALL_ALL.xml HTTP/1.1" 200 1160 "-" "FeedFetcher-Google; (+http://www.google.com/feedfetcher.html)"
74.125.16.65 - - [21/Jul/2009:10:22:06 -0700] "GET /gadgets/adpowers/AlexaRank/g.xml HTTP/1.1" 200 3164 "-" "Mozilla/5.0 (compatible) Feedfetcher-Google; (+http://www.google.com/feedfetcher.html)"
74.125.16.65 - - [21/Jul/2009:10:22:06 -0700] "GET /gadgets/adpowers/AlexaRank/ALL_ALL.xml HTTP/1.1" 200 1160 "-" "Mozilla/5.0 (compatible) Feedfetcher-Google; (+http://www.google.com/feedfetcher.html)"
66.249.67.87 - - [21/Jul/2009:10:22:24 -0700] "GET /gallery/main.php?g2_itemId=16293&g2_highlightId=16420 HTTP/1.1" 302 5 "-" "Mozilla/5.0 (compatible; Googlebot/2.1; +http://www.google.com/bot.html)"
74.125.16.65 - - [21/Jul/2009:10:23:00 -0700] "GET /gwidgets/alexa.xml HTTP/1.1" 200 2969 "-" "Mozilla/5.0 (compatible) Feedfetcher-Google; (+http://www.google.com/feedfetcher.html)"
74.125.16.65 - - [21/Jul/2009:10:23:17 -0700] "GET /gadgets/adpowers/AlexaRank/de_ALL.xml HTTP/1.1" 200 1004 "-" "Mozilla/5.0 (compatible) Feedfetcher-Google; (+http://www.google.com/feedfetcher.html)"
66.249.67.3 - - [21/Jul/2009:10:23:19 -0700] "GET /gallery/main.php?g2_itemId=26711&g2_highlightId=26718 HTTP/1.1" 302 5 "-" "Mozilla/5.0 (compatible; Googlebot/2.1; +http://www.google.com/bot.html)"
66.249.67.3 - - [21/Jul/2009:10:23:20 -0700] "GET /gallery/main.php?g2_itemId=26711 HTTP/1.1" 200 8633 "-" "Mozilla/5.0 (compatible; Googlebot/2.1; +http://www.google.com/bot.html)"
72.14.192.65 - - [21/Jul/2009:10:23:27 -0700] "GET /gwidgets/alexa.xml HTTP/1.1" 200 2969 "-" "Mozilla/5.0 (compatible) Feedfetcher-Google; (+http://www.google.com/feedfetcher.html)"
122.161.184.193 - - [21/Jul/2009:10:23:30 -0700] "GET /rss.pl HTTP/1.1" 200 35942 "-" "Mozilla/4.0 (compatible; MSIE 7.0; Windows NT 6.0; Trident/4.0; SLCC1; .NET CLR 2.0.50727; .NET CLR 3.5.21022; InfoPath.2; .NET CLR 3.5.30729; .NET CLR 3.0.30618; OfficeLiveConnector.1.3; OfficeLivePatch.1.3; MSOffice 12)"
72.14.192.65 - - [21/Jul/2009:10:23:40 -0700] "GET /gadgets/adpowers/AlexaRank/g.xml HTTP/1.1" 200 3164 "-" "Mozilla/5.0 (compatible) Feedfetcher-Google; (+http://www.google.com/feedfetcher.html)"
72.14.192.65 - - [21/Jul/2009:10:23:40 -0700] "GET /gadgets/adpowers/AlexaRank/ALL_ALL.xml HTTP/1.1" 200 1160 "-" "Mozilla/5.0 (compatible) Feedfetcher-Google; (+http://www.google.com/feedfetcher.html)"
65.55.106.163 - - [21/Jul/2009:10:23:52 -0700] "GET /gallery/main.php?g2_view=search.SearchScan&g2_form%5BuseDefaultSettings%5D=1&g2_return=%2Fgallery%2Fmain.php%3Fg2_itemId%3D4176&g2_returnName=album HTTP/1.1" 200 6360 "-" "msnbot/2.0b (+http://search.msn.com/msnbot.htm)"
72.14.193.68 - - [21/Jul/2009:10:24:09 -0700] "GET /gwidgets/alexa.xml HTTP/1.1" 200 2969 "-" "Mozilla/5.0 (compatible) Feedfetcher-Google; (+http://www.google.com/feedfetcher.html)"
72.14.193.68 - - [21/Jul/2009:10:24:09 -0700] "GET /gwidgets/alexa.xml HTTP/1.1" 200 2969 "-" "Mozilla/5.0 (compatible) Feedfetcher-Google; (+http://www.google.com/feedfetcher.html)"
83.119.231.95 - - [21/Jul/2009:10:24:12 -0700] "GET /rss.pl HTTP/1.1" 200 35942 "-" "Mozilla/5.0 (X11; U; Linux i686; nl; rv:1.9.0.10) Gecko/2009050616 Gentoo Firefox/3.0.10"
72.30.142.87 - - [21/Jul/2009:10:24:12 -0700] "GET /musicmobs/albumcloud.pl?immerito&service=lastfm&similar=0&w=400&height=400&x=5&y=5 HTTP/1.0" 302 352 "http://www.ascentstage.com/archives/2007/11/" "Mozilla/5.0 (compatible; Yahoo! Slurp/3.0; http://help.yahoo.com/help/us/ysearch/slurp)"
65.55.208.179 - - [21/Jul/2009:10:24:19 -0700] "GET /gallery/main.php?g2_view=keyalbum.KeywordAlbum&g2_keyword=band+parade&g2_highlightId=2887 HTTP/1.1" 302 5 "-" "msnbot/1.1 (+http://search.msn.com/msnbot.htm)"
66.249.67.87 - - [21/Jul/2009:10:24:29 -0700] "GET /gallery/main.php?g2_view=comment.ShowAllComments&g2_itemId=24659&g2_fromNavId=x6e5a97e0 HTTP/1.1" 200 21431 "-" "Mozilla/5.0 (compatible; Googlebot/2.1; +http://www.google.com/bot.html)"
65.55.106.231 - - [21/Jul/2009:10:24:29 -0700] "GET /gallery/main.php?g2_itemId=18037 HTTP/1.1" 200 8638 "-" "msnbot/2.0b (+http://search.msn.com/msnbot.htm)"
66.249.67.3 - - [21/Jul/2009:10:24:37 -0700] "GET /gallery/main.php?g2_view=search.SearchScan&g2_form%5BuseDefaultSettings%5D=1&g2_return=%2Fgallery%2Fmain.php%3Fg2_itemId%3D29558&g2_returnName=photo HTTP/1.1" 200 6360 "-" "Mozilla/5.0 (compatible; Googlebot/2.1; +http://www.google.com/bot.html)"
212.152.119.216 - - [21/Jul/2009:10:24:53 -0700] "GET /gnucache/index.php?get=1&net=gnutella&client=GNUC&version=1.1.1.6 HTTP/1.1" 404 146 "-" "Mozilla/4.0"
64.233.173.2 - - [21/Jul/2009:10:25:14 -0700] "GET /gwidgets/alexa.xml HTTP/1.1" 200 2969 "-" "Mozilla/5.0 (compatible) Feedfetcher-Google; (+http://www.google.com/feedfetcher.html)"
67.195.112.215 - - [21/Jul/2009:10:25:27 -0700] "GET /gallery/main.php?g2_itemId=33435 HTTP/1.0" 200 8070 "-" "Mozilla/5.0 (compatible; Yahoo! Slurp/3.0; http://help.yahoo.com/help/us/ysearch/slurp)"
67.195.112.215 - - [21/Jul/2009:10:25:27 -0700] "GET /gallery/modules/core/data/gallery.css HTTP/1.0" 304 - "http://example.org/gallery/main.php?g2_itemId=33435" "Mozilla/5.0 (compatible; Yahoo! Slurp/3.0; http://help.yahoo.com/help/us/ysearch/slurp)"
67.195.112.215 - - [21/Jul/2009:10:25:27 -0700] "GET /gallery/modules/icons/iconpacks/paularmstrongdesigns/icons.css HTTP/1.0" 304 - "http://example.org/gallery/main.php?g2_itemId=33435" "Mozilla/5.0 (compatible; Yahoo! Slurp/3.0; http://help.yahoo.com/help/us/ysearch/slurp)"
67.195.112.215 - - [21/Jul/2009:10:25:27 -0700] "GET /gallery/themes/matrix/theme.css HTTP/1.0" 304 - "http://example.org/gallery/main.php?g2_itemId=33435" "Mozilla/5.0 (compatible; Yahoo! Slurp/3.0; http://help.yahoo.com/help/us/ysearch/slurp)"
122.161.184.193 - - [21/Jul/2009:10:25:30 -0700] "GET /rss.pl HTTP/1.1" 200 35942 "-" "Mozilla/4.0 (compatible; MSIE 7.0; Windows NT 6.0; Trident/4.0; SLCC1; .NET CLR 2.0.50727; .NET CLR 3.5.21022; InfoPath.2; .NET CLR 3.5.30729; .NET CLR 3.0.30618; OfficeLiveConnector.1.3; OfficeLivePatch.1.3; MSOffice 12)"
72.30.142.87 - - [21/Jul/2009:10:25:37 -0700] "GET /?post=20 HTTP/1.0" 200 4884 "-" "Mozilla/5.0 (compatible; Yahoo! Slurp/3.0; http://help.yahoo.com/help/us/ysearch/slurp)"
69.63.178.246 - - [21/Jul/2009:10:25:43 -0700] "GET /rss.pl HTTP/1.1" 200 35942 "-" "FacebookFeedPbeneficialr/1.0 (UniversalFeedPbeneficialr/4.1;) +http://facebook.com/"
64.233.173.2 - - [21/Jul/2009:10:26:01 -0700] "GET /gadgets/adpowers/AlexaRank/ALL_ALL.xml HTTP/1.1" 200 1160 "-" "FeedFetcher-Google; (+http://www.google.com/feedfetcher.html)"
65.55.217.21 - - [21/Jul/2009:10:26:02 -0700] "GET /index.pl?page=switch HTTP/1.1" 200 4886 "-" "WinHttp"
65.55.208.179 - - [21/Jul/2009:10:26:05 -0700] "GET /gallery/main.php?g2_view=keyalbum.KeywordAlbum&g2_keyword=band+parade HTTP/1.1" 200 6037 "-" "msnbot/1.1 (+http://search.msn.com/msnbot.htm)"
65.55.208.179 - - [21/Jul/2009:10:26:05 -0700] "GET /gallery/main.php?g2_itemId=4068&g2_highlightId=4176 HTTP/1.1" 302 5 "-" "msnbot/1.1 (+http://search.msn.com/msnbot.htm)"
64.233.173.2 - - [21/Jul/2009:10:26:05 -0700] "GET /gadgets/adpowers/AlexaRank/g.xml HTTP/1.1" 200 3164 "-" "Mozilla/5.0 (compatible) Feedfetcher-Google; (+http://www.google.com/feedfetcher.html)"
64.233.172.17 - - [21/Jul/2009:10:26:06 -0700] "GET /gadgets/adpowers/AlexaRank/ALL_ALL.xml HTTP/1.1" 200 1160 "-" "Mozilla/5.0 (compatible) Feedfetcher-Google; (+http://www.google.com/feedfetcher.html)"
64.81.161.15 - - [21/Jul/2009:10:26:26 -0700] "GET /rss.pl HTTP/1.1" 200 35942 "-" "NetNewsWire/3.1.7 (Mac OS X; http://www.newsgator.com/Individuals/NetNewsWire/)"
64.81.161.15 - - [21/Jul/2009:10:26:26 -0700] "GET /rss.pl HTTP/1.1" 200 35942 "-" "NetNewsWire/3.1.7 (Mac OS X; http://www.newsgator.com/Individuals/NetNewsWire/)"
83.119.231.95 - - [21/Jul/2009:10:27:08 -0700] "GET /rss.pl HTTP/1.1" 200 35942 "-" "Mozilla/5.0 (X11; U; Linux i686; nl; rv:1.9.0.10) Gecko/2009050616 Gentoo Firefox/3.0.10"
122.161.184.193 - - [21/Jul/2009:10:27:29 -0700] "GET /rss.pl HTTP/1.1" 200 35942 "-" "Mozilla/4.0 (compatible; MSIE 7.0; Windows NT 6.0; Trident/4.0; SLCC1; .NET CLR 2.0.50727; .NET CLR 3.5.21022; InfoPath.2; .NET CLR 3.5.30729; .NET CLR 3.0.30618; OfficeLiveConnector.1.3; OfficeLivePatch.1.3; MSOffice 12)"
66.249.67.3 - - [21/Jul/2009:10:27:33 -0700] "GET /gallery/main.php?g2_view=core.DownloadItem&g2_itemId=12200&g2_serialNumber=2 HTTP/1.1" 200 106644 "-" "Googlebot-Image/1.0"
72.14.194.1 - - [21/Jul/2009:10:27:54 -0700] "GET /gadgets/adpowers/AlexaRank/g.xml HTTP/1.1" 200 3164 "-" "Mozilla/5.0 (compatible) Feedfetcher-Google; (+http://www.google.com/feedfetcher.html)"
72.14.194.1 - - [21/Jul/2009:10:27:55 -0700] "GET /gadgets/adpowers/AlexaRank/ALL_ALL.xml HTTP/1.1" 200 1160 "-" "Mozilla/5.0 (compatible) Feedfetcher-Google; (+http://www.google.com/feedfetcher.html)"
66.249.67.87 - - [21/Jul/2009:10:27:57 -0700] "GET /gallery/main.php?g2_itemId=16293&g2_highlightId=16390 HTTP/1.1" 302 5 "-" "Mozilla/5.0 (compatible; Googlebot/2.1; +http://www.google.com/bot.html)"
66.249.67.3 - - [21/Jul/2009:10:28:05 -0700] "GET /gallery/main.php?g2_itemId=26711&g2_highlightId=26722 HTTP/1.1" 302 5 "-" "Mozilla/5.0 (compatible; Googlebot/2.1; +http://www.google.com/bot.html)"
64.233.172.17 - - [21/Jul/2009:10:28:05 -0700] "GET /gadgets/adpowers/AlexaRank/g.xml HTTP/1.1" 200 3164 "-" "Mozilla/5.0 (compatible) Feedfetcher-Google; (+http://www.google.com/feedfetcher.html)"
64.233.172.17 - - [21/Jul/2009:10:28:06 -0700] "GET /gadgets/adpowers/AlexaRank/ALL_ALL.xml HTTP/1.1" 200 1160 "-" "Mozilla/5.0 (compatible) Feedfetcher-Google; (+http://www.google.com/feedfetcher.html)"
65.55.208.179 - - [21/Jul/2009:10:28:14 -0700] "GET /gallery/main.php?g2_itemId=4068 HTTP/1.1" 200 15374 "-" "msnbot/1.1 (+http://search.msn.com/msnbot.htm)"
64.233.173.2 - - [21/Jul/2009:10:28:19 -0700] "GET /gwidgets/alexa.xml HTTP/1.1" 200 2969 "-" "FeedFetcher-Google; (+http://www.google.com/feedfetcher.html)"
66.249.67.87 - - [21/Jul/2009:10:29:04 -0700] "GET /gallery/main.php?g2_view=core.UserAdmin&g2_subView=core.UserLogin&g2_return=%2Fgallery%2Fmain.php%3Fg2_itemId%3D16381&g2_returnName=photo HTTP/1.1" 200 4004 "-" "Mozilla/5.0 (compatible; Googlebot/2.1; +http://www.google.com/bot.html)"
84.148.236.189 - - [21/Jul/2009:10:29:19 -0700] "GET /gnucache/index.php?ip=192.168.178.2%3A3995&net=gnutella&client=GNUC&version=1.1.1.6&update=1 HTTP/1.1" 404 146 "-" "Mozilla/4.0"
122.161.184.193 - - [21/Jul/2009:10:29:32 -0700] "GET /rss.pl HTTP/1.1" 200 35942 "-" "Mozilla/4.0 (compatible; MSIE 7.0; Windows NT 6.0; Trident/4.0; SLCC1; .NET CLR 2.0.50727; .NET CLR 3.5.21022; InfoPath.2; .NET CLR 3.5.30729; .NET CLR 3.0.30618; OfficeLiveConnector.1.3; OfficeLivePatch.1.3; MSOffice 12)"
66.249.67.87 - - [21/Jul/2009:10:29:49 -0700] "GET /gallery/main.php?g2_view=core.UserAdmin&g2_subView=core.UserLogin&g2_return=%2Fgallery%2Fmain.php%3Fg2_itemId%3D22811&g2_returnName=photo HTTP/1.1" 200 4004 "-" "Mozilla/5.0 (compatible; Googlebot/2.1; +http://www.google.com/bot.html)"
74.125.74.193 - - [21/Jul/2009:10:29:53 -0700] "GET /gadgets/adpowers/AlexaRank/ALL_ALL.xml HTTP/1.1" 200 1160 "-" "FeedFetcher-Google; (+http://www.google.com/feedfetcher.html)"
66.249.67.87 - - [21/Jul/2009:10:29:54 -0700] "GET /gallery/main.php?g2_view=comment.ShowAllComments&g2_itemId=24659&g2_return=%2Fgallery%2Fv%2Fmisc%2F&g2_returnName=album HTTP/1.1" 200 21304 "-" "Mozilla/5.0 (compatible; Googlebot/2.1; +http://www.google.com/bot.html)"
72.30.142.87 - - [21/Jul/2009:10:30:06 -0700] "GET /gallery/main.php?g2_view=comment.ShowAllComments&g2_itemId=26533&g2_return=%2Fgallery%2Fmain.php%3Fg2_itemId%3D26533&g2_returnName=album HTTP/1.0" 200 7932 "-" "Mozilla/5.0 (compatible; Yahoo! Slurp/3.0; http://help.yahoo.com/help/us/ysearch/slurp)"
82.144.250.240 - - [21/Jul/2009:10:30:09 -0700] "GET /?post=309 HTTP/1.1" 200 8624 "http://www.google.co.uk/search?hl=en&safe=off&client=firefox-a&rls=org.mozilla%3Aen-GB%3Aofficial&hs=OQe&q=ipv6+on+m0n0wall&btnG=Search&meta=" "Mozilla/5.0 (Windows; U; Windows NT 5.1; en-GB; rv:1.9.0.11) Gecko/2009060215 Firefox/3.0.11 (.NET CLR 3.5.30729)"
82.144.250.240 - - [21/Jul/2009:10:30:10 -0700] "GET /style.css HTTP/1.1" 200 1504 "http://example.org/?post=309" "Mozilla/5.0 (Windows; U; Windows NT 5.1; en-GB; rv:1.9.0.11) Gecko/2009060215 Firefox/3.0.11 (.NET CLR 3.5.30729)"
66.249.67.87 - - [21/Jul/2009:10:30:10 -0700] "GET /gallery/main.php?g2_controller=exif.SwitchDetailMode&g2_mode=detailed&g2_return=%2Fgallery%2Fmain.php%3Fg2_itemId%3D16426&g2_returnName=photo HTTP/1.1" 302 5 "-" "Mozilla/5.0 (compatible; Googlebot/2.1; +http://www.google.com/bot.html)"
82.144.250.240 - - [21/Jul/2009:10:30:11 -0700] "GET /images/ipv6-enable.png HTTP/1.1" 200 21466 "http://example.org/?post=309" "Mozilla/5.0 (Windows; U; Windows NT 5.1; en-GB; rv:1.9.0.11) Gecko/2009060215 Firefox/3.0.11 (.NET CLR 3.5.30729)"
82.144.250.240 - - [21/Jul/2009:10:30:11 -0700] "GET /images/ipv6-wan.png HTTP/1.1" 200 37207 "http://example.org/?post=309" "Mozilla/5.0 (Windows; U; Windows NT 5.1; en-GB; rv:1.9.0.11) Gecko/2009060215 Firefox/3.0.11 (.NET CLR 3.5.30729)"
72.14.194.1 - - [21/Jul/2009:10:30:12 -0700] "GET /gwidgets/alexa.xml HTTP/1.1" 200 2969 "-" "Mozilla/5.0 (compatible) Feedfetcher-Google; (+http://www.google.com/feedfetcher.html)"
82.144.250.240 - - [21/Jul/2009:10:30:13 -0700] "GET /images/ipv6-lan.png HTTP/1.1" 200 36338 "http://example.org/?post=309" "Mozilla/5.0 (Windows; U; Windows NT 5.1; en-GB; rv:1.9.0.11) Gecko/2009060215 Firefox/3.0.11 (.NET CLR 3.5.30729)"
72.14.194.1 - - [21/Jul/2009:10:30:13 -0700] "GET /gwidgets/alexa.xml HTTP/1.1" 200 2969 "-" "Mozilla/5.0 (compatible) Feedfetcher-Google; (+http://www.google.com/feedfetcher.html)"
66.249.67.87 - - [21/Jul/2009:10:30:14 -0700] "GET /gallery/main.php?g2_itemId=16426&g2_fromNavId=x10fde7b0 HTTP/1.1" 200 8073 "-" "Mozilla/5.0 (compatible; Googlebot/2.1; +http://www.google.com/bot.html)"
82.144.250.240 - - [21/Jul/2009:10:30:14 -0700] "GET /images/ipv6-google.png HTTP/1.1" 200 93181 "http://example.org/?post=309" "Mozilla/5.0 (Windows; U; Windows NT 5.1; en-GB; rv:1.9.0.11) Gecko/2009060215 Firefox/3.0.11 (.NET CLR 3.5.30729)"
82.144.250.240 - - [21/Jul/2009:10:30:15 -0700] "GET /favicon.ico HTTP/1.1" 404 146 "-" "Mozilla/5.0 (Windows; U; Windows NT 5.1; en-GB; rv:1.9.0.11) Gecko/2009060215 Firefox/3.0.11 (.NET CLR 3.5.30729)"
82.144.250.240 - - [21/Jul/2009:10:30:18 -0700] "GET /favicon.ico HTTP/1.1" 206 146 "-" "Mozilla/5.0 (Windows; U; Windows NT 5.1; en-GB; rv:1.9.0.11) Gecko/2009060215 Firefox/3.0.11 (.NET CLR 3.5.30729)"
134.191.254.39 - - [21/Jul/2009:10:30:25 -0700] "GET /rss.pl HTTP/1.0" 200 35867 "-" "FeedDemon/3.0 (http://www.newsgator.com/; Microsoft Windows XP)"
74.125.75.17 - - [21/Jul/2009:10:30:32 -0700] "GET /gwidgets/alexa.xml HTTP/1.1" 200 2969 "-" "Mozilla/5.0 (compatible) Feedfetcher-Google; (+http://www.google.com/feedfetcher.html)"
72.14.192.65 - - [21/Jul/2009:10:31:06 -0700] "GET /gwidgets/alexa.xml HTTP/1.1" 200 2969 "-" "Mozilla/5.0 (compatible) Feedfetcher-Google; (+http://www.google.com/feedfetcher.html)"
66.249.67.87 - - [21/Jul/2009:10:31:17 -0700] "GET /gallery/main.php?g2_itemId=16293&g2_highlightId=16402 HTTP/1.1" 302 5 "-" "Mozilla/5.0 (compatible; Googlebot/2.1; +http://www.google.com/bot.html)"
64.233.172.17 - - [21/Jul/2009:10:31:47 -0700] "GET /gwidgets/alexa.xml HTTP/1.1" 200 2969 "-" "Mozilla/5.0 (compatible) Feedfetcher-Google; (+http://www.google.com/feedfetcher.html)"
122.161.184.193 - - [21/Jul/2009:10:31:50 -0700] "GET /rss.pl HTTP/1.1" 200 35942 "-" "Mozilla/4.0 (compatible; MSIE 7.0; Windows NT 6.0; Trident/4.0; SLCC1; .NET CLR 2.0.50727; .NET CLR 3.5.21022; InfoPath.2; .NET CLR 3.5.30729; .NET CLR 3.0.30618; OfficeLiveConnector.1.3; OfficeLivePatch.1.3; MSOffice 12)"
74.125.16.65 - - [21/Jul/2009:10:32:14 -0700] "GET /gadgets/adpowers/AlexaRank/ALL_ALL.xml HTTP/1.1" 200 1160 "-" "FeedFetcher-Google; (+http://www.google.com/feedfetcher.html)"
74.125.16.65 - - [21/Jul/2009:10:32:15 -0700] "GET /gadgets/adpowers/AlexaRank/ALL_ALL.xml HTTP/1.1" 200 1160 "-" "FeedFetcher-Google; (+http://www.google.com/feedfetcher.html)"
72.14.193.68 - - [21/Jul/2009:10:32:16 -0700] "GET /gadgets/adpowers/AlexaRank/g.xml HTTP/1.1" 200 3164 "-" "FeedFetcher-Google; (+http://www.google.com/feedfetcher.html)"
74.125.16.65 - - [21/Jul/2009:10:32:17 -0700] "GET /gadgets/adpowers/AlexaRank/g.xml HTTP/1.1" 200 3164 "-" "Mozilla/5.0 (compatible) Feedfetcher-Google; (+http://www.google.com/feedfetcher.html)"
74.125.16.65 - - [21/Jul/2009:10:32:17 -0700] "GET /gadgets/adpowers/AlexaRank/ALL_ALL.xml HTTP/1.1" 200 1160 "-" "Mozilla/5.0 (compatible) Feedfetcher-Google; (+http://www.google.com/feedfetcher.html)"
66.249.67.142 - - [21/Jul/2009:10:32:23 -0700] "GET /gallery/main.php?g2_controller=exif.SwitchDetailMode&g2_mode=detailed&g2_return=%2Fgallery%2Fmain.php%3Fg2_itemId%3D16402&g2_returnName=photo HTTP/1.1" 302 5 "-" "Mozilla/5.0 (compatible; Googlebot/2.1; +http://www.google.com/bot.html)"
66.249.67.142 - - [21/Jul/2009:10:32:25 -0700] "GET /gallery/main.php?g2_itemId=16402&g2_fromNavId=xe6efde21 HTTP/1.1" 200 8083 "-" "Mozilla/5.0 (compatible; Googlebot/2.1; +http://www.google.com/bot.html)"
72.14.193.68 - - [21/Jul/2009:10:32:37 -0700] "GET /gadgets/adpowers/AlexaRank/g.xml HTTP/1.1" 200 3164 "-" "Mozilla/5.0 (compatible) Feedfetcher-Google; (+http://www.google.com/feedfetcher.html)"
72.14.193.68 - - [21/Jul/2009:10:32:37 -0700] "GET /gadgets/adpowers/AlexaRank/g.xml HTTP/1.1" 200 3164 "-" "Mozilla/5.0 (compatible) Feedfetcher-Google; (+http://www.google.com/feedfetcher.html)"
72.14.193.68 - - [21/Jul/2009:10:32:38 -0700] "GET /gadgets/adpowers/AlexaRank/ALL_ALL.xml HTTP/1.1" 200 1160 "-" "Mozilla/5.0 (compatible) Feedfetcher-Google; (+http://www.google.com/feedfetcher.html)"
72.14.193.68 - - [21/Jul/2009:10:32:38 -0700] "GET /gadgets/adpowers/AlexaRank/ALL_ALL.xml HTTP/1.1" 200 1160 "-" "Mozilla/5.0 (compatible) Feedfetcher-Google; (+http://www.google.com/feedfetcher.html)"
66.249.67.3 - - [21/Jul/2009:10:32:54 -0700] "GET /gallery/main.php?g2_itemId=26711&g2_highlightId=26725 HTTP/1.1" 302 5 "-" "Mozilla/5.0 (compatible; Googlebot/2.1; +http://www.google.com/bot.html)"
74.125.75.17 - - [21/Jul/2009:10:32:55 -0700] "GET /gadgets/adpowers/AlexaRank/g.xml HTTP/1.1" 200 3164 "-" "FeedFetcher-Google; (+http://www.google.com/feedfetcher.html)"
64.233.173.2 - - [21/Jul/2009:10:32:57 -0700] "GET /gadgets/adpowers/AlexaRank/g.xml HTTP/1.1" 200 3164 "-" "Mozilla/5.0 (compatible) Feedfetcher-Google; (+http://www.google.com/feedfetcher.html)"
64.233.172.17 - - [21/Jul/2009:10:32:57 -0700] "GET /gadgets/adpowers/AlexaRank/ALL_ALL.xml HTTP/1.1" 200 1160 "-" "Mozilla/5.0 (compatible) Feedfetcher-Google; (+http://www.google.com/feedfetcher.html)"
87.65.104.215 - - [21/Jul/2009:10:33:02 -0700] "GET /images/thumbnail_ubergamer-front.jpg HTTP/1.1" 200 4207 "http://forum.gamert.nl/showthread.php?t=52521" "Mozilla/5.0 (Windows; U; Windows NT 5.1; nl; rv:1.9.1.1) Gecko/20090715 Firefox/3.5.1 (.NET CLR 3.5.30729)"
66.249.67.87 - - [21/Jul/2009:10:33:30 -0700] "GET /gallery/main.php?g2_view=search.SearchScan&g2_form%5BuseDefaultSettings%5D=1&g2_return=%2Fgallery%2Fmain.php%3Fg2_itemId%3D16396&g2_returnName=photo HTTP/1.1" 200 6360 "-" "Mozilla/5.0 (compatible; Googlebot/2.1; +http://www.google.com/bot.html)"
122.161.184.193 - - [21/Jul/2009:10:34:20 -0700] "GET /rss.pl HTTP/1.1" 200 35942 "-" "Mozilla/4.0 (compatible; MSIE 7.0; Windows NT 6.0; Trident/4.0; SLCC1; .NET CLR 2.0.50727; .NET CLR 3.5.21022; InfoPath.2; .NET CLR 3.5.30729; .NET CLR 3.0.30618; OfficeLiveConnector.1.3; OfficeLivePatch.1.3; MSOffice 12)"
72.14.192.65 - - [21/Jul/2009:10:34:28 -0700] "GET /gadgets/adpowers/AlexaRank/g.xml HTTP/1.1" 200 3164 "-" "FeedFetcher-Google; (+http://www.google.com/feedfetcher.html)"
72.14.192.65 - - [21/Jul/2009:10:34:31 -0700] "GET /gadgets/adpowers/AlexaRank/g.xml HTTP/1.1" 200 3164 "-" "Mozilla/5.0 (compatible) Feedfetcher-Google; (+http://www.google.com/feedfetcher.html)"
72.14.192.65 - - [21/Jul/2009:10:34:31 -0700] "GET /gadgets/adpowers/AlexaRank/ALL_ALL.xml HTTP/1.1" 200 1160 "-" "Mozilla/5.0 (compatible) Feedfetcher-Google; (+http://www.google.com/feedfetcher.html)"
66.249.67.87 - - [21/Jul/2009:10:34:37 -0700] "GET /gallery/main.php?g2_view=search.SearchScan&g2_form%5BuseDefaultSettings%5D=1&g2_return=%2Fgallery%2Fmain.php%3Fg2_itemId%3D16402&g2_returnName=photo HTTP/1.1" 200 6360 "-" "Mozilla/5.0 (compatible; Googlebot/2.1; +http://www.google.com/bot.html)"
65.55.208.185 - - [21/Jul/2009:10:34:46 -0700] "GET /gallery/main.php?g2_itemId=14746&g2_imageViewsIndex=1 HTTP/1.1" 200 8155 "-" "msnbot/1.1 (+http://search.msn.com/msnbot.htm)"
64.233.172.17 - - [21/Jul/2009:10:34:57 -0700] "GET /gwidgets/alexa.xml HTTP/1.1" 200 2969 "-" "Mozilla/5.0 (compatible) Feedfetcher-Google; (+http://www.google.com/feedfetcher.html)"
64.233.173.2 - - [21/Jul/2009:10:35:16 -0700] "GET /gadgets/adpowers/AlexaRank/g.xml HTTP/1.1" 200 3164 "-" "Mozilla/5.0 (compatible) Feedfetcher-Google; (+http://www.google.com/feedfetcher.html)"
64.233.173.2 - - [21/Jul/2009:10:35:17 -0700] "GET /gadgets/adpowers/AlexaRank/ALL_ALL.xml HTTP/1.1" 200 1160 "-" "Mozilla/5.0 (compatible) Feedfetcher-Google; (+http://www.google.com/feedfetcher.html)"
72.30.142.87 - - [21/Jul/2009:10:35:18 -0700] "GET /mailman/admin HTTP/1.0" 200 2471 "-" "Mozilla/5.0 (compatible; Yahoo! Slurp/3.0; http://help.yahoo.com/help/us/ysearch/slurp)"
66.249.67.87 - - [21/Jul/2009:10:35:19 -0700] "GET /gallery/main.php?g2_itemId=28249&g2_fromNavId=xb9932889 HTTP/1.1" 200 8962 "-" "Mozilla/5.0 (compatible; Googlebot/2.1; +http://www.google.com/bot.html)"
198.161.30.180 - - [21/Jul/2009:10:35:33 -0700] "GET /rss.pl HTTP/1.1" 200 35942 "-" "NetNewsWire/3.1.1 (Mac OS X; http://www.newsgator.com/Individuals/NetNewsWire/)"
66.249.67.87 - - [21/Jul/2009:10:35:43 -0700] "GET /gallery/main.php?g2_controller=exif.SwitchDetailMode&g2_mode=detailed&g2_return=%2Fgallery%2Fmain.php%3Fg2_itemId%3D16411&g2_returnName=photo HTTP/1.1" 302 5 "-" "Mozilla/5.0 (compatible; Googlebot/2.1; +http://www.google.com/bot.html)"
66.249.67.87 - - [21/Jul/2009:10:35:46 -0700] "GET /gallery/main.php?g2_itemId=16411&g2_fromNavId=xd6f16970 HTTP/1.1" 200 8121 "-" "Mozilla/5.0 (compatible; Googlebot/2.1; +http://www.google.com/bot.html)"
64.233.172.17 - - [21/Jul/2009:10:35:53 -0700] "GET /gwidgets/alexa.xml HTTP/1.1" 200 2969 "-" "FeedFetcher-Google; (+http://www.google.com/feedfetcher.html)"
65.55.106.186 - - [21/Jul/2009:10:36:23 -0700] "GET /?post=57 HTTP/1.1" 200 5033 "-" "msnbot/2.0b (+http://search.msn.com/msnbot.htm)"
122.161.184.193 - - [21/Jul/2009:10:36:29 -0700] "GET /rss.pl HTTP/1.1" 200 35942 "-" "Mozilla/4.0 (compatible; MSIE 7.0; Windows NT 6.0; Trident/4.0; SLCC1; .NET CLR 2.0.50727; .NET CLR 3.5.21022; InfoPath.2; .NET CLR 3.5.30729; .NET CLR 3.0.30618; OfficeLiveConnector.1.3; OfficeLivePatch.1.3; MSOffice 12)"
66.249.67.3 - - [21/Jul/2009:10:36:42 -0700] "GET /gallery/main.php?g2_view=core.DownloadItem&g2_itemId=3701&g2_serialNumber=4 HTTP/1.1" 304 0 "-" "Googlebot-Image/1.0"
65.55.208.190 - - [21/Jul/2009:10:36:55 -0700] "GET /index.pl?page=snowymountain HTTP/1.1" 200 5060 "-" "msnbot/1.1 (+http://search.msn.com/msnbot.htm)"
174.36.241.155 - - [21/Jul/2009:10:37:05 -0700] "GET / HTTP/1.1" 200 17933 "-" "Mozilla/5.0 (X11; U; Linux i686; en-US; rv:1.2.1; aggregator:Spinn3r (Spinn3r 3.1); http://spinn3r.com/robot) Gecko/20021130"
72.14.194.1 - - [21/Jul/2009:10:37:07 -0700] "GET /gwidgets/alexa.xml HTTP/1.1" 200 2969 "-" "Mozilla/5.0 (compatible) Feedfetcher-Google; (+http://www.google.com/feedfetcher.html)"
74.125.16.65 - - [21/Jul/2009:10:37:19 -0700] "GET /gadgets/flarn2006/Link/g.xml HTTP/1.1" 200 719 "-" "Mozilla/5.0 (compatible) Feedfetcher-Google; (+http://www.google.com/feedfetcher.html)"
74.125.75.17 - - [21/Jul/2009:10:37:26 -0700] "GET /rss.pl HTTP/1.1" 200 35942 "-" "FeedFetcher-Google-CoOp; (+http://www.google.com/coop/docs/subscribedlinks/developer_guide.html#Publishing)"
65.55.208.188 - - [21/Jul/2009:10:37:33 -0700] "GET /gallery/main.php?g2_view=search.SearchScan&g2_form%5BuseDefaultSettings%5D=1&g2_return=%2Fgallery%2Fmain.php%3Fg2_itemId%3D4059&g2_returnName=photo HTTP/1.1" 200 6360 "-" "msnbot/1.1 (+http://search.msn.com/msnbot.htm)"
76.100.173.118 - - [21/Jul/2009:10:37:37 -0700] "GET /gnucache/?client=LIME&version=2.7.9&hostfile=1 HTTP/1.1" 404 146 "-" "Java1.3.1"
65.55.208.188 - - [21/Jul/2009:10:37:38 -0700] "GET /gallery/main.php?g2_itemId=3228&g2_highlightId=3328 HTTP/1.1" 302 5 "-" "msnbot/1.1 (+http://search.msn.com/msnbot.htm)"
66.249.67.3 - - [21/Jul/2009:10:37:43 -0700] "GET /gallery/main.php?g2_itemId=4076&g2_highlightId=4113 HTTP/1.1" 302 5 "-" "Mozilla/5.0 (compatible; Googlebot/2.1; +http://www.google.com/bot.html)"
72.14.194.1 - - [21/Jul/2009:10:37:44 -0700] "GET /gadgets/adpowers/AlexaRank/g.xml HTTP/1.1" 200 3164 "-" "Mozilla/5.0 (compatible) Feedfetcher-Google; (+http://www.google.com/feedfetcher.html)"
72.14.194.1 - - [21/Jul/2009:10:37:48 -0700] "GET /gadgets/adpowers/AlexaRank/ALL_ALL.xml HTTP/1.1" 200 1160 "-" "Mozilla/5.0 (compatible) Feedfetcher-Google; (+http://www.google.com/feedfetcher.html)"
74.125.16.65 - - [21/Jul/2009:10:37:51 -0700] "GET /gwidgets/alexa.xml HTTP/1.1" 200 2969 "-" "Mozilla/5.0 (compatible) Feedfetcher-Google; (+http://www.google.com/feedfetcher.html)"
66.249.67.3 - - [21/Jul/2009:10:37:51 -0700] "GET /gallery/main.php?g2_itemId=4076 HTTP/1.1" 200 20338 "-" "Mozilla/5.0 (compatible; Googlebot/2.1; +http://www.google.com/bot.html)"
66.249.67.87 - - [21/Jul/2009:10:37:59 -0700] "GET /gallery/main.php?g2_view=core.UserAdmin&g2_subView=core.UserLogin&g2_return=%2Fgallery%2Fmain.php%3Fg2_itemId%3D19835&g2_returnName=photo HTTP/1.1" 200 4004 "-" "Mozilla/5.0 (compatible; Googlebot/2.1; +http://www.google.com/bot.html)"
72.30.142.87 - - [21/Jul/2009:10:38:13 -0700] "GET /video/drumbone-preservationembly.mp4 HTTP/1.0" 200 6461780 "-" "Mozilla/5.0 (compatible; Yahoo! Slurp/3.0; http://help.yahoo.com/help/us/ysearch/slurp)"
64.233.172.17 - - [21/Jul/2009:10:38:30 -0700] "GET /gwidgets/alexa.xml HTTP/1.1" 200 2969 "-" "Mozilla/5.0 (compatible) Feedfetcher-Google; (+http://www.google.com/feedfetcher.html)"
122.161.184.193 - - [21/Jul/2009:10:38:31 -0700] "GET /rss.pl HTTP/1.1" 200 35942 "-" "Mozilla/4.0 (compatible; MSIE 7.0; Windows NT 6.0; Trident/4.0; SLCC1; .NET CLR 2.0.50727; .NET CLR 3.5.21022; InfoPath.2; .NET CLR 3.5.30729; .NET CLR 3.0.30618; OfficeLiveConnector.1.3; OfficeLivePatch.1.3; MSOffice 12)"
74.125.75.17 - - [21/Jul/2009:10:38:45 -0700] "GET /gwidgets/alexa.xml HTTP/1.1" 200 2969 "-" "Mozilla/5.0 (compatible) Feedfetcher-Google; (+http://www.google.com/feedfetcher.html)"
66.249.67.87 - - [21/Jul/2009:10:39:03 -0700] "GET /gallery/main.php?g2_itemId=16293&g2_highlightId=16405 HTTP/1.1" 302 5 "-" "Mozilla/5.0 (compatible; Googlebot/2.1; +http://www.google.com/bot.html)"
65.55.106.213 - - [21/Jul/2009:10:39:41 -0700] "GET /gallery/main.php?g2_itemId=3027 HTTP/1.1" 200 7980 "-" "msnbot/2.0b (+http://search.msn.com/msnbot.htm)"
65.55.110.116 - - [21/Jul/2009:10:39:48 -0700] "GET /gallery/main.php?g2_view=search.SearchScan&g2_form%5BuseDefaultSettings%5D=1&g2_return=%2Fgallery%2Fmain.php%3Fg2_itemId%3D4059&g2_returnName=photo HTTP/1.1" 200 6377 "http://www.bing.com/search?q=search" "Mozilla/4.0 (compatible;  MSIE 6.0;  Windows NT 5.2;  SV1;  .NET CLR 1.1.4322;  .NET CLR 2.0.50727;  .NET CLR 3.0.30729;  .NET CLR 3.5.30729;  MS-RTC LM 8)"
65.55.110.116 - - [21/Jul/2009:10:39:50 -0700] "GET /gallery/modules/core/data/gallery.css HTTP/1.1" 200 9535 "http://example.org/gallery/main.php?g2_view=search.SearchScan&g2_form%5BuseDefaultSettings%5D=1&g2_return=%2Fgallery%2Fmain.php%3Fg2_itemId%3D4059&g2_returnName=photo" "Mozilla/4.0 (compatible;  MSIE 6.0;  Windows NT 5.2;  SV1;  .NET CLR 1.1.4322;  .NET CLR 2.0.50727;  .NET CLR 3.0.30729;  .NET CLR 3.5.30729;  MS-RTC LM 8)"
65.55.110.116 - - [21/Jul/2009:10:39:51 -0700] "GET /gallery/modules/search/HighlightResults.js HTTP/1.1" 200 950 "http://example.org/gallery/main.php?g2_view=search.SearchScan&g2_form%5BuseDefaultSettings%5D=1&g2_return=%2Fgallery%2Fmain.php%3Fg2_itemId%3D4059&g2_returnName=photo" "Mozilla/4.0 (compatible;  MSIE 6.0;  Windows NT 5.2;  SV1;  .NET CLR 1.1.4322;  .NET CLR 2.0.50727;  .NET CLR 3.0.30729;  .NET CLR 3.5.30729;  MS-RTC LM 8)"
65.55.110.116 - - [21/Jul/2009:10:39:51 -0700] "GET /gallery/modules/icons/iconpacks/paularmstrongdesigns/icons.css HTTP/1.1" 200 8847 "http://example.org/gallery/main.php?g2_view=search.SearchScan&g2_form%5BuseDefaultSettings%5D=1&g2_return=%2Fgallery%2Fmain.php%3Fg2_itemId%3D4059&g2_returnName=photo" "Mozilla/4.0 (compatible;  MSIE 6.0;  Windows NT 5.2;  SV1;  .NET CLR 1.1.4322;  .NET CLR 2.0.50727;  .NET CLR 3.0.30729;  .NET CLR 3.5.30729;  MS-RTC LM 8)"
65.55.110.116 - - [21/Jul/2009:10:39:52 -0700] "GET /gallery/modules/search/SearchBlock.js HTTP/1.1" 200 992 "http://example.org/gallery/main.php?g2_view=search.SearchScan&g2_form%5BuseDefaultSettings%5D=1&g2_return=%2Fgallery%2Fmain.php%3Fg2_itemId%3D4059&g2_returnName=photo" "Mozilla/4.0 (compatible;  MSIE 6.0;  Windows NT 5.2;  SV1;  .NET CLR 1.1.4322;  .NET CLR 2.0.50727;  .NET CLR 3.0.30729;  .NET CLR 3.5.30729;  MS-RTC LM 8)"
65.55.110.116 - - [21/Jul/2009:10:39:54 -0700] "GET /gallery/themes/matrix/theme.css HTTP/1.1" 200 12605 "http://example.org/gallery/main.php?g2_view=search.SearchScan&g2_form%5BuseDefaultSettings%5D=1&g2_return=%2Fgallery%2Fmain.php%3Fg2_itemId%3D4059&g2_returnName=photo" "Mozilla/4.0 (compatible;  MSIE 6.0;  Windows NT 5.2;  SV1;  .NET CLR 1.1.4322;  .NET CLR 2.0.50727;  .NET CLR 3.0.30729;  .NET CLR 3.5.30729;  MS-RTC LM 8)"
66.249.67.87 - - [21/Jul/2009:10:40:09 -0700] "GET /gallery/main.php?g2_view=search.SearchScan&g2_form%5BuseDefaultSettings%5D=1&g2_return=%2Fgallery%2Fmain.php%3Fg2_itemId%3D16381&g2_returnName=photo HTTP/1.1" 200 6360 "-" "Mozilla/5.0 (compatible; Googlebot/2.1; +http://www.google.com/bot.html)"
65.55.107.180 - - [21/Jul/2009:10:40:15 -0700] "GET /gallery/main.php?g2_view=comment.ShowAllComments&g2_itemId=2954&g2_return=%2Fgallery%2Fmain.php%3Fg2_view%3Dkeyalbum.KeywordAlbum%26g2_keyword%3Dglock%26g2_itemId%3D2954&g2_returnName=keyword+album HTTP/1.1" 200 4898 "-" "msnbot/2.0b (+http://search.msn.com/msnbot.htm)"
74.125.16.65 - - [21/Jul/2009:10:40:17 -0700] "GET /gadgets/adpowers/AlexaRank/de_ALL.xml HTTP/1.1" 200 1004 "-" "FeedFetcher-Google; (+http://www.google.com/feedfetcher.html)"
122.161.184.193 - - [21/Jul/2009:10:40:29 -0700] "GET /rss.pl HTTP/1.1" 200 35942 "-" "Mozilla/4.0 (compatible; MSIE 7.0; Windows NT 6.0; Trident/4.0; SLCC1; .NET CLR 2.0.50727; .NET CLR 3.5.21022; InfoPath.2; .NET CLR 3.5.30729; .NET CLR 3.0.30618; OfficeLiveConnector.1.3; OfficeLivePatch.1.3; MSOffice 12)"
74.125.16.65 - - [21/Jul/2009:10:40:32 -0700] "GET /gadgets/adpowers/AlexaRank/g.xml HTTP/1.1" 200 3164 "-" "Mozilla/5.0 (compatible) Feedfetcher-Google; (+http://www.google.com/feedfetcher.html)"
74.125.16.65 - - [21/Jul/2009:10:40:33 -0700] "GET /gadgets/adpowers/AlexaRank/ALL_ALL.xml HTTP/1.1" 200 1160 "-" "Mozilla/5.0 (compatible) Feedfetcher-Google; (+http://www.google.com/feedfetcher.html)"
72.14.193.68 - - [21/Jul/2009:10:40:35 -0700] "GET /gadgets/adpowers/AlexaRank/g.xml HTTP/1.1" 200 3164 "-" "Mozilla/5.0 (compatible) Feedfetcher-Google; (+http://www.google.com/feedfetcher.html)"
72.14.193.68 - - [21/Jul/2009:10:40:36 -0700] "GET /gadgets/adpowers/AlexaRank/ALL_ALL.xml HTTP/1.1" 200 1160 "-" "Mozilla/5.0 (compatible) Feedfetcher-Google; (+http://www.google.com/feedfetcher.html)"
72.14.193.68 - - [21/Jul/2009:10:40:41 -0700] "GET /gwidgets/alexa.xml HTTP/1.1" 200 2969 "-" "Mozilla/5.0 (compatible) Feedfetcher-Google; (+http://www.google.com/feedfetcher.html)"
66.249.67.87 - - [21/Jul/2009:10:40:45 -0700] "GET /gallery/main.php?g2_itemId=28249&g2_fromNavId=x67d92f9a HTTP/1.1" 200 8962 "-" "Mozilla/5.0 (compatible; Googlebot/2.1; +http://www.google.com/bot.html)"
192.150.10.200 - - [21/Jul/2009:10:40:55 -0700] "GET /favicon.ico HTTP/1.1" 404 146 "-" "NetNewsWire/3.1.7 (Mac OS X; http://www.newsgator.com/Individuals/NetNewsWire/)"
64.233.172.17 - - [21/Jul/2009:10:41:09 -0700] "GET /gwidgets/alexa.xml HTTP/1.1" 200 2969 "-" "Mozilla/5.0 (compatible) Feedfetcher-Google; (+http://www.google.com/feedfetcher.html)"
66.249.67.87 - - [21/Jul/2009:10:41:16 -0700] "GET /gallery/main.php?g2_view=core.UserAdmin&g2_subView=core.UserLogin&g2_return=%2Fgallery%2Fmain.php%3Fg2_itemId%3D16387&g2_returnName=photo HTTP/1.1" 200 4004 "-" "Mozilla/5.0 (compatible; Googlebot/2.1; +http://www.google.com/bot.html)"
65.55.208.188 - - [21/Jul/2009:10:41:24 -0700] "GET /gallery/main.php?g2_itemId=3228&g2_page=2 HTTP/1.1" 200 21327 "-" "msnbot/1.1 (+http://search.msn.com/msnbot.htm)"
174.36.241.157 - - [21/Jul/2009:10:41:43 -0700] "GET /rss.pl HTTP/1.1" 200 35942 "-" "Mozilla/5.0 (X11; U; Linux i686; en-US; rv:1.2.1; aggregator:Spinn3r (Spinn3r 3.1); http://spinn3r.com/robot) Gecko/20021130"
187.56.217.73 - - [21/Jul/2009:10:42:14 -0700] "GET /gnucache/index.php?get=1&net=gnutella&client=GNUC&version=1.1.1.6 HTTP/1.1" 404 146 "-" "Mozilla/4.0"
72.14.192.65 - - [21/Jul/2009:10:42:21 -0700] "GET /gwidgets/alexa.xml HTTP/1.1" 200 2969 "-" "Mozilla/5.0 (compatible) Feedfetcher-Google; (+http://www.google.com/feedfetcher.html)"
66.249.67.3 - - [21/Jul/2009:10:42:29 -0700] "GET /gallery/main.php?g2_itemId=33112&g2_highlightId=33144 HTTP/1.1" 302 5 "-" "Mozilla/5.0 (compatible; Googlebot/2.1; +http://www.google.com/bot.html)"
66.249.67.3 - - [21/Jul/2009:10:42:34 -0700] "GET /gallery/main.php?g2_itemId=33112 HTTP/1.1" 200 15655 "-" "Mozilla/5.0 (compatible; Googlebot/2.1; +http://www.google.com/bot.html)"
122.161.184.193 - - [21/Jul/2009:10:42:37 -0700] "GET /rss.pl HTTP/1.1" 200 35942 "-" "Mozilla/4.0 (compatible; MSIE 7.0; Windows NT 6.0; Trident/4.0; SLCC1; .NET CLR 2.0.50727; .NET CLR 3.5.21022; InfoPath.2; .NET CLR 3.5.30729; .NET CLR 3.0.30618; OfficeLiveConnector.1.3; OfficeLivePatch.1.3; MSOffice 12)"
72.14.193.68 - - [21/Jul/2009:10:42:51 -0700] "GET /gadgets/adpowers/AlexaRank/de_ALL.xml HTTP/1.1" 200 1004 "-" "Mozilla/5.0 (compatible) Feedfetcher-Google; (+http://www.google.com/feedfetcher.html)"
65.55.106.181 - - [21/Jul/2009:10:43:09 -0700] "GET /gallery/main.php?g2_itemId=4068&g2_highlightId=4330 HTTP/1.1" 302 5 "-" "msnbot/2.0b (+http://search.msn.com/msnbot.htm)"
65.55.107.180 - - [21/Jul/2009:10:43:15 -0700] "GET /gallery/main.php?g2_controller=exif.SwitchDetailMode&g2_mode=detailed&g2_return=%2Fgallery%2Fmain.php%3Fg2_view%3Dkeyalbum.KeywordAlbum%26g2_keyword%3Dparade%26g2_itemId%3D2908&g2_returnName=keyword+album HTTP/1.1" 302 5 "-" "msnbot/2.0b (+http://search.msn.com/msnbot.htm)"
65.55.106.181 - - [21/Jul/2009:10:43:18 -0700] "GET /gallery/main.php?g2_itemId=4068 HTTP/1.1" 200 15374 "-" "msnbot/2.0b (+http://search.msn.com/msnbot.htm)"
65.55.107.180 - - [21/Jul/2009:10:43:31 -0700] "GET /gallery/main.php?g2_view=keyalbum.KeywordAlbum&g2_keyword=parade&g2_itemId=2908&g2_fromNavId=x7976e44f HTTP/1.1" 200 9797 "-" "msnbot/2.0b (+http://search.msn.com/msnbot.htm)"
66.249.67.3 - - [21/Jul/2009:10:44:07 -0700] "GET /gallery/main.php?g2_view=core.DownloadItem&g2_itemId=5201&g2_serialNumber=2 HTTP/1.1" 200 73662 "-" "Googlebot-Image/1.0"
74.125.74.193 - - [21/Jul/2009:10:44:14 -0700] "GET /gwidgets/alexa.xml HTTP/1.1" 200 2969 "-" "Mozilla/5.0 (compatible) Feedfetcher-Google; (+http://www.google.com/feedfetcher.html)"
74.125.74.193 - - [21/Jul/2009:10:44:15 -0700] "GET /gadgets/adpowers/AlexaRank/g.xml HTTP/1.1" 200 3164 "-" "Mozilla/5.0 (compatible) Feedfetcher-Google; (+http://www.google.com/feedfetcher.html)"
74.125.74.193 - - [21/Jul/2009:10:44:16 -0700] "GET /gadgets/adpowers/AlexaRank/ALL_ALL.xml HTTP/1.1" 200 1160 "-" "Mozilla/5.0 (compatible) Feedfetcher-Google; (+http://www.google.com/feedfetcher.html)"
74.125.74.193 - - [21/Jul/2009:10:44:17 -0700] "GET /gadgets/adpowers/AlexaRank/zh-tw_ALL.xml HTTP/1.1" 200 362 "-" "Mozilla/5.0 (compatible) Feedfetcher-Google; (+http://www.google.com/feedfetcher.html)"
72.14.193.68 - - [21/Jul/2009:10:44:25 -0700] "GET /gwidgets/alexa.xml HTTP/1.1" 200 2969 "-" "FeedFetcher-Google; (+http://www.google.com/feedfetcher.html)"
64.233.172.17 - - [21/Jul/2009:10:44:26 -0700] "GET /gadgets/adpowers/AlexaRank/g.xml HTTP/1.1" 200 3164 "-" "FeedFetcher-Google; (+http://www.google.com/feedfetcher.html)"
64.233.172.17 - - [21/Jul/2009:10:44:27 -0700] "GET /gadgets/adpowers/AlexaRank/g.xml HTTP/1.1" 200 3164 "-" "Mozilla/5.0 (compatible) Feedfetcher-Google; (+http://www.google.com/feedfetcher.html)"
64.233.172.17 - - [21/Jul/2009:10:44:27 -0700] "GET /gadgets/adpowers/AlexaRank/ALL_ALL.xml HTTP/1.1" 200 1160 "-" "Mozilla/5.0 (compatible) Feedfetcher-Google; (+http://www.google.com/feedfetcher.html)"
122.161.184.193 - - [21/Jul/2009:10:44:31 -0700] "GET /rss.pl HTTP/1.1" 200 35942 "-" "Mozilla/4.0 (compatible; MSIE 7.0; Windows NT 6.0; Trident/4.0; SLCC1; .NET CLR 2.0.50727; .NET CLR 3.5.21022; InfoPath.2; .NET CLR 3.5.30729; .NET CLR 3.0.30618; OfficeLiveConnector.1.3; OfficeLivePatch.1.3; MSOffice 12)"
66.249.67.87 - - [21/Jul/2009:10:44:36 -0700] "GET /gallery/main.php?g2_itemId=19463&g2_highlightId=19835 HTTP/1.1" 302 5 "-" "Mozilla/5.0 (compatible; Googlebot/2.1; +http://www.google.com/bot.html)"
66.249.67.87 - - [21/Jul/2009:10:44:41 -0700] "GET /gallery/main.php?g2_itemId=19463&g2_page=5 HTTP/1.1" 200 21662 "-" "Mozilla/5.0 (compatible; Googlebot/2.1; +http://www.google.com/bot.html)"
74.125.75.17 - - [21/Jul/2009:10:45:07 -0700] "GET /gadgets/adpowers/AlexaRank/g.xml HTTP/1.1" 200 3164 "-" "Mozilla/5.0 (compatible) Feedfetcher-Google; (+http://www.google.com/feedfetcher.html)"
64.233.172.17 - - [21/Jul/2009:10:45:07 -0700] "GET /gadgets/adpowers/AlexaRank/ALL_ALL.xml HTTP/1.1" 200 1160 "-" "Mozilla/5.0 (compatible) Feedfetcher-Google; (+http://www.google.com/feedfetcher.html)"
74.125.16.65 - - [21/Jul/2009:10:45:42 -0700] "GET /gwidgets/alexa.xml HTTP/1.1" 200 2969 "-" "Mozilla/5.0 (compatible) Feedfetcher-Google; (+http://www.google.com/feedfetcher.html)"
66.249.67.87 - - [21/Jul/2009:10:45:42 -0700] "GET /gallery/main.php?g2_view=core.UserAdmin&g2_subView=core.UserLogin&g2_return=%2Fgallery%2Fmain.php%3Fg2_itemId%3D16402&g2_returnName=photo HTTP/1.1" 200 4004 "-" "Mozilla/5.0 (compatible; Googlebot/2.1; +http://www.google.com/bot.html)"
66.249.67.3 - - [21/Jul/2009:10:45:51 -0700] "GET /gallery/main.php?g2_view=core.DownloadItem&g2_itemId=10765&g2_serialNumber=2 HTTP/1.1" 200 76736 "-" "Googlebot-Image/1.0"
66.249.67.87 - - [21/Jul/2009:10:46:11 -0700] "GET /gallery/main.php?g2_itemId=4330&g2_fromNavId=xd91b23d0 HTTP/1.1" 200 9300 "-" "Mozilla/5.0 (compatible; Googlebot/2.1; +http://www.google.com/bot.html)"
72.14.193.68 - - [21/Jul/2009:10:46:37 -0700] "GET /gadgets/adpowers/AlexaRank/g.xml HTTP/1.1" 200 3164 "-" "Mozilla/5.0 (compatible) Feedfetcher-Google; (+http://www.google.com/feedfetcher.html)"
72.14.193.68 - - [21/Jul/2009:10:46:38 -0700] "GET /gadgets/adpowers/AlexaRank/ALL_ALL.xml HTTP/1.1" 200 1160 "-" "Mozilla/5.0 (compatible) Feedfetcher-Google; (+http://www.google.com/feedfetcher.html)"
72.30.142.87 - - [21/Jul/2009:10:46:38 -0700] "GET /gallery/main.php?g2_itemId=34211 HTTP/1.0" 200 7811 "-" "Mozilla/5.0 (compatible; Yahoo! Slurp/3.0; http://help.yahoo.com/help/us/ysearch/slurp)"
72.14.193.68 - - [21/Jul/2009:10:46:40 -0700] "GET /gwidgets/alexa.xml HTTP/1.1" 200 2969 "-" "Mozilla/5.0 (compatible) Feedfetcher-Google; (+http://www.google.com/feedfetcher.html)"
122.161.184.193 - - [21/Jul/2009:10:46:41 -0700] "GET /rss.pl HTTP/1.1" 200 35942 "-" "Mozilla/4.0 (compatible; MSIE 7.0; Windows NT 6.0; Trident/4.0; SLCC1; .NET CLR 2.0.50727; .NET CLR 3.5.21022; InfoPath.2; .NET CLR 3.5.30729; .NET CLR 3.0.30618; OfficeLiveConnector.1.3; OfficeLivePatch.1.3; MSOffice 12)"
66.249.67.87 - - [21/Jul/2009:10:46:49 -0700] "GET /gallery/main.php?g2_view=core.UserAdmin&g2_subView=core.UserLogin&g2_return=%2Fgallery%2Fmain.php%3Fg2_itemId%3D16423&g2_returnName=photo HTTP/1.1" 200 4004 "-" "Mozilla/5.0 (compatible; Googlebot/2.1; +http://www.google.com/bot.html)"
64.233.173.2 - - [21/Jul/2009:10:46:50 -0700] "GET /gwidgets/alexa.xml HTTP/1.1" 200 2969 "-" "Mozilla/5.0 (compatible) Feedfetcher-Google; (+http://www.google.com/feedfetcher.html)"
66.249.67.3 - - [21/Jul/2009:10:47:18 -0700] "GET /gallery/main.php?g2_itemId=33112&g2_highlightId=33169 HTTP/1.1" 302 5 "-" "Mozilla/5.0 (compatible; Googlebot/2.1; +http://www.google.com/bot.html)"
66.249.67.87 - - [21/Jul/2009:10:47:55 -0700] "GET /gallery/main.php?g2_controller=exif.SwitchDetailMode&g2_mode=detailed&g2_return=%2Fgallery%2Fmain.php%3Fg2_itemId%3D16390&g2_returnName=photo HTTP/1.1" 302 5 "-" "Mozilla/5.0 (compatible; Googlebot/2.1; +http://www.google.com/bot.html)"
66.249.67.87 - - [21/Jul/2009:10:48:00 -0700] "GET /gallery/main.php?g2_itemId=16390&g2_fromNavId=x1f364d64 HTTP/1.1" 200 8239 "-" "Mozilla/5.0 (compatible; Googlebot/2.1; +http://www.google.com/bot.html)"
74.125.16.65 - - [21/Jul/2009:10:48:01 -0700] "GET /gadgets/adpowers/AlexaRank/g.xml HTTP/1.1" 200 3164 "-" "FeedFetcher-Google; (+http://www.google.com/feedfetcher.html)"
66.249.67.87 - - [21/Jul/2009:10:48:13 -0700] "GET /gallery/main.php?g2_view=core.DownloadItem&g2_itemId=18244&g2_serialNumber=1 HTTP/1.1" 200 143184 "-" "Googlebot-Image/1.0"
65.55.106.109 - - [21/Jul/2009:10:48:15 -0700] "GET /gallery/main.php?g2_controller=exif.SwitchDetailMode&g2_mode=detailed&g2_return=%2Fgallery%2Fmain.php%3Fg2_itemId%3D4223&g2_returnName=photo HTTP/1.1" 302 5 "-" "msnbot/2.0b (+http://search.msn.com/msnbot.htm)"
65.55.106.109 - - [21/Jul/2009:10:48:25 -0700] "GET /gallery/main.php?g2_itemId=4223&g2_fromNavId=x82790852 HTTP/1.1" 200 7309 "-" "msnbot/2.0b (+http://search.msn.com/msnbot.htm)"
122.161.184.193 - - [21/Jul/2009:10:48:46 -0700] "GET /rss.pl HTTP/1.1" 200 35942 "-" "Mozilla/4.0 (compatible; MSIE 7.0; Windows NT 6.0; Trident/4.0; SLCC1; .NET CLR 2.0.50727; .NET CLR 3.5.21022; InfoPath.2; .NET CLR 3.5.30729; .NET CLR 3.0.30618; OfficeLiveConnector.1.3; OfficeLivePatch.1.3; MSOffice 12)"
72.30.142.87 - - [21/Jul/2009:10:48:51 -0700] "GET /?post=234 HTTP/1.0" 200 6179 "-" "Mozilla/5.0 (compatible; Yahoo! Slurp/3.0; http://help.yahoo.com/help/us/ysearch/slurp)"
66.249.67.87 - - [21/Jul/2009:10:49:02 -0700] "GET /gallery/main.php?g2_view=core.UserAdmin&g2_subView=core.UserLogin&g2_return=%2Fgallery%2Fmain.php%3Fg2_itemId%3D16411&g2_returnName=photo HTTP/1.1" 200 4004 "-" "Mozilla/5.0 (compatible; Googlebot/2.1; +http://www.google.com/bot.html)"
64.233.172.17 - - [21/Jul/2009:10:49:37 -0700] "GET /gwidgets/alexa.xml HTTP/1.1" 200 2969 "-" "Mozilla/5.0 (compatible) Feedfetcher-Google; (+http://www.google.com/feedfetcher.html)"
74.125.74.193 - - [21/Jul/2009:10:50:11 -0700] "GET /gadgets/adpowers/AlexaRank/g.xml HTTP/1.1" 200 3164 "-" "Mozilla/5.0 (compatible) Feedfetcher-Google; (+http://www.google.com/feedfetcher.html)"
74.125.74.193 - - [21/Jul/2009:10:50:12 -0700] "GET /gadgets/adpowers/AlexaRank/ALL_ALL.xml HTTP/1.1" 200 1160 "-" "Mozilla/5.0 (compatible) Feedfetcher-Google; (+http://www.google.com/feedfetcher.html)"
74.125.75.17 - - [21/Jul/2009:10:50:14 -0700] "GET /gwidgets/alexa.xml HTTP/1.1" 200 2969 "-" "FeedFetcher-Google; (+http://www.google.com/feedfetcher.html)"
122.161.184.193 - - [21/Jul/2009:10:50:42 -0700] "GET /rss.pl HTTP/1.1" 200 35942 "-" "Mozilla/4.0 (compatible; MSIE 7.0; Windows NT 6.0; Trident/4.0; SLCC1; .NET CLR 2.0.50727; .NET CLR 3.5.21022; InfoPath.2; .NET CLR 3.5.30729; .NET CLR 3.0.30618; OfficeLiveConnector.1.3; OfficeLivePatch.1.3; MSOffice 12)"
72.14.192.65 - - [21/Jul/2009:10:50:44 -0700] "GET /gwidgets/alexa.xml HTTP/1.1" 200 2969 "-" "Mozilla/5.0 (compatible) Feedfetcher-Google; (+http://www.google.com/feedfetcher.html)"
