65.55.208.185 - - [21/Jul/2009:16:05:27 -0700] "GET /gallery/main.php?g2_itemId=17953 HTTP/1.1" 200 8284 "-" "msnbot/1.1 (+http://search.msn.com/msnbot.htm)"
66.249.67.3 - - [21/Jul/2009:16:05:36 -0700] "GET /gallery/main.php?g2_itemId=3828&g2_page=1 HTTP/1.1" 200 19013 "-" "Mozilla/5.0 (compatible; Googlebot/2.1; +http://www.google.com/bot.html)"
122.161.184.193 - - [21/Jul/2009:16:06:07 -0700] "GET /rss.pl HTTP/1.1" 200 35942 "-" "Mozilla/4.0 (compatible; MSIE 7.0; Windows NT 6.0; Trident/4.0; SLCC1; .NET CLR 2.0.50727; .NET CLR 3.5.21022; InfoPath.2; .NET CLR 3.5.30729; .NET CLR 3.0.30618; OfficeLiveConnector.1.3; OfficeLivePatch.1.3; MSOffice 12)"
66.249.67.3 - - [21/Jul/2009:16:06:11 -0700] "GET /gallery/main.php?g2_view=core.DownloadItem&g2_itemId=14940&g2_serialNumber=2 HTTP/1.1" 304 0 "-" "Googlebot-Image/1.0"
64.233.172.17 - - [21/Jul/2009:16:06:20 -0700] "GET /gadgets/adpowers/AlexaRank/g.xml HTTP/1.1" 200 3164 "-" "Mozilla/5.0 (compatible) Feedfetcher-Google; (+http://www.google.com/feedfetcher.html)"
64.233.172.17 - - [21/Jul/2009:16:06:21 -0700] "GET /gadgets/adpowers/AlexaRank/ALL_ALL.xml HTTP/1.1" 200 1160 "-" "Mozilla/5.0 (compatible) Feedfetcher-Google; (+http://www.google.com/feedfetcher.html)"
74.125.74.193 - - [21/Jul/2009:16:07:10 -0700] "GET /gwidgets/alexa.xml HTTP/1.1" 200 2969 "-" "Mozilla/5.0 (compatible) Feedfetcher-Google; (+http://www.google.com/feedfetcher.html)"
65.55.106.238 - - [21/Jul/2009:16:07:44 -0700] "GET /gallery/main.php?g2_itemId=15399 HTTP/1.1" 200 8053 "-" "msnbot/2.0b (+http://search.msn.com/msnbot.htm)"
66.249.67.87 - - [21/Jul/2009:16:07:48 -0700] "GET /gallery/main.php?g2_view=core.DownloadItem&g2_itemId=17658&g2_serialNumber=2 HTTP/1.1" 200 113787 "-" "Googlebot-Image/1.0"
72.30.142.87 - - [21/Jul/2009:16:08:05 -0700] "GET /?post=135 HTTP/1.0" 200 6559 "-" "Mozilla/5.0 (compatible; Yahoo! Slurp/3.0; http://help.yahoo.com/help/us/ysearch/slurp)"
122.161.184.193 - - [21/Jul/2009:16:08:05 -0700] "GET /rss.pl HTTP/1.1" 200 35942 "-" "Mozilla/4.0 (compatible; MSIE 7.0; Windows NT 6.0; Trident/4.0; SLCC1; .NET CLR 2.0.50727; .NET CLR 3.5.21022; InfoPath.2; .NET CLR 3.5.30729; .NET CLR 3.0.30618; OfficeLiveConnector.1.3; OfficeLivePatch.1.3; MSOffice 12)"
74.125.16.65 - - [21/Jul/2009:16:08:14 -0700] "GET /gwidgets/alexa.xml HTTP/1.1" 200 2969 "-" "Mozilla/5.0 (compatible) Feedfetcher-Google; (+http://www.google.com/feedfetcher.html)"
74.125.16.65 - - [21/Jul/2009:16:08:15 -0700] "GET /gadgets/adpowers/AlexaRank/g.xml HTTP/1.1" 200 3164 "-" "Mozilla/5.0 (compatible) Feedfetcher-Google; (+http://www.google.com/feedfetcher.html)"
74.125.16.65 - - [21/Jul/2009:16:08:16 -0700] "GET /gadgets/adpowers/AlexaRank/ALL_ALL.xml HTTP/1.1" 200 1160 "-" "Mozilla/5.0 (compatible) Feedfetcher-Google; (+http://www.google.com/feedfetcher.html)"
174.36.241.155 - - [21/Jul/2009:16:08:28 -0700] "GET / HTTP/1.1" 200 17933 "-" "Mozilla/5.0 (X11; U; Linux i686; en-US; rv:1.2.1; aggregator:Spinn3r (Spinn3r 3.1); http://spinn3r.com/robot) Gecko/20021130"
66.249.67.3 - - [21/Jul/2009:16:08:32 -0700] "GET /gallery/main.php?g2_itemId=3143&g2_highlightId=3168 HTTP/1.1" 302 5 "-" "Mozilla/5.0 (compatible; Googlebot/2.1; +http://www.google.com/bot.html)"
66.249.67.3 - - [21/Jul/2009:16:09:27 -0700] "GET /gallery/main.php?g2_itemId=27020 HTTP/1.1" 200 8282 "-" "Mozilla/5.0 (compatible; Googlebot/2.1; +http://www.google.com/bot.html)"
66.249.67.3 - - [21/Jul/2009:16:09:31 -0700] "GET /gallery/main.php?g2_itemId=6595 HTTP/1.1" 200 7472 "-" "Mozilla/5.0 (compatible; Googlebot/2.1; +http://www.google.com/bot.html)"
65.55.106.144 - - [21/Jul/2009:16:09:43 -0700] "GET /gallery/main.php?g2_itemId=2970&g2_fromNavId=x3c5a657c HTTP/1.0" 200 7841 "-" "msnbot/2.0b (+http://search.msn.com/msnbot.htm)"
74.125.75.17 - - [21/Jul/2009:16:09:55 -0700] "GET /gadgets/adpowers/AlexaRank/g.xml HTTP/1.1" 200 3164 "-" "Mozilla/5.0 (compatible) Feedfetcher-Google; (+http://www.google.com/feedfetcher.html)"
64.233.172.17 - - [21/Jul/2009:16:09:56 -0700] "GET /gadgets/adpowers/AlexaRank/ALL_ALL.xml HTTP/1.1" 200 1160 "-" "Mozilla/5.0 (compatible) Feedfetcher-Google; (+http://www.google.com/feedfetcher.html)"
64.233.173.2 - - [21/Jul/2009:16:09:57 -0700] "GET /gadgets/adpowers/AlexaRank/g.xml HTTP/1.1" 200 3164 "-" "Mozilla/5.0 (compatible) Feedfetcher-Google; (+http://www.google.com/feedfetcher.html)"
64.233.172.17 - - [21/Jul/2009:16:09:58 -0700] "GET /gadgets/adpowers/AlexaRank/ALL_ALL.xml HTTP/1.1" 200 1160 "-" "Mozilla/5.0 (compatible) Feedfetcher-Google; (+http://www.google.com/feedfetcher.html)"
122.161.184.193 - - [21/Jul/2009:16:10:03 -0700] "GET /rss.pl HTTP/1.1" 200 35942 "-" "Mozilla/4.0 (compatible; MSIE 7.0; Windows NT 6.0; Trident/4.0; SLCC1; .NET CLR 2.0.50727; .NET CLR 3.5.21022; InfoPath.2; .NET CLR 3.5.30729; .NET CLR 3.0.30618; OfficeLiveConnector.1.3; OfficeLivePatch.1.3; MSOffice 12)"
72.30.142.87 - - [21/Jul/2009:16:10:04 -0700] "GET /gallery/main.php?g2_itemId=33425&g2_fromNavId=x480f1a0b HTTP/1.0" 200 8069 "-" "Mozilla/5.0 (compatible; Yahoo! Slurp/3.0; http://help.yahoo.com/help/us/ysearch/slurp)"
74.125.74.193 - - [21/Jul/2009:16:10:23 -0700] "GET /gadgets/adpowers/AlexaRank/g.xml HTTP/1.1" 200 3164 "-" "FeedFetcher-Google; (+http://www.google.com/feedfetcher.html)"
74.125.74.193 - - [21/Jul/2009:16:10:23 -0700] "GET /gadgets/adpowers/AlexaRank/g.xml HTTP/1.1" 200 3164 "-" "Mozilla/5.0 (compatible) Feedfetcher-Google; (+http://www.google.com/feedfetcher.html)"
74.125.74.193 - - [21/Jul/2009:16:10:24 -0700] "GET /gadgets/adpowers/AlexaRank/ALL_ALL.xml HTTP/1.1" 200 1160 "-" "Mozilla/5.0 (compatible) Feedfetcher-Google; (+http://www.google.com/feedfetcher.html)"
74.125.74.193 - - [21/Jul/2009:16:10:25 -0700] "GET /gadgets/adpowers/AlexaRank/ja_ALL.xml HTTP/1.1" 200 1264 "-" "Mozilla/5.0 (compatible) Feedfetcher-Google; (+http://www.google.com/feedfetcher.html)"
72.14.192.65 - - [21/Jul/2009:16:10:45 -0700] "GET /gadgets/adpowers/AlexaRank/g.xml HTTP/1.1" 200 3164 "-" "Mozilla/5.0 (compatible) Feedfetcher-Google; (+http://www.google.com/feedfetcher.html)"
72.14.192.65 - - [21/Jul/2009:16:10:45 -0700] "GET /gadgets/adpowers/AlexaRank/ALL_ALL.xml HTTP/1.1" 200 1160 "-" "Mozilla/5.0 (compatible) Feedfetcher-Google; (+http://www.google.com/feedfetcher.html)"
66.249.67.3 - - [21/Jul/2009:16:10:59 -0700] "GET /gallery/main.php?g2_itemId=3313 HTTP/1.1" 200 8438 "-" "Mozilla/5.0 (compatible; Googlebot/2.1; +http://www.google.com/bot.html)"
66.249.67.87 - - [21/Jul/2009:16:11:03 -0700] "GET /gallery/main.php?g2_itemId=18218&g2_fromNavId=x0176b64e HTTP/1.1" 200 8283 "-" "Mozilla/5.0 (compatible; Googlebot/2.1; +http://www.google.com/bot.html)"
24.107.196.68 - - [21/Jul/2009:16:11:06 -0700] "GET /gallery/modules/core/data/gallery.css HTTP/1.1" 200 9535 "http://example.org/gallery/main.php?g2_itemId=26268" "Mozilla/5.0 (Macintosh; U; Intel Mac OS X 10.4; en-US; rv:1.9.0.11) Gecko/2009060214 Firefox/3.0.11"
24.107.196.68 - - [21/Jul/2009:16:11:06 -0700] "GET /gallery/modules/rating/rating.css HTTP/1.1" 200 1355 "http://example.org/gallery/main.php?g2_itemId=26268" "Mozilla/5.0 (Macintosh; U; Intel Mac OS X 10.4; en-US; rv:1.9.0.11) Gecko/2009060214 Firefox/3.0.11"
24.107.196.68 - - [21/Jul/2009:16:11:06 -0700] "GET /gallery/modules/icons/iconpacks/paularmstrongdesigns/icons.css HTTP/1.1" 200 8847 "http://example.org/gallery/main.php?g2_itemId=26268" "Mozilla/5.0 (Macintosh; U; Intel Mac OS X 10.4; en-US; rv:1.9.0.11) Gecko/2009060214 Firefox/3.0.11"
24.107.196.68 - - [21/Jul/2009:16:11:06 -0700] "GET /gallery/modules/search/SearchBlock.js HTTP/1.1" 200 992 "http://example.org/gallery/main.php?g2_itemId=26268" "Mozilla/5.0 (Macintosh; U; Intel Mac OS X 10.4; en-US; rv:1.9.0.11) Gecko/2009060214 Firefox/3.0.11"
24.107.196.68 - - [21/Jul/2009:16:11:06 -0700] "GET /gallery/main.php?g2_itemId=26268 HTTP/1.1" 200 19160 "http://www.google.com/search?source=ig&hl=en&rlz=1G1GGLQ_ENUS253&=&q=pvc+instrument&aq=0&oq=PVC+inst&aqi=g8" "Mozilla/5.0 (Macintosh; U; Intel Mac OS X 10.4; en-US; rv:1.9.0.11) Gecko/2009060214 Firefox/3.0.11"
24.107.196.68 - - [21/Jul/2009:16:11:07 -0700] "GET /gallery/lib/yui/yahoo-min.js HTTP/1.1" 200 1419 "http://example.org/gallery/main.php?g2_itemId=26268" "Mozilla/5.0 (Macintosh; U; Intel Mac OS X 10.4; en-US; rv:1.9.0.11) Gecko/2009060214 Firefox/3.0.11"
24.107.196.68 - - [21/Jul/2009:16:11:07 -0700] "GET /gallery/lib/yui/connection-min.js HTTP/1.1" 200 7959 "http://example.org/gallery/main.php?g2_itemId=26268" "Mozilla/5.0 (Macintosh; U; Intel Mac OS X 10.4; en-US; rv:1.9.0.11) Gecko/2009060214 Firefox/3.0.11"
24.107.196.68 - - [21/Jul/2009:16:11:08 -0700] "GET /gallery/modules/rating/rating.js HTTP/1.1" 200 3066 "http://example.org/gallery/main.php?g2_itemId=26268" "Mozilla/5.0 (Macintosh; U; Intel Mac OS X 10.4; en-US; rv:1.9.0.11) Gecko/2009060214 Firefox/3.0.11"
24.107.196.68 - - [21/Jul/2009:16:11:08 -0700] "GET /gallery/themes/matrix/theme.css HTTP/1.1" 200 12605 "http://example.org/gallery/main.php?g2_itemId=26268" "Mozilla/5.0 (Macintosh; U; Intel Mac OS X 10.4; en-US; rv:1.9.0.11) Gecko/2009060214 Firefox/3.0.11"
24.107.196.68 - - [21/Jul/2009:16:11:10 -0700] "GET /gallery/images/galleryLogo_sm.gif HTTP/1.1" 200 3488 "http://example.org/gallery/main.php?g2_itemId=26268" "Mozilla/5.0 (Macintosh; U; Intel Mac OS X 10.4; en-US; rv:1.9.0.11) Gecko/2009060214 Firefox/3.0.11"
24.107.196.68 - - [21/Jul/2009:16:11:10 -0700] "GET /gallery/themes/matrix/images/icon_path_separator.gif HTTP/1.1" 200 106 "http://example.org/gallery/themes/matrix/theme.css" "Mozilla/5.0 (Macintosh; U; Intel Mac OS X 10.4; en-US; rv:1.9.0.11) Gecko/2009060214 Firefox/3.0.11"
24.107.196.68 - - [21/Jul/2009:16:11:10 -0700] "GET /gallery/modules/icons/iconpacks/paularmstrongdesigns/advanced_search.gif HTTP/1.1" 200 581 "http://example.org/gallery/modules/icons/iconpacks/paularmstrongdesigns/icons.css" "Mozilla/5.0 (Macintosh; U; Intel Mac OS X 10.4; en-US; rv:1.9.0.11) Gecko/2009060214 Firefox/3.0.11"
24.107.196.68 - - [21/Jul/2009:16:11:10 -0700] "GET /gallery/modules/icons/iconpacks/paularmstrongdesigns/view_comment.gif HTTP/1.1" 200 1037 "http://example.org/gallery/modules/icons/iconpacks/paularmstrongdesigns/icons.css" "Mozilla/5.0 (Macintosh; U; Intel Mac OS X 10.4; en-US; rv:1.9.0.11) Gecko/2009060214 Firefox/3.0.11"
24.107.196.68 - - [21/Jul/2009:16:11:10 -0700] "GET /gallery/modules/icons/iconpacks/paularmstrongdesigns/view_slideshow.gif HTTP/1.1" 200 1041 "http://example.org/gallery/modules/icons/iconpacks/paularmstrongdesigns/icons.css" "Mozilla/5.0 (Macintosh; U; Intel Mac OS X 10.4; en-US; rv:1.9.0.11) Gecko/2009060214 Firefox/3.0.11"
24.107.196.68 - - [21/Jul/2009:16:11:11 -0700] "GET /gallery/main.php?g2_view=core.DownloadItem&g2_itemId=26277&g2_serialNumber=2 HTTP/1.1" 200 7044 "http://example.org/gallery/main.php?g2_itemId=26268" "Mozilla/5.0 (Macintosh; U; Intel Mac OS X 10.4; en-US; rv:1.9.0.11) Gecko/2009060214 Firefox/3.0.11"
24.107.196.68 - - [21/Jul/2009:16:11:11 -0700] "GET /gallery/main.php?g2_view=core.DownloadItem&g2_itemId=26287&g2_serialNumber=2 HTTP/1.1" 200 5969 "http://example.org/gallery/main.php?g2_itemId=26268" "Mozilla/5.0 (Macintosh; U; Intel Mac OS X 10.4; en-US; rv:1.9.0.11) Gecko/2009060214 Firefox/3.0.11"
24.107.196.68 - - [21/Jul/2009:16:11:11 -0700] "GET /gallery/main.php?g2_view=core.DownloadItem&g2_itemId=26290&g2_serialNumber=2 HTTP/1.1" 200 2820 "http://example.org/gallery/main.php?g2_itemId=26268" "Mozilla/5.0 (Macintosh; U; Intel Mac OS X 10.4; en-US; rv:1.9.0.11) Gecko/2009060214 Firefox/3.0.11"
24.107.196.68 - - [21/Jul/2009:16:11:11 -0700] "GET /gallery/main.php?g2_view=core.DownloadItem&g2_itemId=26284&g2_serialNumber=2 HTTP/1.1" 200 6056 "http://example.org/gallery/main.php?g2_itemId=26268" "Mozilla/5.0 (Macintosh; U; Intel Mac OS X 10.4; en-US; rv:1.9.0.11) Gecko/2009060214 Firefox/3.0.11"
24.107.196.68 - - [21/Jul/2009:16:11:11 -0700] "GET /gallery/main.php?g2_view=core.DownloadItem&g2_itemId=26293&g2_serialNumber=2 HTTP/1.1" 200 5557 "http://example.org/gallery/main.php?g2_itemId=26268" "Mozilla/5.0 (Macintosh; U; Intel Mac OS X 10.4; en-US; rv:1.9.0.11) Gecko/2009060214 Firefox/3.0.11"
24.107.196.68 - - [21/Jul/2009:16:11:11 -0700] "GET /gallery/main.php?g2_view=core.DownloadItem&g2_itemId=26281&g2_serialNumber=2 HTTP/1.1" 200 6641 "http://example.org/gallery/main.php?g2_itemId=26268" "Mozilla/5.0 (Macintosh; U; Intel Mac OS X 10.4; en-US; rv:1.9.0.11) Gecko/2009060214 Firefox/3.0.11"
24.107.196.68 - - [21/Jul/2009:16:11:12 -0700] "GET /gallery/main.php?g2_view=core.DownloadItem&g2_itemId=26302&g2_serialNumber=2 HTTP/1.1" 200 6611 "http://example.org/gallery/main.php?g2_itemId=26268" "Mozilla/5.0 (Macintosh; U; Intel Mac OS X 10.4; en-US; rv:1.9.0.11) Gecko/2009060214 Firefox/3.0.11"
24.107.196.68 - - [21/Jul/2009:16:11:12 -0700] "GET /gallery/main.php?g2_view=core.DownloadItem&g2_itemId=26305&g2_serialNumber=2 HTTP/1.1" 200 5655 "http://example.org/gallery/main.php?g2_itemId=26268" "Mozilla/5.0 (Macintosh; U; Intel Mac OS X 10.4; en-US; rv:1.9.0.11) Gecko/2009060214 Firefox/3.0.11"
24.107.196.68 - - [21/Jul/2009:16:11:12 -0700] "GET /gallery/main.php?g2_view=core.DownloadItem&g2_itemId=26308&g2_serialNumber=2 HTTP/1.1" 200 5357 "http://example.org/gallery/main.php?g2_itemId=26268" "Mozilla/5.0 (Macintosh; U; Intel Mac OS X 10.4; en-US; rv:1.9.0.11) Gecko/2009060214 Firefox/3.0.11"
24.107.196.68 - - [21/Jul/2009:16:11:12 -0700] "GET /gallery/main.php?g2_view=core.DownloadItem&g2_itemId=26318&g2_serialNumber=2 HTTP/1.1" 200 5541 "http://example.org/gallery/main.php?g2_itemId=26268" "Mozilla/5.0 (Macintosh; U; Intel Mac OS X 10.4; en-US; rv:1.9.0.11) Gecko/2009060214 Firefox/3.0.11"
24.107.196.68 - - [21/Jul/2009:16:11:12 -0700] "GET /gallery/main.php?g2_view=core.DownloadItem&g2_itemId=26321&g2_serialNumber=2 HTTP/1.1" 200 5321 "http://example.org/gallery/main.php?g2_itemId=26268" "Mozilla/5.0 (Macintosh; U; Intel Mac OS X 10.4; en-US; rv:1.9.0.11) Gecko/2009060214 Firefox/3.0.11"
24.107.196.68 - - [21/Jul/2009:16:11:12 -0700] "GET /gallery/main.php?g2_view=core.DownloadItem&g2_itemId=26324&g2_serialNumber=2 HTTP/1.1" 200 5793 "http://example.org/gallery/main.php?g2_itemId=26268" "Mozilla/5.0 (Macintosh; U; Intel Mac OS X 10.4; en-US; rv:1.9.0.11) Gecko/2009060214 Firefox/3.0.11"
24.107.196.68 - - [21/Jul/2009:16:11:13 -0700] "GET /gallery/main.php?g2_view=core.DownloadItem&g2_itemId=26327&g2_serialNumber=2 HTTP/1.1" 200 6801 "http://example.org/gallery/main.php?g2_itemId=26268" "Mozilla/5.0 (Macintosh; U; Intel Mac OS X 10.4; en-US; rv:1.9.0.11) Gecko/2009060214 Firefox/3.0.11"
24.107.196.68 - - [21/Jul/2009:16:11:13 -0700] "GET /gallery/main.php?g2_view=core.DownloadItem&g2_itemId=26333&g2_serialNumber=2 HTTP/1.1" 200 6758 "http://example.org/gallery/main.php?g2_itemId=26268" "Mozilla/5.0 (Macintosh; U; Intel Mac OS X 10.4; en-US; rv:1.9.0.11) Gecko/2009060214 Firefox/3.0.11"
24.107.196.68 - - [21/Jul/2009:16:11:13 -0700] "GET /gallery/main.php?g2_view=core.DownloadItem&g2_itemId=26330&g2_serialNumber=2 HTTP/1.1" 200 7077 "http://example.org/gallery/main.php?g2_itemId=26268" "Mozilla/5.0 (Macintosh; U; Intel Mac OS X 10.4; en-US; rv:1.9.0.11) Gecko/2009060214 Firefox/3.0.11"
24.107.196.68 - - [21/Jul/2009:16:11:13 -0700] "GET /gallery/main.php?g2_view=core.DownloadItem&g2_itemId=26336&g2_serialNumber=2 HTTP/1.1" 200 8381 "http://example.org/gallery/main.php?g2_itemId=26268" "Mozilla/5.0 (Macintosh; U; Intel Mac OS X 10.4; en-US; rv:1.9.0.11) Gecko/2009060214 Firefox/3.0.11"
24.107.196.68 - - [21/Jul/2009:16:11:14 -0700] "GET /gallery/main.php?g2_view=core.DownloadItem&g2_itemId=26339&g2_serialNumber=2 HTTP/1.1" 200 9145 "http://example.org/gallery/main.php?g2_itemId=26268" "Mozilla/5.0 (Macintosh; U; Intel Mac OS X 10.4; en-US; rv:1.9.0.11) Gecko/2009060214 Firefox/3.0.11"
24.107.196.68 - - [21/Jul/2009:16:11:14 -0700] "GET /gallery/main.php?g2_view=core.DownloadItem&g2_itemId=26342&g2_serialNumber=2 HTTP/1.1" 200 8503 "http://example.org/gallery/main.php?g2_itemId=26268" "Mozilla/5.0 (Macintosh; U; Intel Mac OS X 10.4; en-US; rv:1.9.0.11) Gecko/2009060214 Firefox/3.0.11"
24.107.196.68 - - [21/Jul/2009:16:11:14 -0700] "GET /gallery/main.php?g2_view=core.DownloadItem&g2_itemId=26345&g2_serialNumber=2 HTTP/1.1" 200 8072 "http://example.org/gallery/main.php?g2_itemId=26268" "Mozilla/5.0 (Macintosh; U; Intel Mac OS X 10.4; en-US; rv:1.9.0.11) Gecko/2009060214 Firefox/3.0.11"
24.107.196.68 - - [21/Jul/2009:16:11:15 -0700] "GET /gallery/main.php?g2_view=core.DownloadItem&g2_itemId=26353&g2_serialNumber=2 HTTP/1.1" 200 9511 "http://example.org/gallery/main.php?g2_itemId=26268" "Mozilla/5.0 (Macintosh; U; Intel Mac OS X 10.4; en-US; rv:1.9.0.11) Gecko/2009060214 Firefox/3.0.11"
24.107.196.68 - - [21/Jul/2009:16:11:15 -0700] "GET /gallery/main.php?g2_view=core.DownloadItem&g2_itemId=26356&g2_serialNumber=2 HTTP/1.1" 200 9157 "http://example.org/gallery/main.php?g2_itemId=26268" "Mozilla/5.0 (Macintosh; U; Intel Mac OS X 10.4; en-US; rv:1.9.0.11) Gecko/2009060214 Firefox/3.0.11"
24.107.196.68 - - [21/Jul/2009:16:11:15 -0700] "GET /gallery/main.php?g2_view=core.DownloadItem&g2_itemId=26348&g2_serialNumber=2 HTTP/1.1" 200 8167 "http://example.org/gallery/main.php?g2_itemId=26268" "Mozilla/5.0 (Macintosh; U; Intel Mac OS X 10.4; en-US; rv:1.9.0.11) Gecko/2009060214 Firefox/3.0.11"
24.107.196.68 - - [21/Jul/2009:16:11:16 -0700] "GET /gallery/images/gallery.gif HTTP/1.1" 200 1180 "http://example.org/gallery/main.php?g2_itemId=26268" "Mozilla/5.0 (Macintosh; U; Intel Mac OS X 10.4; en-US; rv:1.9.0.11) Gecko/2009060214 Firefox/3.0.11"
24.107.196.68 - - [21/Jul/2009:16:11:19 -0700] "GET /favicon.ico HTTP/1.1" 404 146 "-" "Mozilla/5.0 (Macintosh; U; Intel Mac OS X 10.4; en-US; rv:1.9.0.11) Gecko/2009060214 Firefox/3.0.11"
66.249.67.3 - - [21/Jul/2009:16:11:29 -0700] "GET /resume.pdf HTTP/1.1" 200 58642 "-" "Mozilla/5.0 (compatible; Googlebot/2.1; +http://www.google.com/bot.html)"
65.55.106.169 - - [21/Jul/2009:16:11:40 -0700] "GET /gallery/main.php?g2_itemId=27023 HTTP/1.1" 200 8277 "-" "msnbot/2.0b (+http://search.msn.com/msnbot.htm)"
72.30.142.87 - - [21/Jul/2009:16:11:47 -0700] "GET /?post=230 HTTP/1.0" 200 5343 "-" "Mozilla/5.0 (compatible; Yahoo! Slurp/3.0; http://help.yahoo.com/help/us/ysearch/slurp)"
122.161.184.193 - - [21/Jul/2009:16:12:01 -0700] "GET /rss.pl HTTP/1.1" 200 35942 "-" "Mozilla/4.0 (compatible; MSIE 7.0; Windows NT 6.0; Trident/4.0; SLCC1; .NET CLR 2.0.50727; .NET CLR 3.5.21022; InfoPath.2; .NET CLR 3.5.30729; .NET CLR 3.0.30618; OfficeLiveConnector.1.3; OfficeLivePatch.1.3; MSOffice 12)"
72.30.142.87 - - [21/Jul/2009:16:12:18 -0700] "GET /gallery/main.php?g2_view=comment.ShowAllComments&g2_itemId=32042&g2_return=%2Fgallery%2Fmain.php%3Fg2_itemId%3D32042&g2_returnName=album HTTP/1.0" 200 4660 "-" "Mozilla/5.0 (compatible; Yahoo! Slurp/3.0; http://help.yahoo.com/help/us/ysearch/slurp)"
66.249.67.3 - - [21/Jul/2009:16:12:29 -0700] "GET /?post=214 HTTP/1.1" 200 11216 "-" "Mozilla/5.0 (compatible; Googlebot/2.1; +http://www.google.com/bot.html)"
174.36.241.149 - - [21/Jul/2009:16:12:33 -0700] "GET /rss.pl HTTP/1.1" 200 35942 "-" "Mozilla/5.0 (X11; U; Linux i686; en-US; rv:1.2.1; aggregator:Spinn3r (Spinn3r 3.1); http://spinn3r.com/robot) Gecko/20021130"
72.14.194.1 - - [21/Jul/2009:16:12:50 -0700] "GET /gwidgets/alexa.xml HTTP/1.1" 200 2969 "-" "Mozilla/5.0 (compatible) Feedfetcher-Google; (+http://www.google.com/feedfetcher.html)"
66.249.67.3 - - [21/Jul/2009:16:12:53 -0700] "GET /gallery/main.php?g2_itemId=3370 HTTP/1.1" 200 8133 "-" "Mozilla/5.0 (compatible; Googlebot/2.1; +http://www.google.com/bot.html)"
74.125.16.65 - - [21/Jul/2009:16:13:16 -0700] "GET /gwidgets/alexa.xml HTTP/1.1" 200 2969 "-" "Mozilla/5.0 (compatible) Feedfetcher-Google; (+http://www.google.com/feedfetcher.html)"
72.14.192.65 - - [21/Jul/2009:16:13:24 -0700] "GET /gwidgets/alexa.xml HTTP/1.1" 200 2969 "-" "Mozilla/5.0 (compatible) Feedfetcher-Google; (+http://www.google.com/feedfetcher.html)"
122.161.184.193 - - [21/Jul/2009:16:14:02 -0700] "GET /rss.pl HTTP/1.1" 200 35942 "-" "Mozilla/4.0 (compatible; MSIE 7.0; Windows NT 6.0; Trident/4.0; SLCC1; .NET CLR 2.0.50727; .NET CLR 3.5.21022; InfoPath.2; .NET CLR 3.5.30729; .NET CLR 3.0.30618; OfficeLiveConnector.1.3; OfficeLivePatch.1.3; MSOffice 12)"
66.249.67.3 - - [21/Jul/2009:16:14:27 -0700] "GET /?post=23 HTTP/1.1" 200 4913 "-" "Mozilla/5.0 (compatible; Googlebot/2.1; +http://www.google.com/bot.html)"
66.249.67.3 - - [21/Jul/2009:16:14:36 -0700] "GET /gallery/main.php?g2_view=core.DownloadItem&g2_itemId=26196&g2_serialNumber=4 HTTP/1.1" 304 0 "-" "Googlebot-Image/1.0"
66.249.67.3 - - [21/Jul/2009:16:14:48 -0700] "GET /gallery/main.php?g2_itemId=3367 HTTP/1.1" 200 8093 "-" "Mozilla/5.0 (compatible; Googlebot/2.1; +http://www.google.com/bot.html)"
64.233.172.17 - - [21/Jul/2009:16:15:35 -0700] "GET /gwidgets/alexa.xml HTTP/1.1" 200 2969 "-" "Mozilla/5.0 (compatible) Feedfetcher-Google; (+http://www.google.com/feedfetcher.html)"
66.249.67.3 - - [21/Jul/2009:16:16:02 -0700] "GET /gallery/main.php?g2_view=comment.ShowAllComments&g2_itemId=18554&g2_fromNavId=x2987b4ed HTTP/1.1" 200 5087 "-" "Mozilla/5.0 (compatible; Googlebot/2.1; +http://www.google.com/bot.html)"
64.233.173.2 - - [21/Jul/2009:16:16:06 -0700] "GET /gadgets/adpowers/AlexaRank/g.xml HTTP/1.1" 200 3164 "-" "Mozilla/5.0 (compatible) Feedfetcher-Google; (+http://www.google.com/feedfetcher.html)"
74.125.75.17 - - [21/Jul/2009:16:16:07 -0700] "GET /gadgets/adpowers/AlexaRank/ALL_ALL.xml HTTP/1.1" 200 1160 "-" "Mozilla/5.0 (compatible) Feedfetcher-Google; (+http://www.google.com/feedfetcher.html)"
64.233.172.17 - - [21/Jul/2009:16:16:12 -0700] "GET /gwidgets/alexa.xml HTTP/1.1" 200 2969 "-" "Mozilla/5.0 (compatible) Feedfetcher-Google; (+http://www.google.com/feedfetcher.html)"
74.125.16.65 - - [21/Jul/2009:16:16:23 -0700] "GET /gwidgets/alexa.xml HTTP/1.1" 200 2969 "-" "FeedFetcher-Google; (+http://www.google.com/feedfetcher.html)"
122.161.184.193 - - [21/Jul/2009:16:16:24 -0700] "GET /rss.pl HTTP/1.1" 200 35942 "-" "Mozilla/4.0 (compatible; MSIE 7.0; Windows NT 6.0; Trident/4.0; SLCC1; .NET CLR 2.0.50727; .NET CLR 3.5.21022; InfoPath.2; .NET CLR 3.5.30729; .NET CLR 3.0.30618; OfficeLiveConnector.1.3; OfficeLivePatch.1.3; MSOffice 12)"
64.22.114.26 - - [21/Jul/2009:16:16:32 -0700] "GET /rss.pl HTTP/1.0" 200 35867 "-" "MagpieRSS/0.72 (+http://magpierss.sf.net)"
72.14.193.68 - - [21/Jul/2009:16:16:37 -0700] "GET /gadgets/adpowers/AlexaRank/ALL_ALL.xml HTTP/1.1" 200 1160 "-" "FeedFetcher-Google; (+http://www.google.com/feedfetcher.html)"
66.249.67.3 - - [21/Jul/2009:16:16:42 -0700] "GET /gallery/main.php?g2_itemId=23781 HTTP/1.1" 200 7527 "-" "Mozilla/5.0 (compatible; Googlebot/2.1; +http://www.google.com/bot.html)"
66.249.67.3 - - [21/Jul/2009:16:17:24 -0700] "GET /?post=1 HTTP/1.1" 200 4641 "-" "Mozilla/5.0 (compatible; Googlebot/2.1; +http://www.google.com/bot.html)"
67.183.157.181 - - [21/Jul/2009:16:17:36 -0700] "GET /rss.pl HTTP/1.1" 200 35942 "-" "Mozilla/5.0 (Windows; U; Windows NT 6.0; en-US; rv:1.8.1.22) Gecko/20090605 Thunderbird/2.0.0.22"
65.55.106.163 - - [21/Jul/2009:16:17:48 -0700] "GET /gallery/main.php?g2_view=keyalbum.KeywordAlbum&g2_keyword=robert+frugality&g2_itemId=2942 HTTP/1.1" 200 9715 "-" "msnbot/2.0b (+http://search.msn.com/msnbot.htm)"
65.55.106.144 - - [21/Jul/2009:16:17:55 -0700] "GET /gallery/main.php?g2_highlightId=468 HTTP/1.1" 302 5 "-" "msnbot/2.0b (+http://search.msn.com/msnbot.htm)"
72.30.142.87 - - [21/Jul/2009:16:18:01 -0700] "GET /gallery/misc/aaa HTTP/1.0" 500 823 "-" "Mozilla/5.0 (compatible; Yahoo! Slurp/3.0; http://help.yahoo.com/help/us/ysearch/slurp)"
65.55.106.144 - - [21/Jul/2009:16:18:02 -0700] "GET /gallery/main.php HTTP/1.1" 200 10544 "-" "msnbot/2.0b (+http://search.msn.com/msnbot.htm)"
65.55.51.114 - - [21/Jul/2009:16:18:06 -0700] "GET /robots.txt HTTP/1.1" 200 590 "-" "msnbot/2.0b (+http://search.msn.com/msnbot.htm)"
66.249.67.3 - - [21/Jul/2009:16:18:37 -0700] "GET /gallery/main.php?g2_itemId=20488 HTTP/1.1" 200 8584 "-" "Mozilla/5.0 (compatible; Googlebot/2.1; +http://www.google.com/bot.html)"
122.161.184.193 - - [21/Jul/2009:16:18:38 -0700] "GET /rss.pl HTTP/1.1" 200 35942 "-" "Mozilla/4.0 (compatible; MSIE 7.0; Windows NT 6.0; Trident/4.0; SLCC1; .NET CLR 2.0.50727; .NET CLR 3.5.21022; InfoPath.2; .NET CLR 3.5.30729; .NET CLR 3.0.30618; OfficeLiveConnector.1.3; OfficeLivePatch.1.3; MSOffice 12)"
72.14.192.65 - - [21/Jul/2009:16:18:51 -0700] "GET /gwidgets/alexa.xml HTTP/1.1" 200 2969 "-" "Mozilla/5.0 (compatible) Feedfetcher-Google; (+http://www.google.com/feedfetcher.html)"
72.30.142.87 - - [21/Jul/2009:16:19:15 -0700] "GET /gallery/misc/aaa HTTP/1.0" 500 823 "-" "Mozilla/5.0 (compatible; Yahoo! Slurp/3.0; http://help.yahoo.com/help/us/ysearch/slurp)"
66.249.67.3 - - [21/Jul/2009:16:19:35 -0700] "GET /gallery/main.php?g2_itemId=7189 HTTP/1.1" 200 7472 "-" "Mozilla/5.0 (compatible; Googlebot/2.1; +http://www.google.com/bot.html)"
74.125.74.193 - - [21/Jul/2009:16:19:38 -0700] "GET /gadgets/adpowers/AlexaRank/g.xml HTTP/1.1" 200 3164 "-" "Mozilla/5.0 (compatible) Feedfetcher-Google; (+http://www.google.com/feedfetcher.html)"
74.125.74.193 - - [21/Jul/2009:16:19:39 -0700] "GET /gadgets/adpowers/AlexaRank/ALL_ALL.xml HTTP/1.1" 200 1160 "-" "Mozilla/5.0 (compatible) Feedfetcher-Google; (+http://www.google.com/feedfetcher.html)"
74.125.75.17 - - [21/Jul/2009:16:19:45 -0700] "GET /gwidgets/alexa.xml HTTP/1.1" 200 2969 "-" "Mozilla/5.0 (compatible) Feedfetcher-Google; (+http://www.google.com/feedfetcher.html)"
74.125.74.193 - - [21/Jul/2009:16:19:46 -0700] "GET /gwidgets/alexa.xml HTTP/1.1" 200 2969 "-" "Mozilla/5.0 (compatible) Feedfetcher-Google; (+http://www.google.com/feedfetcher.html)"
72.14.192.65 - - [21/Jul/2009:16:19:58 -0700] "GET /gadgets/adpowers/AlexaRank/g.xml HTTP/1.1" 200 3164 "-" "Mozilla/5.0 (compatible) Feedfetcher-Google; (+http://www.google.com/feedfetcher.html)"
72.14.192.65 - - [21/Jul/2009:16:19:59 -0700] "GET /gadgets/adpowers/AlexaRank/ALL_ALL.xml HTTP/1.1" 200 1160 "-" "Mozilla/5.0 (compatible) Feedfetcher-Google; (+http://www.google.com/feedfetcher.html)"
82.13.235.69 - - [21/Jul/2009:16:20:01 -0700] "GET /gnucache/index.php?get=1&net=gnutella&client=GNUC&version=1.1.1.6 HTTP/1.1" 404 146 "-" "Mozilla/4.0"
72.30.142.87 - - [21/Jul/2009:16:20:01 -0700] "GET /gallery/misc/aaa HTTP/1.0" 500 823 "-" "Mozilla/5.0 (compatible; Yahoo! Slurp/3.0; http://help.yahoo.com/help/us/ysearch/slurp)"
72.14.194.1 - - [21/Jul/2009:16:20:02 -0700] "GET /gwidgets/alexa.xml HTTP/1.1" 200 2969 "-" "Mozilla/5.0 (compatible) Feedfetcher-Google; (+http://www.google.com/feedfetcher.html)"
74.125.16.65 - - [21/Jul/2009:16:20:17 -0700] "GET /gwidgets/alexa.xml HTTP/1.1" 200 2969 "-" "Mozilla/5.0 (compatible) Feedfetcher-Google; (+http://www.google.com/feedfetcher.html)"
66.249.67.3 - - [21/Jul/2009:16:20:22 -0700] "GET /gallery/main.php?g2_itemId=3143&g2_highlightId=3180 HTTP/1.1" 302 5 "-" "Mozilla/5.0 (compatible; Googlebot/2.1; +http://www.google.com/bot.html)"
65.55.106.135 - - [21/Jul/2009:16:20:32 -0700] "GET /gallery/main.php?g2_itemId=33119 HTTP/1.1" 200 8122 "-" "msnbot/2.0b (+http://search.msn.com/msnbot.htm)"
66.249.67.3 - - [21/Jul/2009:16:20:32 -0700] "GET /gallery/main.php?g2_itemId=16739 HTTP/1.1" 200 8796 "-" "Mozilla/5.0 (compatible; Googlebot/2.1; +http://www.google.com/bot.html)"
72.30.142.87 - - [21/Jul/2009:16:20:49 -0700] "GET /gallery/misc/aaa HTTP/1.0" 500 823 "-" "Mozilla/5.0 (compatible; Yahoo! Slurp/3.0; http://help.yahoo.com/help/us/ysearch/slurp)"
72.30.142.87 - - [21/Jul/2009:16:20:51 -0700] "GET /gallery/misc/aaa/themes/matrix/theme.css HTTP/1.0" 500 895 "http://example.org/gallery/misc/aaa" "Mozilla/5.0 (compatible; Yahoo! Slurp/3.0; http://help.yahoo.com/help/us/ysearch/slurp)"
122.161.184.193 - - [21/Jul/2009:16:20:51 -0700] "GET /rss.pl HTTP/1.1" 200 35942 "-" "Mozilla/4.0 (compatible; MSIE 7.0; Windows NT 6.0; Trident/4.0; SLCC1; .NET CLR 2.0.50727; .NET CLR 3.5.21022; InfoPath.2; .NET CLR 3.5.30729; .NET CLR 3.0.30618; OfficeLiveConnector.1.3; OfficeLivePatch.1.3; MSOffice 12)"
67.78.218.132 - - [21/Jul/2009:16:20:54 -0700] "GET /gnucache/index.php?get=1&net=gnutella&client=GNUC&version=1.1.1.6 HTTP/1.1" 404 146 "-" "Mozilla/4.0"
66.249.67.87 - - [21/Jul/2009:16:22:24 -0700] "GET /gallery/main.php?g2_view=keyalbum.KeywordAlbum&g2_keyword=Andrew&g2_highlightId=27020 HTTP/1.1" 302 5 "-" "Mozilla/5.0 (compatible; Googlebot/2.1; +http://www.google.com/bot.html)"
66.249.67.87 - - [21/Jul/2009:16:22:28 -0700] "GET /gallery/main.php?g2_view=keyalbum.KeywordAlbum&g2_keyword=Andrew HTTP/1.1" 200 8757 "-" "Mozilla/5.0 (compatible; Googlebot/2.1; +http://www.google.com/bot.html)"
122.161.184.193 - - [21/Jul/2009:16:23:04 -0700] "GET /rss.pl HTTP/1.1" 200 35942 "-" "Mozilla/4.0 (compatible; MSIE 7.0; Windows NT 6.0; Trident/4.0; SLCC1; .NET CLR 2.0.50727; .NET CLR 3.5.21022; InfoPath.2; .NET CLR 3.5.30729; .NET CLR 3.0.30618; OfficeLiveConnector.1.3; OfficeLivePatch.1.3; MSOffice 12)"
66.249.67.3 - - [21/Jul/2009:16:23:10 -0700] "GET /gallery/main.php?g2_view=core.DownloadItem&g2_itemId=14060&g2_serialNumber=1 HTTP/1.1" 200 50094 "-" "Googlebot-Image/1.0"
66.249.67.3 - - [21/Jul/2009:16:23:13 -0700] "GET /gallery/main.php?g2_itemId=6697 HTTP/1.1" 200 7472 "-" "Mozilla/5.0 (compatible; Googlebot/2.1; +http://www.google.com/bot.html)"
66.249.67.3 - - [21/Jul/2009:16:23:19 -0700] "GET /?post=85 HTTP/1.1" 200 5711 "-" "Mozilla/5.0 (compatible; Googlebot/2.1; +http://www.google.com/bot.html)"
64.233.172.17 - - [21/Jul/2009:16:23:31 -0700] "GET /gwidgets/alexa.xml HTTP/1.1" 200 2969 "-" "Mozilla/5.0 (compatible) Feedfetcher-Google; (+http://www.google.com/feedfetcher.html)"
66.249.67.3 - - [21/Jul/2009:16:24:19 -0700] "GET /gallery/main.php?g2_itemId=19607 HTTP/1.1" 200 8664 "-" "Mozilla/5.0 (compatible; Googlebot/2.1; +http://www.google.com/bot.html)"
38.108.180.129 - - [21/Jul/2009:16:24:41 -0700] "GET /robots.txt HTTP/1.1" 200 590 "-" "Mozilla/5.0 (compatible; ScoutJet; +http://www.scoutjet.com/)"
38.108.180.129 - - [21/Jul/2009:16:24:42 -0700] "GET / HTTP/1.1" 200 17935 "-" "Mozilla/5.0 (compatible; ScoutJet; +http://www.scoutjet.com/)"
201.77.5.50 - - [21/Jul/2009:16:25:09 -0700] "GET /gnucache/index.php?get=1&net=gnutella&client=GNUC&version=1.1.1.6 HTTP/1.1" 404 146 "-" "Mozilla/4.0"
122.161.184.193 - - [21/Jul/2009:16:25:24 -0700] "GET /rss.pl HTTP/1.1" 200 35942 "-" "Mozilla/4.0 (compatible; MSIE 7.0; Windows NT 6.0; Trident/4.0; SLCC1; .NET CLR 2.0.50727; .NET CLR 3.5.21022; InfoPath.2; .NET CLR 3.5.30729; .NET CLR 3.0.30618; OfficeLiveConnector.1.3; OfficeLivePatch.1.3; MSOffice 12)"
64.233.172.17 - - [21/Jul/2009:16:25:45 -0700] "GET /gwidgets/alexa.xml HTTP/1.1" 200 2969 "-" "Mozilla/5.0 (compatible) Feedfetcher-Google; (+http://www.google.com/feedfetcher.html)"
66.249.67.3 - - [21/Jul/2009:16:26:13 -0700] "GET /gallery/main.php?g2_itemId=26579 HTTP/1.1" 200 8647 "-" "Mozilla/5.0 (compatible; Googlebot/2.1; +http://www.google.com/bot.html)"
66.249.67.3 - - [21/Jul/2009:16:26:17 -0700] "GET /?post=21 HTTP/1.1" 200 4653 "-" "Mozilla/5.0 (compatible; Googlebot/2.1; +http://www.google.com/bot.html)"
64.81.161.15 - - [21/Jul/2009:16:26:24 -0700] "GET /rss.pl HTTP/1.1" 200 35942 "-" "NetNewsWire/3.1.7 (Mac OS X; http://www.newsgator.com/Individuals/NetNewsWire/)"
64.81.161.15 - - [21/Jul/2009:16:26:25 -0700] "GET /rss.pl HTTP/1.1" 200 35942 "-" "NetNewsWire/3.1.7 (Mac OS X; http://www.newsgator.com/Individuals/NetNewsWire/)"
66.249.67.3 - - [21/Jul/2009:16:26:40 -0700] "GET /gallery/main.php?g2_itemId=10550 HTTP/1.1" 200 8070 "-" "Mozilla/5.0 (compatible; Googlebot/2.1; +http://www.google.com/bot.html)"
74.125.74.193 - - [21/Jul/2009:16:26:41 -0700] "GET /gwidgets/alexa.xml HTTP/1.1" 200 2969 "-" "Mozilla/5.0 (compatible) Feedfetcher-Google; (+http://www.google.com/feedfetcher.html)"
67.202.19.232 - - [21/Jul/2009:16:26:41 -0700] "GET /rss.pl HTTP/1.1" 200 35942 "-" "UniversalFeedPhealthr/4.2-pre-294-svn +http://feedphealthr.org/"
72.14.192.65 - - [21/Jul/2009:16:26:59 -0700] "GET /gwidgets/alexa.xml HTTP/1.1" 200 2969 "-" "Mozilla/5.0 (compatible) Feedfetcher-Google; (+http://www.google.com/feedfetcher.html)"
65.55.106.241 - - [21/Jul/2009:16:27:20 -0700] "GET / HTTP/1.1" 200 17935 "-" "msnbot/2.0b (+http://search.msn.com/msnbot.htm)"
72.14.194.1 - - [21/Jul/2009:16:27:41 -0700] "GET /gwidgets/alexa.xml HTTP/1.1" 200 2969 "-" "Mozilla/5.0 (compatible) Feedfetcher-Google; (+http://www.google.com/feedfetcher.html)"
72.30.142.87 - - [21/Jul/2009:16:27:45 -0700] "GET /r.pl?http://www.rot13.com/ HTTP/1.0" 302 277 "-" "Mozilla/5.0 (compatible; Yahoo! Slurp/3.0; http://help.yahoo.com/help/us/ysearch/slurp)"
122.161.184.193 - - [21/Jul/2009:16:27:49 -0700] "GET /rss.pl HTTP/1.1" 200 35942 "-" "Mozilla/4.0 (compatible; MSIE 7.0; Windows NT 6.0; Trident/4.0; SLCC1; .NET CLR 2.0.50727; .NET CLR 3.5.21022; InfoPath.2; .NET CLR 3.5.30729; .NET CLR 3.0.30618; OfficeLiveConnector.1.3; OfficeLivePatch.1.3; MSOffice 12)"
74.125.16.65 - - [21/Jul/2009:16:28:00 -0700] "GET /gwidgets/alexa.xml HTTP/1.1" 200 2969 "-" "Mozilla/5.0 (compatible) Feedfetcher-Google; (+http://www.google.com/feedfetcher.html)"
66.249.67.3 - - [21/Jul/2009:16:28:08 -0700] "GET /gallery/main.php?g2_itemId=26541 HTTP/1.1" 200 7996 "-" "Mozilla/5.0 (compatible; Googlebot/2.1; +http://www.google.com/bot.html)"
72.30.142.87 - - [21/Jul/2009:16:28:15 -0700] "GET /?post=263 HTTP/1.0" 200 5763 "-" "Mozilla/5.0 (compatible; Yahoo! Slurp/3.0; http://help.yahoo.com/help/us/ysearch/slurp)"
72.14.192.65 - - [21/Jul/2009:16:28:39 -0700] "GET /gadgets/adpowers/AlexaRank/ALL_ALL.xml HTTP/1.1" 200 1160 "-" "FeedFetcher-Google; (+http://www.google.com/feedfetcher.html)"
72.14.192.65 - - [21/Jul/2009:16:28:53 -0700] "GET /gadgets/adpowers/AlexaRank/g.xml HTTP/1.1" 200 3164 "-" "Mozilla/5.0 (compatible) Feedfetcher-Google; (+http://www.google.com/feedfetcher.html)"
72.14.192.65 - - [21/Jul/2009:16:28:54 -0700] "GET /gadgets/adpowers/AlexaRank/ALL_ALL.xml HTTP/1.1" 200 1160 "-" "Mozilla/5.0 (compatible) Feedfetcher-Google; (+http://www.google.com/feedfetcher.html)"
66.249.67.3 - - [21/Jul/2009:16:29:15 -0700] "GET /?post=97 HTTP/1.1" 200 4934 "-" "Mozilla/5.0 (compatible; Googlebot/2.1; +http://www.google.com/bot.html)"
220.181.7.28 - - [21/Jul/2009:16:29:22 -0700] "GET /rss.pl HTTP/1.1" 200 35942 "-" "Baiduspider+(+http://www.baidu.com/search/spider.htm)"
66.184.73.37 - - [21/Jul/2009:16:29:40 -0700] "GET /gallery/main.php?g2_view=comment.ShowAllComments&g2_itemId=24659&g2_fromNavId=x82545c93 HTTP/1.1" 200 21448 "-" "Mozilla/4.0 (compatible; MSIE 6.0; Windows NT 5.1; SV1)"
65.241.14.34 - - [21/Jul/2009:16:29:40 -0700] "GET /index.pl?page=root HTTP/1.1" 200 5432 "http://www.google.com/search?q=gotroot&ie=utf-8&oe=utf-8&aq=t&rls=org.mozilla:en-US:official&client=firefox-a" "Mozilla/5.0 (Windows; U; Windows NT 5.1; en-US; rv:1.9.1.1) Gecko/20090715 Firefox/3.5.1 (.NET CLR 3.5.30729)"
65.241.14.34 - - [21/Jul/2009:16:29:41 -0700] "GET /style.css HTTP/1.1" 200 1504 "http://example.org/index.pl?page=root" "Mozilla/5.0 (Windows; U; Windows NT 5.1; en-US; rv:1.9.1.1) Gecko/20090715 Firefox/3.5.1 (.NET CLR 3.5.30729)"
65.241.14.34 - - [21/Jul/2009:16:29:41 -0700] "GET /images/fullsize_got-root.jpg HTTP/1.1" 200 9540 "http://example.org/index.pl?page=root" "Mozilla/5.0 (Windows; U; Windows NT 5.1; en-US; rv:1.9.1.1) Gecko/20090715 Firefox/3.5.1 (.NET CLR 3.5.30729)"
65.241.14.34 - - [21/Jul/2009:16:29:43 -0700] "GET /favicon.ico HTTP/1.1" 404 146 "-" "Mozilla/5.0 (Windows; U; Windows NT 5.1; en-US; rv:1.9.1.1) Gecko/20090715 Firefox/3.5.1 (.NET CLR 3.5.30729)"
65.241.14.34 - - [21/Jul/2009:16:29:45 -0700] "GET /favicon.ico HTTP/1.1" 206 146 "-" "Mozilla/5.0 (Windows; U; Windows NT 5.1; en-US; rv:1.9.1.1) Gecko/20090715 Firefox/3.5.1 (.NET CLR 3.5.30729)"
66.184.73.37 - - [21/Jul/2009:16:29:49 -0700] "GET /gallery/main.php?g2_view=core.UserAdmin&g2_subView=core.UserLogin&g2_return=%2Fgallery%2Fmain.php%3Fg2_view%3Dcomment.ShowAllComments%26g2_itemId%3D24659%26&g2_returnName=show+comments HTTP/1.1" 200 4153 "-" "Mozilla/4.0 (compatible; MSIE 6.0; Windows NT 5.1; SV1)"
66.184.73.37 - - [21/Jul/2009:16:29:55 -0700] "GET /gallery/main.php?g2_view=search.SearchScan&g2_form%5BuseDefaultSettings%5D=1&g2_return=%2Fgallery%2Fmain.php%3Fg2_view%3Dcomment.ShowAllComments%26g2_itemId%3D24659%26&g2_returnName=show+comments HTTP/1.1" 200 6377 "-" "Mozilla/4.0 (compatible; MSIE 6.0; Windows NT 5.1; SV1)"
72.30.142.87 - - [21/Jul/2009:16:29:58 -0700] "GET /gallery/main.php?g2_itemId=3355 HTTP/1.0" 200 8118 "-" "Mozilla/5.0 (compatible; Yahoo! Slurp/3.0; http://help.yahoo.com/help/us/ysearch/slurp)"
66.249.67.3 - - [21/Jul/2009:16:30:03 -0700] "GET /gallery/main.php?g2_itemId=3301 HTTP/1.1" 200 8046 "-" "Mozilla/5.0 (compatible; Googlebot/2.1; +http://www.google.com/bot.html)"
122.161.184.193 - - [21/Jul/2009:16:30:03 -0700] "GET /rss.pl HTTP/1.1" 200 35942 "-" "Mozilla/4.0 (compatible; MSIE 7.0; Windows NT 6.0; Trident/4.0; SLCC1; .NET CLR 2.0.50727; .NET CLR 3.5.21022; InfoPath.2; .NET CLR 3.5.30729; .NET CLR 3.0.30618; OfficeLiveConnector.1.3; OfficeLivePatch.1.3; MSOffice 12)"
64.233.173.2 - - [21/Jul/2009:16:30:07 -0700] "GET /gadgets/adpowers/AlexaRank/g.xml HTTP/1.1" 200 3164 "-" "Mozilla/5.0 (compatible) Feedfetcher-Google; (+http://www.google.com/feedfetcher.html)"
74.125.75.17 - - [21/Jul/2009:16:30:07 -0700] "GET /gadgets/adpowers/AlexaRank/ALL_ALL.xml HTTP/1.1" 200 1160 "-" "Mozilla/5.0 (compatible) Feedfetcher-Google; (+http://www.google.com/feedfetcher.html)"
66.249.67.3 - - [21/Jul/2009:16:30:12 -0700] "GET /gallery/main.php?g2_itemId=6547 HTTP/1.1" 200 7472 "-" "Mozilla/5.0 (compatible; Googlebot/2.1; +http://www.google.com/bot.html)"
67.166.225.236 - - [21/Jul/2009:16:30:32 -0700] "GET http://example.org/gallery/main.php?g2_view=comment.ShowAllComments&g2_itemId=24659&g2_page=2 HTTP/1.1" 200 6778 "-" "Mozilla/4.0 (compatible; MSIE 6.0; Windows NT 5.1; SV1)"
67.166.225.236 - - [21/Jul/2009:16:30:35 -0700] "GET http://example.org/gallery/main.php HTTP/1.1" 200 10561 "-" "Mozilla/4.0 (compatible; MSIE 6.0; Windows NT 5.1; SV1)"
67.166.225.236 - - [21/Jul/2009:16:30:37 -0700] "GET http://example.org/gallery/main.php?g2_highlightId=24659 HTTP/1.1" 302 5 "-" "Mozilla/4.0 (compatible; MSIE 6.0; Windows NT 5.1; SV1)"
67.166.225.236 - - [21/Jul/2009:16:30:40 -0700] "GET http://example.org/gallery/main.php HTTP/1.1" 200 10561 "-" "Mozilla/4.0 (compatible; MSIE 6.0; Windows NT 5.1; SV1)"
150.165.147.5 - - [21/Jul/2009:16:31:23 -0700] "GET /gallery/main.php?g2_itemId=24659 HTTP/1.1" 200 23249 "-" "Mozilla/4.0 (compatible; MSIE 6.0; Windows NT 5.1; SV1)"
66.249.67.3 - - [21/Jul/2009:16:31:31 -0700] "GET /gallery/main.php?g2_view=core.DownloadItem&g2_itemId=33505&g2_serialNumber=2 HTTP/1.1" 304 0 "-" "Googlebot-Image/1.0"
150.165.147.5 - - [21/Jul/2009:16:31:37 -0700] "GET /gallery/main.php?g2_itemId=33998 HTTP/1.1" 200 6831 "-" "Mozilla/4.0 (compatible; MSIE 6.0; Windows NT 5.1; SV1)"
66.249.67.3 - - [21/Jul/2009:16:31:56 -0700] "GET /gallery/main.php?g2_itemId=3304 HTTP/1.1" 200 8122 "-" "Mozilla/5.0 (compatible; Googlebot/2.1; +http://www.google.com/bot.html)"
150.165.147.5 - - [21/Jul/2009:16:32:05 -0700] "GET /gallery/main.php?g2_itemId=468 HTTP/1.1" 200 20499 "-" "Mozilla/4.0 (compatible; MSIE 6.0; Windows NT 5.1; SV1)"
66.249.67.3 - - [21/Jul/2009:16:32:12 -0700] "GET /?post=39 HTTP/1.1" 200 5314 "-" "Mozilla/5.0 (compatible; Googlebot/2.1; +http://www.google.com/bot.html)"
122.161.184.193 - - [21/Jul/2009:16:32:16 -0700] "GET /rss.pl HTTP/1.1" 200 35942 "-" "Mozilla/4.0 (compatible; MSIE 7.0; Windows NT 6.0; Trident/4.0; SLCC1; .NET CLR 2.0.50727; .NET CLR 3.5.21022; InfoPath.2; .NET CLR 3.5.30729; .NET CLR 3.0.30618; OfficeLiveConnector.1.3; OfficeLivePatch.1.3; MSOffice 12)"
89.7.143.212 - - [21/Jul/2009:16:32:19 -0700] "GET /?post=214 HTTP/1.1" 200 11216 "http://www.google.es/search?q=bigtable&ie=utf-8&oe=utf-8&aq=t&rls=org.mozilla:en-US:official&client=firefox-a" "Mozilla/5.0 (Windows; U; Windows NT 5.1; en-US; rv:1.9.1.1) Gecko/20090715 Firefox/3.5.1 (.NET CLR 3.5.30729)"
89.7.143.212 - - [21/Jul/2009:16:32:20 -0700] "GET /style.css HTTP/1.1" 200 1504 "http://example.org/?post=214" "Mozilla/5.0 (Windows; U; Windows NT 5.1; en-US; rv:1.9.1.1) Gecko/20090715 Firefox/3.5.1 (.NET CLR 3.5.30729)"
89.7.143.212 - - [21/Jul/2009:16:32:22 -0700] "GET /favicon.ico HTTP/1.1" 404 146 "-" "Mozilla/5.0 (Windows; U; Windows NT 5.1; en-US; rv:1.9.1.1) Gecko/20090715 Firefox/3.5.1 (.NET CLR 3.5.30729)"
89.7.143.212 - - [21/Jul/2009:16:32:23 -0700] "GET /favicon.ico HTTP/1.1" 206 146 "-" "Mozilla/5.0 (Windows; U; Windows NT 5.1; en-US; rv:1.9.1.1) Gecko/20090715 Firefox/3.5.1 (.NET CLR 3.5.30729)"
150.165.147.5 - - [21/Jul/2009:16:32:23 -0700] "GET /gallery/main.php?g2_itemId=685 HTTP/1.1" 200 19295 "-" "Mozilla/4.0 (compatible; MSIE 6.0; Windows NT 5.1; SV1)"
72.14.192.65 - - [21/Jul/2009:16:32:25 -0700] "GET /gwidgets/alexa.xml HTTP/1.1" 200 2969 "-" "Mozilla/5.0 (compatible) Feedfetcher-Google; (+http://www.google.com/feedfetcher.html)"
150.165.147.5 - - [21/Jul/2009:16:32:34 -0700] "GET /gallery/main.php?g2_itemId=4068 HTTP/1.1" 200 15394 "-" "Mozilla/4.0 (compatible; MSIE 6.0; Windows NT 5.1; SV1)"
150.165.147.5 - - [21/Jul/2009:16:32:54 -0700] "GET /gallery/main.php?g2_itemId=20556 HTTP/1.1" 200 7039 "-" "Mozilla/4.0 (compatible; MSIE 6.0; Windows NT 5.1; SV1)"
74.125.75.17 - - [21/Jul/2009:16:33:20 -0700] "GET /gwidgets/alexa.xml HTTP/1.1" 200 2969 "-" "Mozilla/5.0 (compatible) Feedfetcher-Google; (+http://www.google.com/feedfetcher.html)"
74.125.75.17 - - [21/Jul/2009:16:33:21 -0700] "GET /gadgets/adpowers/AlexaRank/g.xml HTTP/1.1" 200 3164 "-" "Mozilla/5.0 (compatible) Feedfetcher-Google; (+http://www.google.com/feedfetcher.html)"
64.233.173.2 - - [21/Jul/2009:16:33:21 -0700] "GET /gadgets/adpowers/AlexaRank/ALL_ALL.xml HTTP/1.1" 200 1160 "-" "Mozilla/5.0 (compatible) Feedfetcher-Google; (+http://www.google.com/feedfetcher.html)"
66.249.67.3 - - [21/Jul/2009:16:33:45 -0700] "GET /gallery/main.php?g2_itemId=12546 HTTP/1.1" 200 8150 "-" "Mozilla/5.0 (compatible; Googlebot/2.1; +http://www.google.com/bot.html)"
66.249.67.3 - - [21/Jul/2009:16:33:50 -0700] "GET /gallery/main.php?g2_itemId=15411 HTTP/1.1" 200 8059 "-" "Mozilla/5.0 (compatible; Googlebot/2.1; +http://www.google.com/bot.html)"
68.76.197.194 - - [21/Jul/2009:16:34:09 -0700] "GET /gallery/main.php?g2_itemId=27302 HTTP/1.1" 200 9355 "-" "Mozilla/4.0 (compatible; MSIE 6.0; Windows NT 5.1; SV1)"
122.161.184.193 - - [21/Jul/2009:16:34:11 -0700] "GET /rss.pl HTTP/1.1" 200 35942 "-" "Mozilla/4.0 (compatible; MSIE 7.0; Windows NT 6.0; Trident/4.0; SLCC1; .NET CLR 2.0.50727; .NET CLR 3.5.21022; InfoPath.2; .NET CLR 3.5.30729; .NET CLR 3.0.30618; OfficeLiveConnector.1.3; OfficeLivePatch.1.3; MSOffice 12)"
65.55.208.191 - - [21/Jul/2009:16:34:19 -0700] "GET /gallery/main.php?g2_itemId=24659&g2_highlightId=26533 HTTP/1.1" 302 5 "-" "msnbot/1.1 (+http://search.msn.com/msnbot.htm)"
65.55.107.182 - - [21/Jul/2009:16:34:19 -0700] "GET /gallery/main.php?g2_itemId=11380 HTTP/1.1" 200 6748 "-" "msnbot/2.0b (+http://search.msn.com/msnbot.htm)"
68.76.197.194 - - [21/Jul/2009:16:34:20 -0700] "GET /gallery/main.php?g2_itemId=26575 HTTP/1.1" 200 8482 "-" "Mozilla/4.0 (compatible; MSIE 6.0; Windows NT 5.1; SV1)"
64.233.172.17 - - [21/Jul/2009:16:34:34 -0700] "GET /gadgets/adpowers/AlexaRank/g.xml HTTP/1.1" 200 3164 "-" "Mozilla/5.0 (compatible) Feedfetcher-Google; (+http://www.google.com/feedfetcher.html)"
64.233.172.17 - - [21/Jul/2009:16:34:34 -0700] "GET /gadgets/adpowers/AlexaRank/ALL_ALL.xml HTTP/1.1" 200 1160 "-" "Mozilla/5.0 (compatible) Feedfetcher-Google; (+http://www.google.com/feedfetcher.html)"
72.30.142.87 - - [21/Jul/2009:16:34:41 -0700] "GET /?post=247 HTTP/1.0" 200 5544 "-" "Mozilla/5.0 (compatible; Yahoo! Slurp/3.0; http://help.yahoo.com/help/us/ysearch/slurp)"
74.125.74.193 - - [21/Jul/2009:16:34:45 -0700] "GET /gwidgets/alexa.xml HTTP/1.1" 200 2969 "-" "FeedFetcher-Google; (+http://www.google.com/feedfetcher.html)"
74.125.74.193 - - [21/Jul/2009:16:34:46 -0700] "GET /gadgets/adpowers/AlexaRank/ja_ALL.xml HTTP/1.1" 200 1264 "-" "FeedFetcher-Google; (+http://www.google.com/feedfetcher.html)"
72.14.194.1 - - [21/Jul/2009:16:34:56 -0700] "GET /gadgets/adpowers/AlexaRank/g.xml HTTP/1.1" 200 3164 "-" "FeedFetcher-Google; (+http://www.google.com/feedfetcher.html)"
72.14.194.1 - - [21/Jul/2009:16:34:57 -0700] "GET /gadgets/adpowers/AlexaRank/ALL_ALL.xml HTTP/1.1" 200 1160 "-" "FeedFetcher-Google; (+http://www.google.com/feedfetcher.html)"
65.55.208.192 - - [21/Jul/2009:16:34:57 -0700] "GET /gallery/misc/aaa HTTP/1.1" 500 835 "-" "msnbot/1.1 (+http://search.msn.com/msnbot.htm)"
64.233.172.17 - - [21/Jul/2009:16:35:10 -0700] "GET /gwidgets/alexa.xml HTTP/1.1" 200 2969 "-" "Mozilla/5.0 (compatible) Feedfetcher-Google; (+http://www.google.com/feedfetcher.html)"
66.249.67.3 - - [21/Jul/2009:16:35:11 -0700] "GET /gallery/main.php?g2_itemId=3143&g2_highlightId=3159 HTTP/1.1" 302 5 "-" "Mozilla/5.0 (compatible; Googlebot/2.1; +http://www.google.com/bot.html)"
76.17.167.52 - - [21/Jul/2009:16:35:22 -0700] "GET /gallery/main.php?g2_itemId=26575 HTTP/1.1" 200 8482 "-" "Mozilla/4.0 (compatible; MSIE 6.0; Windows NT 5.1; SV1)"
76.17.167.52 - - [21/Jul/2009:16:35:33 -0700] "GET /gallery/main.php?g2_itemId=26579 HTTP/1.1" 200 8670 "-" "Mozilla/4.0 (compatible; MSIE 6.0; Windows NT 5.1; SV1)"
66.249.67.87 - - [21/Jul/2009:16:35:44 -0700] "GET /gallery/main.php?g2_view=keyalbum.KeywordAlbum&g2_keyword=Andrew&g2_highlightId=27017 HTTP/1.1" 302 5 "-" "Mozilla/5.0 (compatible; Googlebot/2.1; +http://www.google.com/bot.html)"
72.14.194.1 - - [21/Jul/2009:16:36:02 -0700] "GET /gwidgets/alexa.xml HTTP/1.1" 200 2969 "-" "Mozilla/5.0 (compatible) Feedfetcher-Google; (+http://www.google.com/feedfetcher.html)"
122.161.184.193 - - [21/Jul/2009:16:36:15 -0700] "GET /rss.pl HTTP/1.1" 200 35942 "-" "Mozilla/4.0 (compatible; MSIE 7.0; Windows NT 6.0; Trident/4.0; SLCC1; .NET CLR 2.0.50727; .NET CLR 3.5.21022; InfoPath.2; .NET CLR 3.5.30729; .NET CLR 3.0.30618; OfficeLiveConnector.1.3; OfficeLivePatch.1.3; MSOffice 12)"
74.125.74.193 - - [21/Jul/2009:16:36:41 -0700] "GET /gadgets/adpowers/AlexaRank/g.xml HTTP/1.1" 200 3164 "-" "Mozilla/5.0 (compatible) Feedfetcher-Google; (+http://www.google.com/feedfetcher.html)"
74.125.74.193 - - [21/Jul/2009:16:36:42 -0700] "GET /gadgets/adpowers/AlexaRank/ALL_ALL.xml HTTP/1.1" 200 1160 "-" "Mozilla/5.0 (compatible) Feedfetcher-Google; (+http://www.google.com/feedfetcher.html)"
65.55.208.191 - - [21/Jul/2009:16:37:03 -0700] "GET /gallery/main.php?g2_itemId=24659 HTTP/1.1" 200 23229 "-" "msnbot/1.1 (+http://search.msn.com/msnbot.htm)"
72.14.192.65 - - [21/Jul/2009:16:37:13 -0700] "GET /rss.pl HTTP/1.1" 200 35942 "-" "FeedFetcher-Google-CoOp; (+http://www.google.com/coop/docs/subscribedlinks/developer_guide.html#Publishing)"
66.249.67.3 - - [21/Jul/2009:16:37:17 -0700] "GET /gallery/main.php?g2_itemId=12300 HTTP/1.1" 200 8151 "-" "Mozilla/5.0 (compatible; Googlebot/2.1; +http://www.google.com/bot.html)"
66.249.67.3 - - [21/Jul/2009:16:37:39 -0700] "GET /gallery/main.php?g2_itemId=541 HTTP/1.1" 200 6875 "-" "Mozilla/5.0 (compatible; Googlebot/2.1; +http://www.google.com/bot.html)"
66.249.67.3 - - [21/Jul/2009:16:38:08 -0700] "GET /gallery/main.php?g2_itemId=3143&g2_highlightId=3171 HTTP/1.1" 302 5 "-" "Mozilla/5.0 (compatible; Googlebot/2.1; +http://www.google.com/bot.html)"
74.125.74.193 - - [21/Jul/2009:16:38:18 -0700] "GET /gadgets/adpowers/AlexaRank/ja_ALL.xml HTTP/1.1" 200 1264 "-" "Mozilla/5.0 (compatible) Feedfetcher-Google; (+http://www.google.com/feedfetcher.html)"
74.125.16.65 - - [21/Jul/2009:16:38:25 -0700] "GET /gwidgets/alexa.xml HTTP/1.1" 200 2969 "-" "Mozilla/5.0 (compatible) Feedfetcher-Google; (+http://www.google.com/feedfetcher.html)"
122.161.184.193 - - [21/Jul/2009:16:38:26 -0700] "GET /rss.pl HTTP/1.1" 200 35942 "-" "Mozilla/4.0 (compatible; MSIE 7.0; Windows NT 6.0; Trident/4.0; SLCC1; .NET CLR 2.0.50727; .NET CLR 3.5.21022; InfoPath.2; .NET CLR 3.5.30729; .NET CLR 3.0.30618; OfficeLiveConnector.1.3; OfficeLivePatch.1.3; MSOffice 12)"
72.30.142.87 - - [21/Jul/2009:16:38:29 -0700] "GET /r.pl?http://twiki.corp.yahoo.com/view/SMArch/BigTableDiscussion HTTP/1.0" 302 314 "-" "Mozilla/5.0 (compatible; Yahoo! Slurp/3.0; http://help.yahoo.com/help/us/ysearch/slurp)"
174.36.241.157 - - [21/Jul/2009:16:38:33 -0700] "GET / HTTP/1.1" 200 17933 "-" "Mozilla/5.0 (X11; U; Linux i686; en-US; rv:1.2.1; aggregator:Spinn3r (Spinn3r 3.1); http://spinn3r.com/robot) Gecko/20021130"
72.30.142.87 - - [21/Jul/2009:16:38:43 -0700] "GET /?post=275 HTTP/1.0" 200 5429 "-" "Mozilla/5.0 (compatible; Yahoo! Slurp/3.0; http://help.yahoo.com/help/us/ysearch/slurp)"
72.14.192.65 - - [21/Jul/2009:16:38:58 -0700] "GET /gwidgets/alexa.xml HTTP/1.1" 200 2969 "-" "Mozilla/5.0 (compatible) Feedfetcher-Google; (+http://www.google.com/feedfetcher.html)"
64.233.172.17 - - [21/Jul/2009:16:39:10 -0700] "GET /gwidgets/alexa.xml HTTP/1.1" 200 2969 "-" "Mozilla/5.0 (compatible) Feedfetcher-Google; (+http://www.google.com/feedfetcher.html)"
72.14.194.1 - - [21/Jul/2009:16:39:26 -0700] "GET /gadgets/adpowers/AlexaRank/g.xml HTTP/1.1" 200 3164 "-" "Mozilla/5.0 (compatible) Feedfetcher-Google; (+http://www.google.com/feedfetcher.html)"
72.14.194.1 - - [21/Jul/2009:16:39:26 -0700] "GET /gadgets/adpowers/AlexaRank/ALL_ALL.xml HTTP/1.1" 200 1160 "-" "Mozilla/5.0 (compatible) Feedfetcher-Google; (+http://www.google.com/feedfetcher.html)"
66.249.67.3 - - [21/Jul/2009:16:39:33 -0700] "GET /gallery/main.php?g2_itemId=33243 HTTP/1.1" 200 7147 "-" "Mozilla/5.0 (compatible; Googlebot/2.1; +http://www.google.com/bot.html)"
66.249.67.3 - - [21/Jul/2009:16:39:59 -0700] "GET /gallery/main.php?g2_view=core.DownloadItem&g2_itemId=3290&g2_serialNumber=4 HTTP/1.1" 304 0 "-" "Googlebot-Image/1.0"
