74.125.16.65 - - [21/Jul/2009:09:25:52 -0700] "GET /gadgets/adpowers/AlexaRank/ALL_ALL.xml HTTP/1.1" 200 1160 "-" "Mozilla/5.0 (compatible) Feedfetcher-Google; (+http://www.google.com/feedfetcher.html)"
220.181.61.225 - - [21/Jul/2009:09:25:57 -0700] "GET /?post=301 HTTP/1.1" 200 6459 "-" "Sogou web spider/4.0(+http://www.sogou.com/docs/help/webmasters.htm#07)"
220.181.61.225 - - [21/Jul/2009:09:26:08 -0700] "GET /?post=239 HTTP/1.1" 200 6162 "-" "Sogou web spider/4.0(+http://www.sogou.com/docs/help/webmasters.htm#07)"
64.233.173.2 - - [21/Jul/2009:09:26:14 -0700] "GET /gwidgets/alexa.xml HTTP/1.1" 200 2969 "-" "FeedFetcher-Google; (+http://www.google.com/feedfetcher.html)"
220.181.61.225 - - [21/Jul/2009:09:26:20 -0700] "GET /?post=226 HTTP/1.1" 200 6145 "-" "Sogou web spider/4.0(+http://www.sogou.com/docs/help/webmasters.htm#07)"
64.81.161.15 - - [21/Jul/2009:09:26:25 -0700] "GET /rss.pl HTTP/1.1" 200 35942 "-" "NetNewsWire/3.1.7 (Mac OS X; http://www.newsgator.com/Individuals/NetNewsWire/)"
64.81.161.15 - - [21/Jul/2009:09:26:25 -0700] "GET /rss.pl HTTP/1.1" 200 35942 "-" "NetNewsWire/3.1.7 (Mac OS X; http://www.newsgator.com/Individuals/NetNewsWire/)"
220.181.61.225 - - [21/Jul/2009:09:26:31 -0700] "GET /?tag=recipe HTTP/1.1" 200 4035 "-" "Sogou web spider/4.0(+http://www.sogou.com/docs/help/webmasters.htm#07)"
64.233.172.17 - - [21/Jul/2009:09:26:40 -0700] "GET /gwidgets/alexa.xml HTTP/1.1" 200 2969 "-" "Mozilla/5.0 (compatible) Feedfetcher-Google; (+http://www.google.com/feedfetcher.html)"
220.181.61.225 - - [21/Jul/2009:09:26:45 -0700] "GET /?tag=personal HTTP/1.1" 200 27171 "-" "Sogou web spider/4.0(+http://www.sogou.com/docs/help/webmasters.htm#07)"
220.181.61.225 - - [21/Jul/2009:09:26:55 -0700] "GET /?post=225 HTTP/1.1" 200 6204 "-" "Sogou web spider/4.0(+http://www.sogou.com/docs/help/webmasters.htm#07)"
66.249.67.87 - - [21/Jul/2009:09:26:55 -0700] "GET /gallery/main.php?g2_view=core.UserAdmin&g2_subView=core.UserLogin&g2_return=%2Fgallery%2Fmain.php%3Fg2_view%3Dcomment.ShowAllComments%26g2_itemId%3D541&g2_returnName=show+comments HTTP/1.1" 200 4115 "-" "Mozilla/5.0 (compatible; Googlebot/2.1; +http://www.google.com/bot.html)"
65.55.231.77 - - [21/Jul/2009:09:27:03 -0700] "GET /gallery/main.php?g2_view=core.DownloadItem&g2_itemId=27927&g2_serialNumber=2 HTTP/1.1" 200 4328 "-" "Mozilla/4.0"
220.181.61.225 - - [21/Jul/2009:09:27:06 -0700] "GET /?post=283 HTTP/1.1" 200 5009 "-" "Sogou web spider/4.0(+http://www.sogou.com/docs/help/webmasters.htm#07)"
220.181.61.225 - - [21/Jul/2009:09:27:17 -0700] "GET /?post=253 HTTP/1.1" 200 5340 "-" "Sogou web spider/4.0(+http://www.sogou.com/docs/help/webmasters.htm#07)"
220.181.61.225 - - [21/Jul/2009:09:27:28 -0700] "GET /?post=280 HTTP/1.1" 200 6166 "-" "Sogou web spider/4.0(+http://www.sogou.com/docs/help/webmasters.htm#07)"
220.181.61.225 - - [21/Jul/2009:09:27:38 -0700] "GET /?post=267 HTTP/1.1" 200 4775 "-" "Sogou web spider/4.0(+http://www.sogou.com/docs/help/webmasters.htm#07)"
220.181.61.225 - - [21/Jul/2009:09:27:51 -0700] "GET /?post=79 HTTP/1.1" 200 5937 "-" "Sogou web spider/4.0(+http://www.sogou.com/docs/help/webmasters.htm#07)"
64.233.172.17 - - [21/Jul/2009:09:27:58 -0700] "GET /gadgets/adpowers/AlexaRank/g.xml HTTP/1.1" 200 3164 "-" "Mozilla/5.0 (compatible) Feedfetcher-Google; (+http://www.google.com/feedfetcher.html)"
64.233.172.17 - - [21/Jul/2009:09:27:59 -0700] "GET /gadgets/adpowers/AlexaRank/ALL_ALL.xml HTTP/1.1" 200 1160 "-" "Mozilla/5.0 (compatible) Feedfetcher-Google; (+http://www.google.com/feedfetcher.html)"
66.249.67.87 - - [21/Jul/2009:09:28:02 -0700] "GET /gallery/main.php?g2_view=search.SearchScan&g2_form%5BuseDefaultSettings%5D=1&g2_return=%2Fgallery%2Fmain.php%3Fg2_view%3Dcomment.ShowAllComments%26g2_itemId%3D32828&g2_returnName=show+comments HTTP/1.1" 200 6360 "-" "Mozilla/5.0 (compatible; Googlebot/2.1; +http://www.google.com/bot.html)"
65.55.208.189 - - [21/Jul/2009:09:28:06 -0700] "GET /gallery/main.php?g2_itemId=33491&g2_highlightId=33508 HTTP/1.1" 302 5 "-" "msnbot/1.1 (+http://search.msn.com/msnbot.htm)"
65.55.208.189 - - [21/Jul/2009:09:28:09 -0700] "GET /gallery/main.php?g2_itemId=26304 HTTP/1.1" 200 8489 "-" "msnbot/1.1 (+http://search.msn.com/msnbot.htm)"
64.233.172.17 - - [21/Jul/2009:09:28:18 -0700] "GET /gwidgets/alexa.xml HTTP/1.1" 200 2969 "-" "Mozilla/5.0 (compatible) Feedfetcher-Google; (+http://www.google.com/feedfetcher.html)"
74.125.16.65 - - [21/Jul/2009:09:28:40 -0700] "GET /gadgets/adpowers/AlexaRank/ALL_ALL.xml HTTP/1.1" 200 1160 "-" "FeedFetcher-Google; (+http://www.google.com/feedfetcher.html)"
122.161.184.193 - - [21/Jul/2009:09:28:55 -0700] "GET /rss.pl HTTP/1.1" 200 35942 "-" "Mozilla/4.0 (compatible; MSIE 7.0; Windows NT 6.0; Trident/4.0; SLCC1; .NET CLR 2.0.50727; .NET CLR 3.5.21022; InfoPath.2; .NET CLR 3.5.30729; .NET CLR 3.0.30618; OfficeLiveConnector.1.3; OfficeLivePatch.1.3; MSOffice 12)"
66.249.67.87 - - [21/Jul/2009:09:29:08 -0700] "GET /gallery/main.php?g2_view=core.UserAdmin&g2_subView=core.UserLogin&g2_return=%2Fgallery%2Fmain.php%3Fg2_view%3Dcomment.ShowAllComments%26g2_itemId%3D32603&g2_returnName=show+comments HTTP/1.1" 200 4121 "-" "Mozilla/5.0 (compatible; Googlebot/2.1; +http://www.google.com/bot.html)"
65.55.208.189 - - [21/Jul/2009:09:29:27 -0700] "GET /gallery/main.php?g2_itemId=33491 HTTP/1.1" 200 11485 "-" "msnbot/1.1 (+http://search.msn.com/msnbot.htm)"
72.14.194.1 - - [21/Jul/2009:09:29:50 -0700] "GET /gadgets/adpowers/AlexaRank/g.xml HTTP/1.1" 200 3164 "-" "Mozilla/5.0 (compatible) Feedfetcher-Google; (+http://www.google.com/feedfetcher.html)"
72.14.194.1 - - [21/Jul/2009:09:29:51 -0700] "GET /gadgets/adpowers/AlexaRank/ALL_ALL.xml HTTP/1.1" 200 1160 "-" "Mozilla/5.0 (compatible) Feedfetcher-Google; (+http://www.google.com/feedfetcher.html)"
72.14.192.65 - - [21/Jul/2009:09:30:02 -0700] "GET /gwidgets/alexa.xml HTTP/1.1" 200 2969 "-" "Mozilla/5.0 (compatible) Feedfetcher-Google; (+http://www.google.com/feedfetcher.html)"
66.249.67.87 - - [21/Jul/2009:09:30:02 -0700] "GET /gallery/main.php?g2_itemId=28249&g2_highlightId=28632 HTTP/1.1" 302 5 "-" "Mozilla/5.0 (compatible; Googlebot/2.1; +http://www.google.com/bot.html)"
66.249.67.87 - - [21/Jul/2009:09:30:04 -0700] "GET /gallery/main.php?g2_itemId=28249 HTTP/1.1" 200 8962 "-" "Mozilla/5.0 (compatible; Googlebot/2.1; +http://www.google.com/bot.html)"
72.30.142.87 - - [21/Jul/2009:09:30:07 -0700] "GET /musicmobs/w.xml HTTP/1.0" 200 1639 "-" "Mozilla/5.0 (compatible; Yahoo! Slurp/3.0; http://help.yahoo.com/help/us/ysearch/slurp)"
65.55.106.170 - - [21/Jul/2009:09:30:08 -0700] "GET /gallery/main.php?g2_itemId=14731 HTTP/1.1" 200 8112 "-" "msnbot/2.0b (+http://search.msn.com/msnbot.htm)"
66.249.67.87 - - [21/Jul/2009:09:30:15 -0700] "GET /gallery/main.php?g2_view=search.SearchScan&g2_form%5BuseDefaultSettings%5D=1&g2_return=%2Fgallery%2Fmain.php%3Fg2_view%3Dcomment.ShowAllComments%26g2_itemId%3D561&g2_returnName=show+comments HTTP/1.1" 200 6360 "-" "Mozilla/5.0 (compatible; Googlebot/2.1; +http://www.google.com/bot.html)"
65.55.106.234 - - [21/Jul/2009:09:30:18 -0700] "GET /gallery/main.php?g2_view=comment.ShowAllComments&g2_itemId=33491&g2_return=%2Fgallery%2Fmain.php%3Fg2_itemId%3D33491&g2_returnName=album HTTP/1.1" 200 4576 "-" "msnbot/2.0b (+http://search.msn.com/msnbot.htm)"
84.148.236.189 - - [21/Jul/2009:09:30:23 -0700] "GET /gnucache/index.php?get=1&net=gnutella&client=GNUC&version=1.1.1.6 HTTP/1.1" 404 146 "-" "Mozilla/4.0"
66.249.67.3 - - [21/Jul/2009:09:30:27 -0700] "GET /r.pl?http://irate.sourceforge.net HTTP/1.1" 302 296 "-" "Mozilla/5.0 (compatible; Googlebot/2.1; +http://www.google.com/bot.html)"
65.55.106.234 - - [21/Jul/2009:09:30:29 -0700] "GET /gallery/main.php?g2_itemId=4029 HTTP/1.1" 200 8333 "-" "msnbot/2.0b (+http://search.msn.com/msnbot.htm)"
134.191.254.38 - - [21/Jul/2009:09:30:30 -0700] "GET /rss.pl HTTP/1.0" 200 35867 "-" "FeedDemon/3.0 (http://www.newsgator.com/; Microsoft Windows XP)"
72.30.142.87 - - [21/Jul/2009:09:30:31 -0700] "GET /gallery/main.php?g2_itemId=16687&g2_fromNavId=xacc5a195 HTTP/1.0" 200 7761 "-" "Mozilla/5.0 (compatible; Yahoo! Slurp/3.0; http://help.yahoo.com/help/us/ysearch/slurp)"
72.30.142.87 - - [21/Jul/2009:09:30:36 -0700] "GET /gallery/modules/icons/iconpacks/paularmstrongdesigns/icons.css HTTP/1.0" 304 - "http://example.org/gallery/main.php?g2_itemId=16687&g2_fromNavId=xacc5a195" "Mozilla/5.0 (compatible; Yahoo! Slurp/3.0; http://help.yahoo.com/help/us/ysearch/slurp)"
122.161.184.193 - - [21/Jul/2009:09:30:54 -0700] "GET /rss.pl HTTP/1.1" 200 35942 "-" "Mozilla/4.0 (compatible; MSIE 7.0; Windows NT 6.0; Trident/4.0; SLCC1; .NET CLR 2.0.50727; .NET CLR 3.5.21022; InfoPath.2; .NET CLR 3.5.30729; .NET CLR 3.0.30618; OfficeLiveConnector.1.3; OfficeLivePatch.1.3; MSOffice 12)"
74.125.16.65 - - [21/Jul/2009:09:31:03 -0700] "GET /gadgets/adpowers/AlexaRank/g.xml HTTP/1.1" 200 3164 "-" "Mozilla/5.0 (compatible) Feedfetcher-Google; (+http://www.google.com/feedfetcher.html)"
74.125.16.65 - - [21/Jul/2009:09:31:03 -0700] "GET /gadgets/adpowers/AlexaRank/g.xml HTTP/1.1" 200 3164 "-" "Mozilla/5.0 (compatible) Feedfetcher-Google; (+http://www.google.com/feedfetcher.html)"
74.125.16.65 - - [21/Jul/2009:09:31:04 -0700] "GET /gadgets/adpowers/AlexaRank/ALL_ALL.xml HTTP/1.1" 200 1160 "-" "Mozilla/5.0 (compatible) Feedfetcher-Google; (+http://www.google.com/feedfetcher.html)"
74.125.16.65 - - [21/Jul/2009:09:31:04 -0700] "GET /gadgets/adpowers/AlexaRank/ALL_ALL.xml HTTP/1.1" 200 1160 "-" "Mozilla/5.0 (compatible) Feedfetcher-Google; (+http://www.google.com/feedfetcher.html)"
66.249.67.87 - - [21/Jul/2009:09:31:22 -0700] "GET /gallery/main.php?g2_view=core.UserAdmin&g2_subView=core.UserLogin&g2_return=%2Fgallery%2Fmain.php%3Fg2_view%3Dcomment.ShowAllComments%26g2_itemId%3D32822&g2_returnName=show+comments HTTP/1.1" 200 4121 "-" "Mozilla/5.0 (compatible; Googlebot/2.1; +http://www.google.com/bot.html)"
72.30.142.87 - - [21/Jul/2009:09:31:22 -0700] "GET /?post=269 HTTP/1.0" 200 11673 "-" "Mozilla/5.0 (compatible; Yahoo! Slurp/3.0; http://help.yahoo.com/help/us/ysearch/slurp)"
72.14.192.65 - - [21/Jul/2009:09:31:27 -0700] "GET /gadgets/adpowers/AlexaRank/g.xml HTTP/1.1" 200 3164 "-" "FeedFetcher-Google; (+http://www.google.com/feedfetcher.html)"
64.233.172.17 - - [21/Jul/2009:09:31:27 -0700] "GET /gadgets/Prider/90sRockedPodcast/g.xml HTTP/1.1" 200 1601 "-" "Mozilla/5.0 (compatible) Feedfetcher-Google; (+http://www.google.com/feedfetcher.html)"
65.55.106.118 - - [21/Jul/2009:09:31:45 -0700] "GET /gallery/main.php?g2_itemId=3283&g2_fromNavId=x23d73e9e HTTP/1.1" 200 8184 "-" "msnbot/2.0b (+http://search.msn.com/msnbot.htm)"
72.14.194.1 - - [21/Jul/2009:09:32:02 -0700] "GET /gwidgets/alexa.xml HTTP/1.1" 200 2969 "-" "Mozilla/5.0 (compatible) Feedfetcher-Google; (+http://www.google.com/feedfetcher.html)"
65.55.208.192 - - [21/Jul/2009:09:32:03 -0700] "GET /?page=aboutme HTTP/1.1" 200 7257 "-" "msnbot/1.1 (+http://search.msn.com/msnbot.htm)"
72.14.193.68 - - [21/Jul/2009:09:32:11 -0700] "GET /gadgets/adpowers/AlexaRank/g.xml HTTP/1.1" 200 3164 "-" "FeedFetcher-Google; (+http://www.google.com/feedfetcher.html)"
66.249.67.87 - - [21/Jul/2009:09:32:28 -0700] "GET /gallery/main.php?g2_view=search.SearchScan&g2_form%5BuseDefaultSettings%5D=1&g2_return=%2Fgallery%2Fmain.php%3Fg2_view%3Dcomment.ShowAllComments%26g2_itemId%3D32605&g2_returnName=show+comments HTTP/1.1" 200 6360 "-" "Mozilla/5.0 (compatible; Googlebot/2.1; +http://www.google.com/bot.html)"
66.249.67.3 - - [21/Jul/2009:09:32:29 -0700] "GET /gallery/main.php?g2_view=core.DownloadItem&g2_itemId=3272&g2_serialNumber=4 HTTP/1.1" 304 0 "-" "Googlebot-Image/1.0"
65.55.109.131 - - [21/Jul/2009:09:32:33 -0700] "GET /gallery/main.php?g2_itemId=33491&g2_highlightId=33508 HTTP/1.1" 302 5 "http://www.bing.com/search?q=views" "Mozilla/4.0 (compatible;  MSIE 6.0;  Windows NT 5.2;  SLCC1;  .NET CLR 1.1.4325;  .NET CLR 2.0.40607;  .NET CLR 3.0.30729;  .NET CLR 3.5.30707;  InfoPath.2)"
65.55.109.131 - - [21/Jul/2009:09:32:35 -0700] "GET /gallery/main.php?g2_itemId=33491 HTTP/1.1" 200 11505 "http://www.bing.com/search?q=views" "Mozilla/4.0 (compatible;  MSIE 6.0;  Windows NT 5.2;  SLCC1;  .NET CLR 1.1.4325;  .NET CLR 2.0.40607;  .NET CLR 3.0.30729;  .NET CLR 3.5.30707;  InfoPath.2)"
65.55.109.131 - - [21/Jul/2009:09:32:38 -0700] "GET /gallery/modules/core/data/gallery.css HTTP/1.1" 200 9535 "http://example.org/gallery/main.php?g2_itemId=33491" "Mozilla/4.0 (compatible;  MSIE 6.0;  Windows NT 5.2;  SLCC1;  .NET CLR 1.1.4325;  .NET CLR 2.0.40607;  .NET CLR 3.0.30729;  .NET CLR 3.5.30707;  InfoPath.2)"
65.55.109.131 - - [21/Jul/2009:09:32:39 -0700] "GET /gallery/modules/rating/rating.css HTTP/1.1" 200 1355 "http://example.org/gallery/main.php?g2_itemId=33491" "Mozilla/4.0 (compatible;  MSIE 6.0;  Windows NT 5.2;  SLCC1;  .NET CLR 1.1.4325;  .NET CLR 2.0.40607;  .NET CLR 3.0.30729;  .NET CLR 3.5.30707;  InfoPath.2)"
65.55.109.131 - - [21/Jul/2009:09:32:39 -0700] "GET /gallery/modules/search/SearchBlock.js HTTP/1.1" 200 992 "http://example.org/gallery/main.php?g2_itemId=33491" "Mozilla/4.0 (compatible;  MSIE 6.0;  Windows NT 5.2;  SLCC1;  .NET CLR 1.1.4325;  .NET CLR 2.0.40607;  .NET CLR 3.0.30729;  .NET CLR 3.5.30707;  InfoPath.2)"
65.55.109.131 - - [21/Jul/2009:09:32:39 -0700] "GET /gallery/modules/icons/iconpacks/paularmstrongdesigns/icons.css HTTP/1.1" 200 8847 "http://example.org/gallery/main.php?g2_itemId=33491" "Mozilla/4.0 (compatible;  MSIE 6.0;  Windows NT 5.2;  SLCC1;  .NET CLR 1.1.4325;  .NET CLR 2.0.40607;  .NET CLR 3.0.30729;  .NET CLR 3.5.30707;  InfoPath.2)"
65.55.109.131 - - [21/Jul/2009:09:32:40 -0700] "GET /gallery/lib/yui/yahoo-min.js HTTP/1.1" 200 1419 "http://example.org/gallery/main.php?g2_itemId=33491" "Mozilla/4.0 (compatible;  MSIE 6.0;  Windows NT 5.2;  SLCC1;  .NET CLR 1.1.4325;  .NET CLR 2.0.40607;  .NET CLR 3.0.30729;  .NET CLR 3.5.30707;  InfoPath.2)"
65.55.109.131 - - [21/Jul/2009:09:32:41 -0700] "GET /gallery/lib/yui/connection-min.js HTTP/1.1" 200 7959 "http://example.org/gallery/main.php?g2_itemId=33491" "Mozilla/4.0 (compatible;  MSIE 6.0;  Windows NT 5.2;  SLCC1;  .NET CLR 1.1.4325;  .NET CLR 2.0.40607;  .NET CLR 3.0.30729;  .NET CLR 3.5.30707;  InfoPath.2)"
65.55.109.131 - - [21/Jul/2009:09:32:42 -0700] "GET /gallery/modules/rating/rating.js HTTP/1.1" 200 3066 "http://example.org/gallery/main.php?g2_itemId=33491" "Mozilla/4.0 (compatible;  MSIE 6.0;  Windows NT 5.2;  SLCC1;  .NET CLR 1.1.4325;  .NET CLR 2.0.40607;  .NET CLR 3.0.30729;  .NET CLR 3.5.30707;  InfoPath.2)"
65.55.109.131 - - [21/Jul/2009:09:32:43 -0700] "GET /gallery/themes/matrix/theme.css HTTP/1.1" 200 12605 "http://example.org/gallery/main.php?g2_itemId=33491" "Mozilla/4.0 (compatible;  MSIE 6.0;  Windows NT 5.2;  SLCC1;  .NET CLR 1.1.4325;  .NET CLR 2.0.40607;  .NET CLR 3.0.30729;  .NET CLR 3.5.30707;  InfoPath.2)"
65.55.110.210 - - [21/Jul/2009:09:32:44 -0700] "GET /gallery/main.php?g2_itemId=33690&g2_imageViewsIndex=1 HTTP/1.1" 200 8304 "http://www.bing.com/search?q=carfree" "Mozilla/4.0 (compatible;  MSIE 6.0;  Windows NT 5.1;  SV1;  .NET CLR 1.1.4322;  .NET CLR 2.0.50727;  .NET CLR 3.0.04506.648)"
65.55.110.210 - - [21/Jul/2009:09:32:45 -0700] "GET /gallery/modules/core/data/gallery.css HTTP/1.1" 200 9535 "http://example.org/gallery/main.php?g2_itemId=33690&g2_imageViewsIndex=1" "Mozilla/4.0 (compatible;  MSIE 6.0;  Windows NT 5.1;  SV1;  .NET CLR 1.1.4322;  .NET CLR 2.0.50727;  .NET CLR 3.0.04506.648)"
65.55.110.210 - - [21/Jul/2009:09:32:45 -0700] "GET /gallery/modules/rating/rating.css HTTP/1.1" 200 1355 "http://example.org/gallery/main.php?g2_itemId=33690&g2_imageViewsIndex=1" "Mozilla/4.0 (compatible;  MSIE 6.0;  Windows NT 5.1;  SV1;  .NET CLR 1.1.4322;  .NET CLR 2.0.50727;  .NET CLR 3.0.04506.648)"
65.55.110.210 - - [21/Jul/2009:09:32:45 -0700] "GET /gallery/modules/icons/iconpacks/paularmstrongdesigns/icons.css HTTP/1.1" 200 8847 "http://example.org/gallery/main.php?g2_itemId=33690&g2_imageViewsIndex=1" "Mozilla/4.0 (compatible;  MSIE 6.0;  Windows NT 5.1;  SV1;  .NET CLR 1.1.4322;  .NET CLR 2.0.50727;  .NET CLR 3.0.04506.648)"
65.55.110.210 - - [21/Jul/2009:09:32:45 -0700] "GET /gallery/modules/search/SearchBlock.js HTTP/1.1" 200 992 "http://example.org/gallery/main.php?g2_itemId=33690&g2_imageViewsIndex=1" "Mozilla/4.0 (compatible;  MSIE 6.0;  Windows NT 5.1;  SV1;  .NET CLR 1.1.4322;  .NET CLR 2.0.50727;  .NET CLR 3.0.04506.648)"
65.55.110.210 - - [21/Jul/2009:09:32:45 -0700] "GET /gallery/lib/yui/yahoo-min.js HTTP/1.1" 200 1419 "http://example.org/gallery/main.php?g2_itemId=33690&g2_imageViewsIndex=1" "Mozilla/4.0 (compatible;  MSIE 6.0;  Windows NT 5.1;  SV1;  .NET CLR 1.1.4322;  .NET CLR 2.0.50727;  .NET CLR 3.0.04506.648)"
65.55.110.210 - - [21/Jul/2009:09:32:46 -0700] "GET /gallery/lib/yui/connection-min.js HTTP/1.1" 200 7959 "http://example.org/gallery/main.php?g2_itemId=33690&g2_imageViewsIndex=1" "Mozilla/4.0 (compatible;  MSIE 6.0;  Windows NT 5.1;  SV1;  .NET CLR 1.1.4322;  .NET CLR 2.0.50727;  .NET CLR 3.0.04506.648)"
65.55.110.210 - - [21/Jul/2009:09:32:47 -0700] "GET /gallery/modules/rating/rating.js HTTP/1.1" 200 3066 "http://example.org/gallery/main.php?g2_itemId=33690&g2_imageViewsIndex=1" "Mozilla/4.0 (compatible;  MSIE 6.0;  Windows NT 5.1;  SV1;  .NET CLR 1.1.4322;  .NET CLR 2.0.50727;  .NET CLR 3.0.04506.648)"
65.55.110.210 - - [21/Jul/2009:09:32:47 -0700] "GET /gallery/themes/matrix/theme.css HTTP/1.1" 200 12605 "http://example.org/gallery/main.php?g2_itemId=33690&g2_imageViewsIndex=1" "Mozilla/4.0 (compatible;  MSIE 6.0;  Windows NT 5.1;  SV1;  .NET CLR 1.1.4322;  .NET CLR 2.0.50727;  .NET CLR 3.0.04506.648)"
122.161.184.193 - - [21/Jul/2009:09:32:52 -0700] "GET /rss.pl HTTP/1.1" 200 35942 "-" "Mozilla/4.0 (compatible; MSIE 7.0; Windows NT 6.0; Trident/4.0; SLCC1; .NET CLR 2.0.50727; .NET CLR 3.5.21022; InfoPath.2; .NET CLR 3.5.30729; .NET CLR 3.0.30618; OfficeLiveConnector.1.3; OfficeLivePatch.1.3; MSOffice 12)"
65.55.109.131 - - [21/Jul/2009:09:32:52 -0700] "GET /gallery/main.php?g2_view=core.DownloadItem&g2_itemId=33494&g2_serialNumber=2 HTTP/1.1" 200 5749 "http://example.org/gallery/main.php?g2_itemId=33491" "Mozilla/4.0 (compatible;  MSIE 6.0;  Windows NT 5.2;  SLCC1;  .NET CLR 1.1.4325;  .NET CLR 2.0.40607;  .NET CLR 3.0.30729;  .NET CLR 3.5.30707;  InfoPath.2)"
65.55.109.131 - - [21/Jul/2009:09:32:52 -0700] "GET /gallery/main.php?g2_view=core.DownloadItem&g2_itemId=33510&g2_serialNumber=2 HTTP/1.1" 200 6353 "http://example.org/gallery/main.php?g2_itemId=33491" "Mozilla/4.0 (compatible;  MSIE 6.0;  Windows NT 5.2;  SLCC1;  .NET CLR 1.1.4325;  .NET CLR 2.0.40607;  .NET CLR 3.0.30729;  .NET CLR 3.5.30707;  InfoPath.2)"
65.55.109.131 - - [21/Jul/2009:09:32:53 -0700] "GET /gallery/main.php?g2_view=core.DownloadItem&g2_itemId=33500&g2_serialNumber=2 HTTP/1.1" 200 6525 "http://example.org/gallery/main.php?g2_itemId=33491" "Mozilla/4.0 (compatible;  MSIE 6.0;  Windows NT 5.2;  SLCC1;  .NET CLR 1.1.4325;  .NET CLR 2.0.40607;  .NET CLR 3.0.30729;  .NET CLR 3.5.30707;  InfoPath.2)"
65.55.109.131 - - [21/Jul/2009:09:32:53 -0700] "GET /gallery/main.php?g2_view=core.DownloadItem&g2_itemId=33515&g2_serialNumber=2 HTTP/1.1" 200 7637 "http://example.org/gallery/main.php?g2_itemId=33491" "Mozilla/4.0 (compatible;  MSIE 6.0;  Windows NT 5.2;  SLCC1;  .NET CLR 1.1.4325;  .NET CLR 2.0.40607;  .NET CLR 3.0.30729;  .NET CLR 3.5.30707;  InfoPath.2)"
65.55.109.131 - - [21/Jul/2009:09:32:53 -0700] "GET /gallery/main.php?g2_view=core.DownloadItem&g2_itemId=33505&g2_serialNumber=2 HTTP/1.1" 200 4145 "http://example.org/gallery/main.php?g2_itemId=33491" "Mozilla/4.0 (compatible;  MSIE 6.0;  Windows NT 5.2;  SLCC1;  .NET CLR 1.1.4325;  .NET CLR 2.0.40607;  .NET CLR 3.0.30729;  .NET CLR 3.5.30707;  InfoPath.2)"
65.55.109.131 - - [21/Jul/2009:09:32:54 -0700] "GET /gallery/main.php?g2_view=core.DownloadItem&g2_itemId=33520&g2_serialNumber=2 HTTP/1.1" 200 6297 "http://example.org/gallery/main.php?g2_itemId=33491" "Mozilla/4.0 (compatible;  MSIE 6.0;  Windows NT 5.2;  SLCC1;  .NET CLR 1.1.4325;  .NET CLR 2.0.40607;  .NET CLR 3.0.30729;  .NET CLR 3.5.30707;  InfoPath.2)"
72.14.193.68 - - [21/Jul/2009:09:32:54 -0700] "GET /gwidgets/alexa.xml HTTP/1.1" 200 2969 "-" "Mozilla/5.0 (compatible) Feedfetcher-Google; (+http://www.google.com/feedfetcher.html)"
72.14.193.68 - - [21/Jul/2009:09:32:54 -0700] "GET /gwidgets/alexa.xml HTTP/1.1" 200 2969 "-" "Mozilla/5.0 (compatible) Feedfetcher-Google; (+http://www.google.com/feedfetcher.html)"
65.55.109.131 - - [21/Jul/2009:09:32:54 -0700] "GET /gallery/main.php?g2_view=core.DownloadItem&g2_itemId=33525&g2_serialNumber=2 HTTP/1.1" 200 6765 "http://example.org/gallery/main.php?g2_itemId=33491" "Mozilla/4.0 (compatible;  MSIE 6.0;  Windows NT 5.2;  SLCC1;  .NET CLR 1.1.4325;  .NET CLR 2.0.40607;  .NET CLR 3.0.30729;  .NET CLR 3.5.30707;  InfoPath.2)"
65.55.109.131 - - [21/Jul/2009:09:32:54 -0700] "GET /gallery/main.php?g2_view=core.DownloadItem&g2_itemId=33530&g2_serialNumber=2 HTTP/1.1" 200 5972 "http://example.org/gallery/main.php?g2_itemId=33491" "Mozilla/4.0 (compatible;  MSIE 6.0;  Windows NT 5.2;  SLCC1;  .NET CLR 1.1.4325;  .NET CLR 2.0.40607;  .NET CLR 3.0.30729;  .NET CLR 3.5.30707;  InfoPath.2)"
83.237.111.90 - - [21/Jul/2009:09:32:54 -0700] "GET /?post=214 HTTP/1.1" 200 11214 "http://www.google.com/search?ie=UTF-8&oe=UTF-8&sourceid=navclient&gfns=1&q=google+big+table" "Mozilla/5.0 (X11; U; Linux i686; en-US; rv:1.9.0.11) Gecko/2009060308 Ubuntu/9.04 (jaunty) Firefox/3.0.11"
65.55.109.131 - - [21/Jul/2009:09:32:55 -0700] "GET /gallery/main.php?g2_view=core.DownloadItem&g2_itemId=33535&g2_serialNumber=2 HTTP/1.1" 200 3778 "http://example.org/gallery/main.php?g2_itemId=33491" "Mozilla/4.0 (compatible;  MSIE 6.0;  Windows NT 5.2;  SLCC1;  .NET CLR 1.1.4325;  .NET CLR 2.0.40607;  .NET CLR 3.0.30729;  .NET CLR 3.5.30707;  InfoPath.2)"
83.237.111.90 - - [21/Jul/2009:09:32:55 -0700] "GET /style.css HTTP/1.1" 200 1504 "http://example.org/?post=214" "Mozilla/5.0 (X11; U; Linux i686; en-US; rv:1.9.0.11) Gecko/2009060308 Ubuntu/9.04 (jaunty) Firefox/3.0.11"
83.237.111.90 - - [21/Jul/2009:09:32:57 -0700] "GET /favicon.ico HTTP/1.1" 404 146 "-" "Mozilla/5.0 (X11; U; Linux i686; en-US; rv:1.9.0.11) Gecko/2009060308 Ubuntu/9.04 (jaunty) Firefox/3.0.11"
83.237.111.90 - - [21/Jul/2009:09:33:00 -0700] "GET /favicon.ico HTTP/1.1" 206 146 "-" "Mozilla/5.0 (X11; U; Linux i686; en-US; rv:1.9.0.11) Gecko/2009060308 Ubuntu/9.04 (jaunty) Firefox/3.0.11"
65.55.208.191 - - [21/Jul/2009:09:33:06 -0700] "GET /gallery/main.php?g2_view=search.SearchScan&g2_form%5BuseDefaultSettings%5D=1&g2_return=%2Fgallery%2Fmain.php%3Fg2_itemId%3D3024&g2_returnName=photo HTTP/1.1" 200 6360 "-" "msnbot/1.1 (+http://search.msn.com/msnbot.htm)"
65.55.110.210 - - [21/Jul/2009:09:33:12 -0700] "GET /gallery/main.php?g2_view=core.DownloadItem&g2_itemId=33694&g2_serialNumber=2 HTTP/1.1" 200 180229 "http://example.org/gallery/main.php?g2_itemId=33690&g2_imageViewsIndex=1" "Mozilla/4.0 (compatible;  MSIE 6.0;  Windows NT 5.1;  SV1;  .NET CLR 1.1.4322;  .NET CLR 2.0.50727;  .NET CLR 3.0.04506.648)"
66.249.67.87 - - [21/Jul/2009:09:33:35 -0700] "GET /gallery/main.php?g2_view=search.SearchScan&g2_form%5BuseDefaultSettings%5D=1&g2_return=%2Fgallery%2Fmain.php%3Fg2_view%3Dcomment.ShowAllComments%26g2_itemId%3D563&g2_returnName=show+comments HTTP/1.1" 200 6360 "-" "Mozilla/5.0 (compatible; Googlebot/2.1; +http://www.google.com/bot.html)"
72.14.193.68 - - [21/Jul/2009:09:33:48 -0700] "GET /gadgets/adpowers/AlexaRank/g.xml HTTP/1.1" 200 3164 "-" "Mozilla/5.0 (compatible) Feedfetcher-Google; (+http://www.google.com/feedfetcher.html)"
72.14.193.68 - - [21/Jul/2009:09:33:48 -0700] "GET /gadgets/adpowers/AlexaRank/ALL_ALL.xml HTTP/1.1" 200 1160 "-" "Mozilla/5.0 (compatible) Feedfetcher-Google; (+http://www.google.com/feedfetcher.html)"
72.14.193.68 - - [21/Jul/2009:09:33:49 -0700] "GET /gadgets/adpowers/AlexaRank/de_ALL.xml HTTP/1.1" 200 1004 "-" "Mozilla/5.0 (compatible) Feedfetcher-Google; (+http://www.google.com/feedfetcher.html)"
75.157.228.221 - - [21/Jul/2009:09:34:24 -0700] "GET /gnucache/index.php?get=1&net=gnutella&client=GNUC&version=1.1.1.6 HTTP/1.1" 404 146 "-" "Mozilla/4.0"
65.55.208.187 - - [21/Jul/2009:09:34:35 -0700] "GET /gadgets/daintree/TEST_DP/ HTTP/1.1" 200 1427 "-" "msnbot/1.1 (+http://search.msn.com/msnbot.htm)"
66.249.67.87 - - [21/Jul/2009:09:34:41 -0700] "GET /gallery/main.php?g2_view=core.UserAdmin&g2_subView=core.UserLogin&g2_return=%2Fgallery%2Fmain.php%3Fg2_view%3Dcomment.ShowAllComments%26g2_itemId%3D525&g2_returnName=show+comments HTTP/1.1" 200 4115 "-" "Mozilla/5.0 (compatible; Googlebot/2.1; +http://www.google.com/bot.html)"
122.161.184.193 - - [21/Jul/2009:09:34:51 -0700] "GET /rss.pl HTTP/1.1" 200 35942 "-" "Mozilla/4.0 (compatible; MSIE 7.0; Windows NT 6.0; Trident/4.0; SLCC1; .NET CLR 2.0.50727; .NET CLR 3.5.21022; InfoPath.2; .NET CLR 3.5.30729; .NET CLR 3.0.30618; OfficeLiveConnector.1.3; OfficeLivePatch.1.3; MSOffice 12)"
72.14.192.65 - - [21/Jul/2009:09:34:53 -0700] "GET /gadgets/adpowers/AlexaRank/g.xml HTTP/1.1" 200 3164 "-" "Mozilla/5.0 (compatible) Feedfetcher-Google; (+http://www.google.com/feedfetcher.html)"
72.14.192.65 - - [21/Jul/2009:09:34:53 -0700] "GET /gadgets/adpowers/AlexaRank/ALL_ALL.xml HTTP/1.1" 200 1160 "-" "Mozilla/5.0 (compatible) Feedfetcher-Google; (+http://www.google.com/feedfetcher.html)"
64.233.172.17 - - [21/Jul/2009:09:34:54 -0700] "GET /gwidgets/alexa.xml HTTP/1.1" 200 2969 "-" "Mozilla/5.0 (compatible) Feedfetcher-Google; (+http://www.google.com/feedfetcher.html)"
66.249.67.3 - - [21/Jul/2009:09:35:16 -0700] "GET /r.pl?http://communitydisco.com/ HTTP/1.1" 302 294 "-" "Mozilla/5.0 (compatible; Googlebot/2.1; +http://www.google.com/bot.html)"
74.125.74.193 - - [21/Jul/2009:09:35:24 -0700] "GET /gwidgets/alexa.xml HTTP/1.1" 200 2969 "-" "Mozilla/5.0 (compatible) Feedfetcher-Google; (+http://www.google.com/feedfetcher.html)"
72.30.142.87 - - [21/Jul/2009:09:35:42 -0700] "GET /gallery/main.php?g2_itemId=468 HTTP/1.0" 200 20466 "-" "Mozilla/5.0 (compatible; Yahoo! Slurp/3.0; http://help.yahoo.com/help/us/ysearch/slurp)"
64.233.172.17 - - [21/Jul/2009:09:35:44 -0700] "GET /gwidgets/alexa.xml HTTP/1.1" 200 2969 "-" "FeedFetcher-Google; (+http://www.google.com/feedfetcher.html)"
64.233.172.17 - - [21/Jul/2009:09:35:44 -0700] "GET /gwidgets/alexa.xml HTTP/1.1" 200 2969 "-" "Mozilla/5.0 (compatible) Feedfetcher-Google; (+http://www.google.com/feedfetcher.html)"
66.249.67.87 - - [21/Jul/2009:09:35:48 -0700] "GET /gallery/main.php?g2_view=core.UserAdmin&g2_subView=core.UserLogin&g2_return=%2Fgallery%2Fmain.php%3Fg2_view%3Dcomment.ShowAllComments%26g2_itemId%3D32605&g2_returnName=show+comments HTTP/1.1" 200 4121 "-" "Mozilla/5.0 (compatible; Googlebot/2.1; +http://www.google.com/bot.html)"
74.125.16.65 - - [21/Jul/2009:09:36:19 -0700] "GET /gadgets/adpowers/AlexaRank/g.xml HTTP/1.1" 200 3164 "-" "Mozilla/5.0 (compatible) Feedfetcher-Google; (+http://www.google.com/feedfetcher.html)"
74.125.16.65 - - [21/Jul/2009:09:36:20 -0700] "GET /gadgets/adpowers/AlexaRank/ALL_ALL.xml HTTP/1.1" 200 1160 "-" "Mozilla/5.0 (compatible) Feedfetcher-Google; (+http://www.google.com/feedfetcher.html)"
74.125.16.65 - - [21/Jul/2009:09:36:21 -0700] "GET /gadgets/adpowers/AlexaRank/de_ALL.xml HTTP/1.1" 200 1004 "-" "Mozilla/5.0 (compatible) Feedfetcher-Google; (+http://www.google.com/feedfetcher.html)"
174.36.241.149 - - [21/Jul/2009:09:36:44 -0700] "GET / HTTP/1.1" 200 17935 "-" "Mozilla/5.0 (X11; U; Linux i686; en-US; rv:1.2.1; aggregator:Spinn3r (Spinn3r 3.1); http://spinn3r.com/robot) Gecko/20021130"
174.36.241.149 - - [21/Jul/2009:09:36:45 -0700] "GET /rss.pl HTTP/1.1" 200 35942 "-" "Mozilla/5.0 (X11; U; Linux i686; en-US; rv:1.2.1; aggregator:Spinn3r (Spinn3r 3.1); http://spinn3r.com/robot) Gecko/20021130"
66.249.67.87 - - [21/Jul/2009:09:36:55 -0700] "GET /gallery/main.php?g2_view=search.SearchScan&g2_form%5BuseDefaultSettings%5D=1&g2_return=%2Fgallery%2Fmain.php%3Fg2_view%3Dcomment.ShowAllComments%26g2_itemId%3D541&g2_returnName=show+comments HTTP/1.1" 200 6360 "-" "Mozilla/5.0 (compatible; Googlebot/2.1; +http://www.google.com/bot.html)"
122.161.184.193 - - [21/Jul/2009:09:36:56 -0700] "GET /rss.pl HTTP/1.1" 200 35942 "-" "Mozilla/4.0 (compatible; MSIE 7.0; Windows NT 6.0; Trident/4.0; SLCC1; .NET CLR 2.0.50727; .NET CLR 3.5.21022; InfoPath.2; .NET CLR 3.5.30729; .NET CLR 3.0.30618; OfficeLiveConnector.1.3; OfficeLivePatch.1.3; MSOffice 12)"
72.14.192.65 - - [21/Jul/2009:09:37:53 -0700] "GET /gwidgets/alexa.xml HTTP/1.1" 200 2969 "-" "Mozilla/5.0 (compatible) Feedfetcher-Google; (+http://www.google.com/feedfetcher.html)"
74.125.16.65 - - [21/Jul/2009:09:37:56 -0700] "GET /gwidgets/alexa.xml HTTP/1.1" 200 2969 "-" "Mozilla/5.0 (compatible) Feedfetcher-Google; (+http://www.google.com/feedfetcher.html)"
66.249.67.87 - - [21/Jul/2009:09:38:01 -0700] "GET /gallery/main.php?g2_view=search.SearchScan&g2_form%5BuseDefaultSettings%5D=1&g2_return=%2Fgallery%2Fmain.php%3Fg2_view%3Dcomment.ShowAllComments%26g2_itemId%3D543&g2_returnName=show+comments HTTP/1.1" 200 6360 "-" "Mozilla/5.0 (compatible; Googlebot/2.1; +http://www.google.com/bot.html)"
64.233.172.17 - - [21/Jul/2009:09:38:28 -0700] "GET /gwidgets/alexa.xml HTTP/1.1" 200 2969 "-" "Mozilla/5.0 (compatible) Feedfetcher-Google; (+http://www.google.com/feedfetcher.html)"
68.117.200.60 - - [21/Jul/2009:09:38:34 -0700] "GET /gnucache/index.php?get=1&net=gnutella&client=GNUC&version=1.1.1.6 HTTP/1.1" 404 146 "-" "Mozilla/4.0"
122.161.184.193 - - [21/Jul/2009:09:38:50 -0700] "GET /rss.pl HTTP/1.1" 200 35942 "-" "Mozilla/4.0 (compatible; MSIE 7.0; Windows NT 6.0; Trident/4.0; SLCC1; .NET CLR 2.0.50727; .NET CLR 3.5.21022; InfoPath.2; .NET CLR 3.5.30729; .NET CLR 3.0.30618; OfficeLiveConnector.1.3; OfficeLivePatch.1.3; MSOffice 12)"
66.249.67.87 - - [21/Jul/2009:09:39:07 -0700] "GET /gallery/main.php?g2_view=search.SearchScan&g2_form%5BuseDefaultSettings%5D=1&g2_return=%2Fgallery%2Fmain.php%3Fg2_view%3Dcomment.ShowAllComments%26g2_itemId%3D525&g2_returnName=show+comments HTTP/1.1" 200 6360 "-" "Mozilla/5.0 (compatible; Googlebot/2.1; +http://www.google.com/bot.html)"
65.55.217.31 - - [21/Jul/2009:09:39:19 -0700] "GET /index.pl?page=drumbone-audition HTTP/1.1" 200 5385 "-" "WinHttp"
79.225.200.104 - - [21/Jul/2009:09:39:29 -0700] "GET /gallery/allenandgates/aaw HTTP/1.1" 500 920 "http://www.pouet.net/topic.php?which=2735&page=81" "Mozilla/5.0 (Windows; U; Windows NT 5.1; de; rv:1.9.0.11) Gecko/2009060215 Firefox/3.0.11"
65.55.208.184 - - [21/Jul/2009:09:39:38 -0700] "GET /gallery/main.php?g2_view=search.SearchScan&g2_form%5BuseDefaultSettings%5D=1&g2_return=%2Fgallery%2Fmain.php%3Fg2_itemId%3D3234&g2_returnName=photo HTTP/1.1" 200 6360 "-" "msnbot/1.1 (+http://search.msn.com/msnbot.htm)"
72.14.194.1 - - [21/Jul/2009:09:40:04 -0700] "GET /gwidgets/alexa.xml HTTP/1.1" 200 2969 "-" "Mozilla/5.0 (compatible) Feedfetcher-Google; (+http://www.google.com/feedfetcher.html)"
66.249.67.3 - - [21/Jul/2009:09:40:04 -0700] "GET /r.pl?http://burnallgifs.org/ HTTP/1.1" 302 291 "-" "Mozilla/5.0 (compatible; Googlebot/2.1; +http://www.google.com/bot.html)"
72.14.193.68 - - [21/Jul/2009:09:40:07 -0700] "GET /gadgets/adpowers/AlexaRank/g.xml HTTP/1.1" 200 3164 "-" "Mozilla/5.0 (compatible) Feedfetcher-Google; (+http://www.google.com/feedfetcher.html)"
72.14.193.68 - - [21/Jul/2009:09:40:08 -0700] "GET /gadgets/adpowers/AlexaRank/ALL_ALL.xml HTTP/1.1" 200 1160 "-" "Mozilla/5.0 (compatible) Feedfetcher-Google; (+http://www.google.com/feedfetcher.html)"
66.249.67.87 - - [21/Jul/2009:09:40:14 -0700] "GET /gallery/main.php?g2_view=search.SearchScan&g2_form%5BuseDefaultSettings%5D=1&g2_return=%2Fgallery%2Fmain.php%3Fg2_view%3Dcomment.ShowAllComments%26g2_itemId%3D32603&g2_returnName=show+comments HTTP/1.1" 200 6360 "-" "Mozilla/5.0 (compatible; Googlebot/2.1; +http://www.google.com/bot.html)"
72.30.142.87 - - [21/Jul/2009:09:40:19 -0700] "GET /?post=101 HTTP/1.0" 200 4907 "-" "Mozilla/5.0 (compatible; Yahoo! Slurp/3.0; http://help.yahoo.com/help/us/ysearch/slurp)"
65.55.109.116 - - [21/Jul/2009:09:40:35 -0700] "GET /gallery/main.php?g2_view=search.SearchScan&g2_form%5BuseDefaultSettings%5D=1&g2_return=%2Fgallery%2Fmain.php%3Fg2_itemId%3D3234&g2_returnName=photo HTTP/1.1" 200 6377 "http://www.bing.com/search?q=search" "Mozilla/4.0 (compatible;  MSIE 6.0;  Windows NT 5.1;  SLCC1;  .NET CLR 1.1.4322;  .NET CLR 2.0.40607;  .NET CLR 3.0.04506.648)"
65.55.109.116 - - [21/Jul/2009:09:40:36 -0700] "GET /gallery/modules/icons/iconpacks/paularmstrongdesigns/icons.css HTTP/1.1" 200 8847 "http://example.org/gallery/main.php?g2_view=search.SearchScan&g2_form%5BuseDefaultSettings%5D=1&g2_return=%2Fgallery%2Fmain.php%3Fg2_itemId%3D3234&g2_returnName=photo" "Mozilla/4.0 (compatible;  MSIE 6.0;  Windows NT 5.1;  SLCC1;  .NET CLR 1.1.4322;  .NET CLR 2.0.40607;  .NET CLR 3.0.04506.648)"
65.55.109.116 - - [21/Jul/2009:09:40:36 -0700] "GET /gallery/modules/core/data/gallery.css HTTP/1.1" 200 9535 "http://example.org/gallery/main.php?g2_view=search.SearchScan&g2_form%5BuseDefaultSettings%5D=1&g2_return=%2Fgallery%2Fmain.php%3Fg2_itemId%3D3234&g2_returnName=photo" "Mozilla/4.0 (compatible;  MSIE 6.0;  Windows NT 5.1;  SLCC1;  .NET CLR 1.1.4322;  .NET CLR 2.0.40607;  .NET CLR 3.0.04506.648)"
65.55.109.116 - - [21/Jul/2009:09:40:37 -0700] "GET /gallery/modules/search/HighlightResults.js HTTP/1.1" 200 950 "http://example.org/gallery/main.php?g2_view=search.SearchScan&g2_form%5BuseDefaultSettings%5D=1&g2_return=%2Fgallery%2Fmain.php%3Fg2_itemId%3D3234&g2_returnName=photo" "Mozilla/4.0 (compatible;  MSIE 6.0;  Windows NT 5.1;  SLCC1;  .NET CLR 1.1.4322;  .NET CLR 2.0.40607;  .NET CLR 3.0.04506.648)"
65.55.109.116 - - [21/Jul/2009:09:40:37 -0700] "GET /gallery/modules/search/SearchBlock.js HTTP/1.1" 200 992 "http://example.org/gallery/main.php?g2_view=search.SearchScan&g2_form%5BuseDefaultSettings%5D=1&g2_return=%2Fgallery%2Fmain.php%3Fg2_itemId%3D3234&g2_returnName=photo" "Mozilla/4.0 (compatible;  MSIE 6.0;  Windows NT 5.1;  SLCC1;  .NET CLR 1.1.4322;  .NET CLR 2.0.40607;  .NET CLR 3.0.04506.648)"
65.55.109.116 - - [21/Jul/2009:09:40:38 -0700] "GET /gallery/themes/matrix/theme.css HTTP/1.1" 200 12605 "http://example.org/gallery/main.php?g2_view=search.SearchScan&g2_form%5BuseDefaultSettings%5D=1&g2_return=%2Fgallery%2Fmain.php%3Fg2_itemId%3D3234&g2_returnName=photo" "Mozilla/4.0 (compatible;  MSIE 6.0;  Windows NT 5.1;  SLCC1;  .NET CLR 1.1.4322;  .NET CLR 2.0.40607;  .NET CLR 3.0.04506.648)"
64.233.172.17 - - [21/Jul/2009:09:40:45 -0700] "GET /gwidgets/alexa.xml HTTP/1.1" 200 2969 "-" "Mozilla/5.0 (compatible) Feedfetcher-Google; (+http://www.google.com/feedfetcher.html)"
64.233.173.2 - - [21/Jul/2009:09:40:48 -0700] "GET /gwidgets/alexa.xml HTTP/1.1" 200 2969 "-" "Mozilla/5.0 (compatible) Feedfetcher-Google; (+http://www.google.com/feedfetcher.html)"
66.249.67.87 - - [21/Jul/2009:09:40:54 -0700] "GET /gallery/main.php?g2_itemId=28249&g2_highlightId=28693 HTTP/1.1" 302 5 "-" "Mozilla/5.0 (compatible; Googlebot/2.1; +http://www.google.com/bot.html)"
122.161.184.193 - - [21/Jul/2009:09:40:55 -0700] "GET /rss.pl HTTP/1.1" 200 35942 "-" "Mozilla/4.0 (compatible; MSIE 7.0; Windows NT 6.0; Trident/4.0; SLCC1; .NET CLR 2.0.50727; .NET CLR 3.5.21022; InfoPath.2; .NET CLR 3.5.30729; .NET CLR 3.0.30618; OfficeLiveConnector.1.3; OfficeLivePatch.1.3; MSOffice 12)"
72.14.194.1 - - [21/Jul/2009:09:41:04 -0700] "GET /gadgets/adpowers/AlexaRank/g.xml HTTP/1.1" 200 3164 "-" "Mozilla/5.0 (compatible) Feedfetcher-Google; (+http://www.google.com/feedfetcher.html)"
72.14.194.1 - - [21/Jul/2009:09:41:04 -0700] "GET /gadgets/adpowers/AlexaRank/ALL_ALL.xml HTTP/1.1" 200 1160 "-" "Mozilla/5.0 (compatible) Feedfetcher-Google; (+http://www.google.com/feedfetcher.html)"
65.55.208.190 - - [21/Jul/2009:09:41:17 -0700] "GET /gallery/main.php?g2_view=keyalbum.KeywordAlbum&g2_keyword=frank+klecheerfulness+beatify+march+earth+beyond+westwood+music+rack+computer+macki+keyboard+synythesizer+las+vegas&g2_itemId=4209 HTTP/1.1" 200 7311 "-" "msnbot/1.1 (+http://search.msn.com/msnbot.htm)"
64.233.172.17 - - [21/Jul/2009:09:41:18 -0700] "GET /gadgets/adpowers/AlexaRank/g.xml HTTP/1.1" 200 3164 "-" "FeedFetcher-Google; (+http://www.google.com/feedfetcher.html)"
66.249.67.87 - - [21/Jul/2009:09:41:20 -0700] "GET /gallery/main.php?g2_controller=exif.SwitchDetailMode&g2_mode=detailed&g2_return=%2Fgallery%2Fmain.php%3Fg2_itemId%3D567&g2_returnName=photo HTTP/1.1" 302 5 "-" "Mozilla/5.0 (compatible; Googlebot/2.1; +http://www.google.com/bot.html)"
64.233.173.2 - - [21/Jul/2009:09:41:21 -0700] "GET /gadgets/adpowers/AlexaRank/g.xml HTTP/1.1" 200 3164 "-" "Mozilla/5.0 (compatible) Feedfetcher-Google; (+http://www.google.com/feedfetcher.html)"
74.125.75.17 - - [21/Jul/2009:09:41:21 -0700] "GET /gadgets/adpowers/AlexaRank/ALL_ALL.xml HTTP/1.1" 200 1160 "-" "Mozilla/5.0 (compatible) Feedfetcher-Google; (+http://www.google.com/feedfetcher.html)"
66.249.67.87 - - [21/Jul/2009:09:41:23 -0700] "GET /gallery/main.php?g2_itemId=567&g2_fromNavId=x0c66ae7d HTTP/1.1" 200 7011 "-" "Mozilla/5.0 (compatible; Googlebot/2.1; +http://www.google.com/bot.html)"
174.36.241.157 - - [21/Jul/2009:09:41:36 -0700] "GET /rss.pl HTTP/1.1" 200 35942 "-" "Mozilla/5.0 (X11; U; Linux i686; en-US; rv:1.2.1; aggregator:Spinn3r (Spinn3r 3.1); http://spinn3r.com/robot) Gecko/20021130"
66.249.67.3 - - [21/Jul/2009:09:41:37 -0700] "GET /gallery/main.php?g2_view=core.DownloadItem&g2_itemId=32620&g2_serialNumber=2 HTTP/1.1" 304 0 "-" "Googlebot-Image/1.0"
72.30.142.87 - - [21/Jul/2009:09:41:45 -0700] "GET /gadgets/giggrow–growth/HSI/g.xml HTTP/1.0" 200 251 "-" "Mozilla/5.0 (compatible; Yahoo! Slurp/3.0; http://help.yahoo.com/help/us/ysearch/slurp)"
74.125.16.65 - - [21/Jul/2009:09:41:46 -0700] "GET /gadgets/adpowers/AlexaRank/g.xml HTTP/1.1" 200 3164 "-" "Mozilla/5.0 (compatible) Feedfetcher-Google; (+http://www.google.com/feedfetcher.html)"
74.125.16.65 - - [21/Jul/2009:09:41:47 -0700] "GET /gadgets/adpowers/AlexaRank/ALL_ALL.xml HTTP/1.1" 200 1160 "-" "Mozilla/5.0 (compatible) Feedfetcher-Google; (+http://www.google.com/feedfetcher.html)"
66.249.67.3 - - [21/Jul/2009:09:41:53 -0700] "GET /gallery/main.php?g2_view=core.DownloadItem&g2_itemId=30367&g2_serialNumber=2 HTTP/1.1" 200 132287 "-" "Googlebot-Image/1.0"
65.55.208.188 - - [21/Jul/2009:09:42:07 -0700] "GET /gallery/main.php?g2_itemId=468&g2_highlightId=33301 HTTP/1.1" 302 5 "-" "msnbot/1.1 (+http://search.msn.com/msnbot.htm)"
66.249.67.3 - - [21/Jul/2009:09:42:27 -0700] "GET /gallery/main.php?g2_view=comment.ShowAllComments&g2_itemId=28986&g2_return=%2Fgallery%2Fmain.php%3Fg2_itemId%3D28986&g2_returnName=photo HTTP/1.1" 200 5054 "-" "Mozilla/5.0 (compatible; Googlebot/2.1; +http://www.google.com/bot.html)"
78.23.82.129 - - [21/Jul/2009:09:42:54 -0700] "GET /images/frank-klewill.png HTTP/1.1" 200 130814 "-" "CoverScout%2033.1 CFNetwork/422.11 Darwin/9.6.0 (i386) (MacBook4%2C1)"
122.161.184.193 - - [21/Jul/2009:09:42:55 -0700] "GET /rss.pl HTTP/1.1" 200 35942 "-" "Mozilla/4.0 (compatible; MSIE 7.0; Windows NT 6.0; Trident/4.0; SLCC1; .NET CLR 2.0.50727; .NET CLR 3.5.21022; InfoPath.2; .NET CLR 3.5.30729; .NET CLR 3.0.30618; OfficeLiveConnector.1.3; OfficeLivePatch.1.3; MSOffice 12)"
65.55.208.190 - - [21/Jul/2009:09:43:08 -0700] "GET /gallery/main.php?g2_itemId=3162&g2_imageViewsIndex=1 HTTP/1.1" 200 8028 "-" "msnbot/1.1 (+http://search.msn.com/msnbot.htm)"
66.249.67.3 - - [21/Jul/2009:09:43:33 -0700] "GET /gallery/main.php?g2_controller=exif.SwitchDetailMode&g2_mode=detailed&g2_return=%2Fgallery%2Fmain.php%3Fg2_itemId%3D29615&g2_returnName=photo HTTP/1.1" 302 5 "-" "Mozilla/5.0 (compatible; Googlebot/2.1; +http://www.google.com/bot.html)"
66.249.67.3 - - [21/Jul/2009:09:43:37 -0700] "GET /gallery/main.php?g2_itemId=29615&g2_fromNavId=xcc61dd6c HTTP/1.1" 200 8390 "-" "Mozilla/5.0 (compatible; Googlebot/2.1; +http://www.google.com/bot.html)"
72.14.193.68 - - [21/Jul/2009:09:43:39 -0700] "GET /gwidgets/alexa.xml HTTP/1.1" 200 2969 "-" "FeedFetcher-Google; (+http://www.google.com/feedfetcher.html)"
72.14.193.68 - - [21/Jul/2009:09:43:45 -0700] "GET /gwidgets/alexa.xml HTTP/1.1" 200 2969 "-" "Mozilla/5.0 (compatible) Feedfetcher-Google; (+http://www.google.com/feedfetcher.html)"
38.100.17.149 - - [21/Jul/2009:09:44:05 -0700] "GET /images/pigtrihawk.jpg HTTP/1.1" 200 29236 "http://www.swivel.com/data_sets/show/1001569" "Mozilla/4.0 (compatible; MSIE 7.0; Windows NT 5.2; .NET CLR 1.1.4322; InfoPath.1)"
65.55.106.233 - - [21/Jul/2009:09:44:12 -0700] "GET /?post=128 HTTP/1.1" 200 6812 "-" "msnbot/2.0b (+http://search.msn.com/msnbot.htm)"
64.233.172.17 - - [21/Jul/2009:09:44:24 -0700] "GET /gadgets/adpowers/AlexaRank/g.xml HTTP/1.1" 200 3164 "-" "Mozilla/5.0 (compatible) Feedfetcher-Google; (+http://www.google.com/feedfetcher.html)"
64.233.172.17 - - [21/Jul/2009:09:44:24 -0700] "GET /gadgets/adpowers/AlexaRank/ALL_ALL.xml HTTP/1.1" 200 1160 "-" "Mozilla/5.0 (compatible) Feedfetcher-Google; (+http://www.google.com/feedfetcher.html)"
66.249.67.87 - - [21/Jul/2009:09:44:36 -0700] "GET /gallery/main.php?g2_view=comment.ShowAllComments&g2_itemId=22688&g2_fromNavId=xf7d91897 HTTP/1.1" 200 5980 "-" "Mozilla/5.0 (compatible; Googlebot/2.1; +http://www.google.com/bot.html)"
66.249.67.87 - - [21/Jul/2009:09:44:38 -0700] "GET /gallery/main.php?g2_view=core.UserAdmin&g2_subView=core.UserLogin&g2_return=%2Fgallery%2Fmain.php%3Fg2_itemId%3D2933&g2_returnName=photo HTTP/1.1" 200 4001 "-" "Mozilla/5.0 (compatible; Googlebot/2.1; +http://www.google.com/bot.html)"
66.249.67.87 - - [21/Jul/2009:09:44:41 -0700] "GET /gallery/main.php?g2_itemId=18239&g2_imageViewsIndex=1 HTTP/1.1" 200 8410 "-" "Mozilla/5.0 (compatible; Googlebot/2.1; +http://www.google.com/bot.html)"
66.249.67.87 - - [21/Jul/2009:09:44:43 -0700] "GET /gallery/main.php?g2_view=search.SearchScan&g2_form%5BuseDefaultSettings%5D=1&g2_return=%2Fgallery%2Fmain.php%3Fg2_itemId%3D2933&g2_returnName=photo HTTP/1.1" 200 6360 "-" "Mozilla/5.0 (compatible; Googlebot/2.1; +http://www.google.com/bot.html)"
66.249.67.87 - - [21/Jul/2009:09:44:46 -0700] "GET /gallery/main.php?g2_view=core.UserAdmin&g2_subView=core.UserLogin&g2_return=%2Fgallery%2Fmain.php%3Fg2_view%3Dcomment.ShowAllComments%26g2_itemId%3D22771&g2_returnName=show+comments HTTP/1.1" 200 4121 "-" "Mozilla/5.0 (compatible; Googlebot/2.1; +http://www.google.com/bot.html)"
66.249.67.87 - - [21/Jul/2009:09:44:49 -0700] "GET /gallery/main.php?g2_view=comment.ShowAllComments&g2_itemId=2933&g2_return=%2Fgallery%2Fmain.php%3Fg2_itemId%3D2933&g2_returnName=photo HTTP/1.1" 200 4962 "-" "Mozilla/5.0 (compatible; Googlebot/2.1; +http://www.google.com/bot.html)"
122.161.184.193 - - [21/Jul/2009:09:44:50 -0700] "GET /rss.pl HTTP/1.1" 200 35942 "-" "Mozilla/4.0 (compatible; MSIE 7.0; Windows NT 6.0; Trident/4.0; SLCC1; .NET CLR 2.0.50727; .NET CLR 3.5.21022; InfoPath.2; .NET CLR 3.5.30729; .NET CLR 3.0.30618; OfficeLiveConnector.1.3; OfficeLivePatch.1.3; MSOffice 12)"
66.249.67.87 - - [21/Jul/2009:09:44:52 -0700] "GET /gallery/main.php?g2_itemId=2933&g2_imageViewsIndex=1 HTTP/1.1" 200 8416 "-" "Mozilla/5.0 (compatible; Googlebot/2.1; +http://www.google.com/bot.html)"
66.249.67.87 - - [21/Jul/2009:09:44:54 -0700] "GET /gallery/main.php?g2_view=search.SearchScan&g2_form%5BuseDefaultSettings%5D=1&g2_return=%2Fgallery%2Fmain.php%3Fg2_view%3Dcomment.ShowAllComments%26g2_itemId%3D22768&g2_returnName=show+comments HTTP/1.1" 200 6360 "-" "Mozilla/5.0 (compatible; Googlebot/2.1; +http://www.google.com/bot.html)"
66.249.67.87 - - [21/Jul/2009:09:44:56 -0700] "GET /gallery/main.php?g2_controller=exif.SwitchDetailMode&g2_mode=detailed&g2_return=%2Fgallery%2Fmain.php%3Fg2_itemId%3D2933&g2_returnName=photo HTTP/1.1" 302 5 "-" "Mozilla/5.0 (compatible; Googlebot/2.1; +http://www.google.com/bot.html)"
66.249.67.87 - - [21/Jul/2009:09:44:59 -0700] "GET /gallery/main.php?g2_view=core.UserAdmin&g2_subView=core.UserLogin&g2_return=%2Fgallery%2Fmain.php%3Fg2_view%3Dcomment.ShowAllComments%26g2_itemId%3D22768&g2_returnName=show+comments HTTP/1.1" 200 4121 "-" "Mozilla/5.0 (compatible; Googlebot/2.1; +http://www.google.com/bot.html)"
66.249.67.87 - - [21/Jul/2009:09:45:03 -0700] "GET /gallery/main.php?g2_itemId=22768&g2_fromNavId=x2f84bb96 HTTP/1.1" 200 7199 "-" "Mozilla/5.0 (compatible; Googlebot/2.1; +http://www.google.com/bot.html)"
66.249.67.3 - - [21/Jul/2009:09:45:04 -0700] "GET /gallery/main.php?g2_itemId=28693&g2_highlightId=28971 HTTP/1.1" 302 5 "-" "Mozilla/5.0 (compatible; Googlebot/2.1; +http://www.google.com/bot.html)"
66.249.67.3 - - [21/Jul/2009:09:45:06 -0700] "GET /r.pl?http://www.delicatemicrosoft.com HTTP/1.1" 302 296 "-" "Mozilla/5.0 (compatible; Googlebot/2.1; +http://www.google.com/bot.html)"
66.249.67.87 - - [21/Jul/2009:09:45:10 -0700] "GET /gallery/main.php?g2_itemId=2933&g2_fromNavId=x152c1c2d HTTP/1.1" 200 8289 "-" "Mozilla/5.0 (compatible; Googlebot/2.1; +http://www.google.com/bot.html)"
38.100.17.149 - - [21/Jul/2009:09:45:23 -0700] "GET /images/pigtrihawk.jpg HTTP/1.1" 304 - "http://www.swivel.com/data_sets/spreadsheet/1001569" "Mozilla/4.0 (compatible; MSIE 7.0; Windows NT 5.2; .NET CLR 1.1.4322; InfoPath.1)"
98.206.134.34 - - [21/Jul/2009:09:45:36 -0700] "GET /gnucache/index.php?get=1&net=gnutella&client=GNUC&version=1.1.1.6 HTTP/1.1" 404 146 "-" "Mozilla/4.0"
72.14.192.65 - - [21/Jul/2009:09:45:39 -0700] "GET /gadgets/adpowers/AlexaRank/g.xml HTTP/1.1" 200 3164 "-" "Mozilla/5.0 (compatible) Feedfetcher-Google; (+http://www.google.com/feedfetcher.html)"
72.14.192.65 - - [21/Jul/2009:09:45:39 -0700] "GET /gadgets/adpowers/AlexaRank/ALL_ALL.xml HTTP/1.1" 200 1160 "-" "Mozilla/5.0 (compatible) Feedfetcher-Google; (+http://www.google.com/feedfetcher.html)"
66.249.67.87 - - [21/Jul/2009:09:45:49 -0700] "GET /gallery/main.php?g2_view=keyalbum.KeywordAlbum&g2_keyword=freshman&g2_itemId=2936 HTTP/1.1" 200 9139 "-" "Mozilla/5.0 (compatible; Googlebot/2.1; +http://www.google.com/bot.html)"
74.125.16.65 - - [21/Jul/2009:09:45:56 -0700] "GET /gwidgets/alexa.xml HTTP/1.1" 200 2969 "-" "Mozilla/5.0 (compatible) Feedfetcher-Google; (+http://www.google.com/feedfetcher.html)"
66.249.67.87 - - [21/Jul/2009:09:46:20 -0700] "GET /gallery/main.php?g2_itemId=28249&g2_highlightId=28257 HTTP/1.1" 302 5 "-" "Mozilla/5.0 (compatible; Googlebot/2.1; +http://www.google.com/bot.html)"
65.55.208.189 - - [21/Jul/2009:09:46:43 -0700] "GET /pictures/2002-03-20%20more%20snow HTTP/1.1" 301 353 "-" "msnbot/1.1 (+http://search.msn.com/msnbot.htm)"
122.161.184.193 - - [21/Jul/2009:09:46:54 -0700] "GET /rss.pl HTTP/1.1" 200 35942 "-" "Mozilla/4.0 (compatible; MSIE 7.0; Windows NT 6.0; Trident/4.0; SLCC1; .NET CLR 2.0.50727; .NET CLR 3.5.21022; InfoPath.2; .NET CLR 3.5.30729; .NET CLR 3.0.30618; OfficeLiveConnector.1.3; OfficeLivePatch.1.3; MSOffice 12)"
74.125.16.65 - - [21/Jul/2009:09:47:11 -0700] "GET /gadgets/adpowers/AlexaRank/g.xml HTTP/1.1" 200 3164 "-" "FeedFetcher-Google; (+http://www.google.com/feedfetcher.html)"
74.125.16.65 - - [21/Jul/2009:09:47:32 -0700] "GET /gadgets/adpowers/AlexaRank/g.xml HTTP/1.1" 200 3164 "-" "Mozilla/5.0 (compatible) Feedfetcher-Google; (+http://www.google.com/feedfetcher.html)"
74.125.16.65 - - [21/Jul/2009:09:47:33 -0700] "GET /gadgets/adpowers/AlexaRank/ALL_ALL.xml HTTP/1.1" 200 1160 "-" "Mozilla/5.0 (compatible) Feedfetcher-Google; (+http://www.google.com/feedfetcher.html)"
72.14.193.68 - - [21/Jul/2009:09:47:36 -0700] "GET /gadgets/adpowers/AlexaRank/g.xml HTTP/1.1" 200 3164 "-" "Mozilla/5.0 (compatible) Feedfetcher-Google; (+http://www.google.com/feedfetcher.html)"
72.14.193.68 - - [21/Jul/2009:09:47:37 -0700] "GET /gadgets/adpowers/AlexaRank/ALL_ALL.xml HTTP/1.1" 200 1160 "-" "Mozilla/5.0 (compatible) Feedfetcher-Google; (+http://www.google.com/feedfetcher.html)"
72.14.195.40 - - [21/Jul/2009:09:47:41 -0700] "GET /gwidgets/alexa.xml HTTP/1.1" 200 2969 "-" "Mozilla/5.0 (compatible) Feedfetcher-Google; (+http://www.google.com/feedfetcher.html)"
74.125.75.17 - - [21/Jul/2009:09:47:43 -0700] "GET /gwidgets/alexa.xml HTTP/1.1" 200 2969 "-" "FeedFetcher-Google; (+http://www.google.com/feedfetcher.html)"
65.55.208.188 - - [21/Jul/2009:09:47:51 -0700] "GET /gallery/main.php?g2_itemId=468 HTTP/1.1" 200 20479 "-" "msnbot/1.1 (+http://search.msn.com/msnbot.htm)"
64.233.172.17 - - [21/Jul/2009:09:47:56 -0700] "GET /gwidgets/alexa.xml HTTP/1.1" 200 2969 "-" "Mozilla/5.0 (compatible) Feedfetcher-Google; (+http://www.google.com/feedfetcher.html)"
66.249.67.87 - - [21/Jul/2009:09:48:02 -0700] "GET /gallery/main.php?g2_view=keyalbum.KeywordAlbum&g2_keyword=freshman&g2_itemId=2896 HTTP/1.1" 200 8757 "-" "Mozilla/5.0 (compatible; Googlebot/2.1; +http://www.google.com/bot.html)"
65.55.208.189 - - [21/Jul/2009:09:48:16 -0700] "GET /pictures/2002-03-20%20more%20snow/ HTTP/1.1" 200 828 "-" "msnbot/1.1 (+http://search.msn.com/msnbot.htm)"
122.161.184.193 - - [21/Jul/2009:09:48:50 -0700] "GET /rss.pl HTTP/1.1" 200 35942 "-" "Mozilla/4.0 (compatible; MSIE 7.0; Windows NT 6.0; Trident/4.0; SLCC1; .NET CLR 2.0.50727; .NET CLR 3.5.21022; InfoPath.2; .NET CLR 3.5.30729; .NET CLR 3.0.30618; OfficeLiveConnector.1.3; OfficeLivePatch.1.3; MSOffice 12)"
65.55.208.184 - - [21/Jul/2009:09:49:02 -0700] "GET /gallery/main.php?g2_view=core.UserAdmin&g2_subView=core.UserLogin&g2_return=%2Fgallery%2Fmain.php%3Fg2_view%3Dkeyalbum.KeywordAlbum%26g2_keyword%3Drobert%2Bexploration%26g2_itemId%3D2918&g2_returnName=keyword+album HTTP/1.1" 200 4190 "-" "msnbot/1.1 (+http://search.msn.com/msnbot.htm)"
65.55.208.182 - - [21/Jul/2009:09:49:03 -0700] "GET /gallery/main.php?g2_itemId=2994 HTTP/1.1" 200 7964 "-" "msnbot/1.1 (+http://search.msn.com/msnbot.htm)"
66.249.67.87 - - [21/Jul/2009:09:49:07 -0700] "GET /gallery/main.php?g2_view=core.UserAdmin&g2_subView=core.UserLogin&g2_return=%2Fgallery%2Fmain.php%3Fg2_itemId%3D567&g2_returnName=photo HTTP/1.1" 200 3998 "-" "Mozilla/5.0 (compatible; Googlebot/2.1; +http://www.google.com/bot.html)"
