66.249.67.3 - - [21/Jul/2009:03:06:18 -0700] "GET /gallery/main.php?g2_itemId=22460&g2_highlightId=23772 HTTP/1.1" 302 5 "-" "Mozilla/5.0 (compatible; Googlebot/2.1; +http://www.google.com/bot.html)"
66.249.67.3 - - [21/Jul/2009:03:06:20 -0700] "GET /gallery/main.php?g2_controller=exif.SwitchDetailMode&g2_mode=detailed&g2_return=%2Fgallery%2Fmain.php%3Fg2_itemId%3D12354&g2_returnName=photo HTTP/1.1" 302 5 "-" "Mozilla/5.0 (compatible; Googlebot/2.1; +http://www.google.com/bot.html)"
66.249.67.3 - - [21/Jul/2009:03:06:24 -0700] "GET /gallery/main.php?g2_itemId=12354&g2_fromNavId=x55edc238 HTTP/1.1" 200 8153 "-" "Mozilla/5.0 (compatible; Googlebot/2.1; +http://www.google.com/bot.html)"
122.160.162.2 - - [21/Jul/2009:03:06:37 -0700] "GET /rss.pl HTTP/1.0" 200 35867 "-" "Mozilla/4.0 (compatible; MSIE 7.0; Windows NT 6.0; Trident/4.0; SLCC1; .NET CLR 2.0.50727; .NET CLR 3.5.21022; InfoPath.2; .NET CLR 3.5.30729; .NET CLR 3.0.30618; OfficeLiveConnector.1.3; OfficeLivePatch.1.3; MSOffice 12)"
72.14.192.65 - - [21/Jul/2009:03:07:09 -0700] "GET /gwidgets/alexa.xml HTTP/1.1" 200 2969 "-" "Mozilla/5.0 (compatible) Feedfetcher-Google; (+http://www.google.com/feedfetcher.html)"
66.249.67.3 - - [21/Jul/2009:03:07:24 -0700] "GET /gallery/main.php?g2_itemId=468&g2_highlightId=32655 HTTP/1.1" 302 5 "-" "Mozilla/5.0 (compatible; Googlebot/2.1; +http://www.google.com/bot.html)"
66.249.67.3 - - [21/Jul/2009:03:07:28 -0700] "GET /gallery/main.php?g2_itemId=468&g2_page=4 HTTP/1.1" 200 19840 "-" "Mozilla/5.0 (compatible; Googlebot/2.1; +http://www.google.com/bot.html)"
74.125.16.65 - - [21/Jul/2009:03:07:32 -0700] "GET /gadgets/adpowers/AlexaRank/g.xml HTTP/1.1" 200 3164 "-" "Mozilla/5.0 (compatible) Feedfetcher-Google; (+http://www.google.com/feedfetcher.html)"
74.125.16.65 - - [21/Jul/2009:03:07:33 -0700] "GET /gadgets/adpowers/AlexaRank/ALL_ALL.xml HTTP/1.1" 200 1160 "-" "Mozilla/5.0 (compatible) Feedfetcher-Google; (+http://www.google.com/feedfetcher.html)"
66.249.67.87 - - [21/Jul/2009:03:08:30 -0700] "GET /gallery/main.php?g2_controller=exif.SwitchDetailMode&g2_mode=detailed&g2_return=%2Fgallery%2Fmain.php%3Fg2_itemId%3D519&g2_returnName=photo HTTP/1.1" 302 5 "-" "Mozilla/5.0 (compatible; Googlebot/2.1; +http://www.google.com/bot.html)"
66.249.67.87 - - [21/Jul/2009:03:08:34 -0700] "GET /gallery/main.php?g2_itemId=519&g2_fromNavId=xe2b5afcc HTTP/1.1" 200 6937 "-" "Mozilla/5.0 (compatible; Googlebot/2.1; +http://www.google.com/bot.html)"
122.160.162.2 - - [21/Jul/2009:03:08:41 -0700] "GET /rss.pl HTTP/1.0" 200 35867 "-" "Mozilla/4.0 (compatible; MSIE 7.0; Windows NT 6.0; Trident/4.0; SLCC1; .NET CLR 2.0.50727; .NET CLR 3.5.21022; InfoPath.2; .NET CLR 3.5.30729; .NET CLR 3.0.30618; OfficeLiveConnector.1.3; OfficeLivePatch.1.3; MSOffice 12)"
65.55.208.180 - - [21/Jul/2009:03:09:16 -0700] "GET /gallery/main.php?g2_view=core.UserAdmin&g2_subView=core.UserLogin&g2_return=%2Fgallery%2Fmain.php%3Fg2_itemId%3D26913&g2_returnName=photo HTTP/1.1" 200 4004 "-" "msnbot/1.1 (+http://search.msn.com/msnbot.htm)"
65.55.107.180 - - [21/Jul/2009:03:09:21 -0700] "GET /?page=root HTTP/1.1" 200 5434 "-" "msnbot/2.0b (+http://search.msn.com/msnbot.htm)"
65.55.208.188 - - [21/Jul/2009:03:09:34 -0700] "GET /gallery/main.php?g2_view=keyalbum.KeywordAlbum&g2_keyword=segway&g2_itemId=34227 HTTP/1.1" 200 7943 "-" "msnbot/1.1 (+http://search.msn.com/msnbot.htm)"
66.249.67.3 - - [21/Jul/2009:03:09:37 -0700] "GET /gallery/main.php?g2_itemId=26358&g2_highlightId=26401 HTTP/1.1" 302 5 "-" "Mozilla/5.0 (compatible; Googlebot/2.1; +http://www.google.com/bot.html)"
66.249.67.3 - - [21/Jul/2009:03:09:41 -0700] "GET /gallery/main.php?g2_itemId=26358 HTTP/1.1" 200 15548 "-" "Mozilla/5.0 (compatible; Googlebot/2.1; +http://www.google.com/bot.html)"
74.125.74.193 - - [21/Jul/2009:03:09:45 -0700] "GET /gadgets/adpowers/AlexaRank/ALL_ALL.xml HTTP/1.1" 200 1160 "-" "FeedFetcher-Google; (+http://www.google.com/feedfetcher.html)"
174.36.241.149 - - [21/Jul/2009:03:09:45 -0700] "GET /rss.pl HTTP/1.1" 200 35942 "-" "Mozilla/5.0 (X11; U; Linux i686; en-US; rv:1.2.1; aggregator:Spinn3r (Spinn3r 3.1); http://spinn3r.com/robot) Gecko/20021130"
65.55.110.228 - - [21/Jul/2009:03:09:54 -0700] "GET /gallery/main.php?g2_view=core.UserAdmin&g2_subView=core.UserLogin&g2_return=%2Fgallery%2Fmain.php%3Fg2_itemId%3D26913&g2_returnName=photo HTTP/1.0" 200 4009 "http://www.bing.com/search?q=login" "Mozilla/4.0 (compatible;  MSIE 6.0;  Windows NT 5.2;  SV1;  .NET CLR 1.1.4322;  .NET CLR 2.0.50727;  .NET CLR 3.0.04506.648)"
65.55.110.228 - - [21/Jul/2009:03:09:56 -0700] "GET /gallery/modules/core/data/gallery.css HTTP/1.0" 200 9535 "http://example.org/gallery/main.php?g2_view=core.UserAdmin&g2_subView=core.UserLogin&g2_return=%2Fgallery%2Fmain.php%3Fg2_itemId%3D26913&g2_returnName=photo" "Mozilla/4.0 (compatible;  MSIE 6.0;  Windows NT 5.2;  SV1;  .NET CLR 1.1.4322;  .NET CLR 2.0.50727;  .NET CLR 3.0.04506.648)"
65.55.110.228 - - [21/Jul/2009:03:09:56 -0700] "GET /gallery/modules/icons/iconpacks/paularmstrongdesigns/icons.css HTTP/1.0" 200 8847 "http://example.org/gallery/main.php?g2_view=core.UserAdmin&g2_subView=core.UserLogin&g2_return=%2Fgallery%2Fmain.php%3Fg2_itemId%3D26913&g2_returnName=photo" "Mozilla/4.0 (compatible;  MSIE 6.0;  Windows NT 5.2;  SV1;  .NET CLR 1.1.4322;  .NET CLR 2.0.50727;  .NET CLR 3.0.04506.648)"
65.55.110.228 - - [21/Jul/2009:03:09:57 -0700] "GET /gallery/modules/search/SearchBlock.js HTTP/1.0" 200 992 "http://example.org/gallery/main.php?g2_view=core.UserAdmin&g2_subView=core.UserLogin&g2_return=%2Fgallery%2Fmain.php%3Fg2_itemId%3D26913&g2_returnName=photo" "Mozilla/4.0 (compatible;  MSIE 6.0;  Windows NT 5.2;  SV1;  .NET CLR 1.1.4322;  .NET CLR 2.0.50727;  .NET CLR 3.0.04506.648)"
65.55.110.228 - - [21/Jul/2009:03:09:58 -0700] "GET /gallery/themes/matrix/theme.css HTTP/1.0" 200 12605 "http://example.org/gallery/main.php?g2_view=core.UserAdmin&g2_subView=core.UserLogin&g2_return=%2Fgallery%2Fmain.php%3Fg2_itemId%3D26913&g2_returnName=photo" "Mozilla/4.0 (compatible;  MSIE 6.0;  Windows NT 5.2;  SV1;  .NET CLR 1.1.4322;  .NET CLR 2.0.50727;  .NET CLR 3.0.04506.648)"
65.55.106.212 - - [21/Jul/2009:03:10:20 -0700] "GET /tidyperlshirt.txt HTTP/1.1" 304 - "-" "msnbot/2.0b (+http://search.msn.com/msnbot.htm)"
88.38.60.152 - - [21/Jul/2009:03:10:37 -0700] "GET /gnucache/index.php?get=1&net=gnutella&client=GNUC&version=1.1.1.6 HTTP/1.1" 404 146 "-" "Mozilla/4.0"
66.249.67.3 - - [21/Jul/2009:03:10:44 -0700] "GET /gallery/main.php?g2_itemId=468&g2_highlightId=32657 HTTP/1.1" 302 5 "-" "Mozilla/5.0 (compatible; Googlebot/2.1; +http://www.google.com/bot.html)"
74.125.74.193 - - [21/Jul/2009:03:10:51 -0700] "GET /gadgets/adpowers/AlexaRank/ja_ALL.xml HTTP/1.1" 200 1264 "-" "FeedFetcher-Google; (+http://www.google.com/feedfetcher.html)"
122.160.162.2 - - [21/Jul/2009:03:10:53 -0700] "GET /rss.pl HTTP/1.0" 200 35867 "-" "Mozilla/4.0 (compatible; MSIE 7.0; Windows NT 6.0; Trident/4.0; SLCC1; .NET CLR 2.0.50727; .NET CLR 3.5.21022; InfoPath.2; .NET CLR 3.5.30729; .NET CLR 3.0.30618; OfficeLiveConnector.1.3; OfficeLivePatch.1.3; MSOffice 12)"
66.249.67.3 - - [21/Jul/2009:03:11:06 -0700] "GET /gallery/main.php?g2_controller=exif.SwitchDetailMode&g2_mode=detailed&g2_return=%2Fgallery%2Fmain.php%3Fg2_itemId%3D12810%26g2_imageViewsIndex%3D1&g2_returnName=photo HTTP/1.1" 302 5 "-" "Mozilla/5.0 (compatible; Googlebot/2.1; +http://www.google.com/bot.html)"
66.249.67.3 - - [21/Jul/2009:03:11:11 -0700] "GET /gallery/main.php?g2_itemId=12810&g2_imageViewsIndex=1&g2_fromNavId=xd838d31d HTTP/1.1" 200 8361 "-" "Mozilla/5.0 (compatible; Googlebot/2.1; +http://www.google.com/bot.html)"
74.125.16.65 - - [21/Jul/2009:03:11:20 -0700] "GET /gwidgets/alexa.xml HTTP/1.1" 200 2969 "-" "Mozilla/5.0 (compatible) Feedfetcher-Google; (+http://www.google.com/feedfetcher.html)"
65.55.208.186 - - [21/Jul/2009:03:11:35 -0700] "GET /gallery/main.php?g2_itemId=14915 HTTP/1.1" 200 7994 "-" "msnbot/1.1 (+http://search.msn.com/msnbot.htm)"
74.125.74.193 - - [21/Jul/2009:03:11:38 -0700] "GET /gadgets/adpowers/AlexaRank/g.xml HTTP/1.1" 200 3164 "-" "Mozilla/5.0 (compatible) Feedfetcher-Google; (+http://www.google.com/feedfetcher.html)"
74.125.74.193 - - [21/Jul/2009:03:11:39 -0700] "GET /gadgets/adpowers/AlexaRank/ALL_ALL.xml HTTP/1.1" 200 1160 "-" "Mozilla/5.0 (compatible) Feedfetcher-Google; (+http://www.google.com/feedfetcher.html)"
74.125.74.193 - - [21/Jul/2009:03:11:40 -0700] "GET /gadgets/adpowers/AlexaRank/ja_ALL.xml HTTP/1.1" 200 1264 "-" "Mozilla/5.0 (compatible) Feedfetcher-Google; (+http://www.google.com/feedfetcher.html)"
66.249.67.3 - - [21/Jul/2009:03:11:50 -0700] "GET /gallery/main.php?g2_itemId=26358&g2_highlightId=26407 HTTP/1.1" 302 5 "-" "Mozilla/5.0 (compatible; Googlebot/2.1; +http://www.google.com/bot.html)"
72.30.142.87 - - [21/Jul/2009:03:11:51 -0700] "GET /?post=232 HTTP/1.0" 200 5306 "-" "Mozilla/5.0 (compatible; Yahoo! Slurp/3.0; http://help.yahoo.com/help/us/ysearch/slurp)"
66.249.67.3 - - [21/Jul/2009:03:12:57 -0700] "GET /gallery/main.php?g2_view=search.SearchScan&g2_form%5BuseDefaultSettings%5D=1&g2_return=%2Fgallery%2Fmain.php%3Fg2_view%3Dkeyalbum.KeywordAlbum%26g2_keyword%3Ddrill%2Bteam&g2_returnName=keyword+album HTTP/1.1" 200 6360 "-" "Mozilla/5.0 (compatible; Googlebot/2.1; +http://www.google.com/bot.html)"
122.160.162.2 - - [21/Jul/2009:03:12:59 -0700] "GET /rss.pl HTTP/1.0" 200 35867 "-" "Mozilla/4.0 (compatible; MSIE 7.0; Windows NT 6.0; Trident/4.0; SLCC1; .NET CLR 2.0.50727; .NET CLR 3.5.21022; InfoPath.2; .NET CLR 3.5.30729; .NET CLR 3.0.30618; OfficeLiveConnector.1.3; OfficeLivePatch.1.3; MSOffice 12)"
64.233.172.17 - - [21/Jul/2009:03:13:01 -0700] "GET /gadgets/Prider/90sRockedPodcast/g.xml HTTP/1.1" 200 1601 "-" "Mozilla/5.0 (compatible) Feedfetcher-Google; (+http://www.google.com/feedfetcher.html)"
74.125.75.17 - - [21/Jul/2009:03:13:12 -0700] "GET /gadgets/Prider/90sRockedPodcast/g.xml HTTP/1.1" 200 1601 "-" "Mozilla/5.0 (compatible) Feedfetcher-Google; (+http://www.google.com/feedfetcher.html)"
72.30.142.87 - - [21/Jul/2009:03:13:25 -0700] "GET /gallery/main.php?g2_itemId=14942 HTTP/1.0" 200 8081 "-" "Mozilla/5.0 (compatible; Yahoo! Slurp/3.0; http://help.yahoo.com/help/us/ysearch/slurp)"
72.30.142.87 - - [21/Jul/2009:03:13:37 -0700] "GET /gallery/modules/icons/iconpacks/paularmstrongdesigns/icons.css HTTP/1.0" 304 - "http://example.org/gallery/main.php?g2_itemId=14942" "Mozilla/5.0 (compatible; Yahoo! Slurp/3.0; http://help.yahoo.com/help/us/ysearch/slurp)"
74.125.75.17 - - [21/Jul/2009:03:13:57 -0700] "GET /gwidgets/alexa.xml HTTP/1.1" 200 2969 "-" "Mozilla/5.0 (compatible) Feedfetcher-Google; (+http://www.google.com/feedfetcher.html)"
65.55.208.186 - - [21/Jul/2009:03:14:03 -0700] "GET /gallery/main.php?g2_itemId=3678 HTTP/1.1" 200 8028 "-" "msnbot/1.1 (+http://search.msn.com/msnbot.htm)"
66.249.67.3 - - [21/Jul/2009:03:14:03 -0700] "GET /gallery/main.php?g2_view=core.UserAdmin&g2_subView=core.UserLogin&g2_return=%2Fgallery%2Fmain.php%3Fg2_itemId%3D22460%26g2_page%3D20&g2_returnName=album HTTP/1.1" 200 4049 "-" "Mozilla/5.0 (compatible; Googlebot/2.1; +http://www.google.com/bot.html)"
74.125.75.17 - - [21/Jul/2009:03:14:07 -0700] "GET /gadgets/adpowers/AlexaRank/ALL_ALL.xml HTTP/1.1" 200 1160 "-" "FeedFetcher-Google; (+http://www.google.com/feedfetcher.html)"
64.233.172.17 - - [21/Jul/2009:03:14:08 -0700] "GET /gadgets/adpowers/AlexaRank/g.xml HTTP/1.1" 200 3164 "-" "FeedFetcher-Google; (+http://www.google.com/feedfetcher.html)"
64.233.172.17 - - [21/Jul/2009:03:14:08 -0700] "GET /gadgets/adpowers/AlexaRank/g.xml HTTP/1.1" 200 3164 "-" "Mozilla/5.0 (compatible) Feedfetcher-Google; (+http://www.google.com/feedfetcher.html)"
64.233.172.17 - - [21/Jul/2009:03:14:09 -0700] "GET /gadgets/adpowers/AlexaRank/ALL_ALL.xml HTTP/1.1" 200 1160 "-" "Mozilla/5.0 (compatible) Feedfetcher-Google; (+http://www.google.com/feedfetcher.html)"
72.14.193.68 - - [21/Jul/2009:03:14:59 -0700] "GET /gadgets/adpowers/AlexaRank/g.xml HTTP/1.1" 200 3164 "-" "Mozilla/5.0 (compatible) Feedfetcher-Google; (+http://www.google.com/feedfetcher.html)"
72.14.193.68 - - [21/Jul/2009:03:14:59 -0700] "GET /gadgets/adpowers/AlexaRank/ALL_ALL.xml HTTP/1.1" 200 1160 "-" "Mozilla/5.0 (compatible) Feedfetcher-Google; (+http://www.google.com/feedfetcher.html)"
122.160.162.2 - - [21/Jul/2009:03:15:12 -0700] "GET /rss.pl HTTP/1.0" 200 35867 "-" "Mozilla/4.0 (compatible; MSIE 7.0; Windows NT 6.0; Trident/4.0; SLCC1; .NET CLR 2.0.50727; .NET CLR 3.5.21022; InfoPath.2; .NET CLR 3.5.30729; .NET CLR 3.0.30618; OfficeLiveConnector.1.3; OfficeLivePatch.1.3; MSOffice 12)"
66.249.67.3 - - [21/Jul/2009:03:15:12 -0700] "GET /gallery/main.php?g2_itemId=28167&g2_page=1 HTTP/1.1" 200 19644 "-" "Mozilla/5.0 (compatible; Googlebot/2.1; +http://www.google.com/bot.html)"
74.125.16.65 - - [21/Jul/2009:03:15:49 -0700] "GET /gadgets/adpowers/AlexaRank/g.xml HTTP/1.1" 200 3164 "-" "Mozilla/5.0 (compatible) Feedfetcher-Google; (+http://www.google.com/feedfetcher.html)"
74.125.16.65 - - [21/Jul/2009:03:15:50 -0700] "GET /gadgets/adpowers/AlexaRank/ALL_ALL.xml HTTP/1.1" 200 1160 "-" "Mozilla/5.0 (compatible) Feedfetcher-Google; (+http://www.google.com/feedfetcher.html)"
74.125.16.65 - - [21/Jul/2009:03:15:50 -0700] "GET /gadgets/adpowers/AlexaRank/ALL_ALL.xml HTTP/1.1" 200 1160 "-" "Mozilla/5.0 (compatible) Feedfetcher-Google; (+http://www.google.com/feedfetcher.html)"
66.249.67.3 - - [21/Jul/2009:03:15:55 -0700] "GET /gallery/main.php?g2_controller=exif.SwitchDetailMode&g2_mode=detailed&g2_return=%2Fgallery%2Fmain.php%3Fg2_itemId%3D5112&g2_returnName=photo HTTP/1.1" 302 5 "-" "Mozilla/5.0 (compatible; Googlebot/2.1; +http://www.google.com/bot.html)"
65.55.208.188 - - [21/Jul/2009:03:15:57 -0700] "GET /gallery/main.php?g2_itemId=685&g2_fromNavId=x19bbcee4 HTTP/1.1" 200 19275 "-" "msnbot/1.1 (+http://search.msn.com/msnbot.htm)"
66.249.67.3 - - [21/Jul/2009:03:15:59 -0700] "GET /gallery/main.php?g2_itemId=5112&g2_fromNavId=x770576de HTTP/1.1" 200 7470 "-" "Mozilla/5.0 (compatible; Googlebot/2.1; +http://www.google.com/bot.html)"
66.249.67.3 - - [21/Jul/2009:03:16:17 -0700] "GET /gallery/main.php?g2_view=search.SearchScan&g2_form%5BuseDefaultSettings%5D=1&g2_return=%2Fgallery%2Fmain.php%3Fg2_view%3Dcomment.ShowAllComments%26g2_itemId%3D27299&g2_returnName=show+comments HTTP/1.1" 200 6360 "-" "Mozilla/5.0 (compatible; Googlebot/2.1; +http://www.google.com/bot.html)"
74.125.16.65 - - [21/Jul/2009:03:16:21 -0700] "GET /gwidgets/alexa.xml HTTP/1.1" 200 2969 "-" "Mozilla/5.0 (compatible) Feedfetcher-Google; (+http://www.google.com/feedfetcher.html)"
65.55.106.136 - - [21/Jul/2009:03:16:31 -0700] "GET /gallery/main.php?g2_itemId=32663 HTTP/1.1" 200 7013 "-" "msnbot/2.0b (+http://search.msn.com/msnbot.htm)"
75.101.247.128 - - [21/Jul/2009:03:16:52 -0700] "GET /rss.pl HTTP/1.1" 200 35942 "-" "PostRank/2.0 (postrank.com; 1 subscribers)"
66.249.67.87 - - [21/Jul/2009:03:17:07 -0700] "GET /gallery/main.php?g2_view=search.SearchScan&g2_form%5BuseDefaultSettings%5D=1&g2_return=%2Fgallery%2Fmain.php%3Fg2_itemId%3D16378%26g2_imageViewsIndex%3D1&g2_returnName=photo HTTP/1.1" 200 6360 "-" "Mozilla/5.0 (compatible; Googlebot/2.1; +http://www.google.com/bot.html)"
66.249.67.87 - - [21/Jul/2009:03:17:10 -0700] "GET /gallery/main.php?g2_itemId=3304&g2_imageViewsIndex=1 HTTP/1.1" 200 8224 "-" "Mozilla/5.0 (compatible; Googlebot/2.1; +http://www.google.com/bot.html)"
66.249.67.87 - - [21/Jul/2009:03:17:13 -0700] "GET /gallery/main.php?g2_view=core.UserAdmin&g2_subView=core.UserLogin&g2_return=%2Fgallery%2Fmain.php%3Fg2_itemId%3D16378%26g2_imageViewsIndex%3D1&g2_returnName=photo HTTP/1.1" 200 4079 "-" "Mozilla/5.0 (compatible; Googlebot/2.1; +http://www.google.com/bot.html)"
74.125.74.193 - - [21/Jul/2009:03:17:13 -0700] "GET /gwidgets/alexa.xml HTTP/1.1" 200 2969 "-" "Mozilla/5.0 (compatible) Feedfetcher-Google; (+http://www.google.com/feedfetcher.html)"
66.249.67.87 - - [21/Jul/2009:03:17:15 -0700] "GET /gallery/main.php?g2_controller=exif.SwitchDetailMode&g2_mode=detailed&g2_return=%2Fgallery%2Fmain.php%3Fg2_itemId%3D16378%26g2_imageViewsIndex%3D1&g2_returnName=photo HTTP/1.1" 302 5 "-" "Mozilla/5.0 (compatible; Googlebot/2.1; +http://www.google.com/bot.html)"
66.249.67.87 - - [21/Jul/2009:03:17:19 -0700] "GET /gallery/main.php?g2_itemId=16378&g2_imageViewsIndex=1&g2_fromNavId=x9cf3f395 HTTP/1.1" 200 8293 "-" "Mozilla/5.0 (compatible; Googlebot/2.1; +http://www.google.com/bot.html)"
66.249.67.3 - - [21/Jul/2009:03:17:24 -0700] "GET /gallery/main.php?g2_itemId=22581 HTTP/1.1" 200 7197 "-" "Mozilla/5.0 (compatible; Googlebot/2.1; +http://www.google.com/bot.html)"
122.160.162.2 - - [21/Jul/2009:03:17:26 -0700] "GET /rss.pl HTTP/1.0" 200 35867 "-" "Mozilla/4.0 (compatible; MSIE 7.0; Windows NT 6.0; Trident/4.0; SLCC1; .NET CLR 2.0.50727; .NET CLR 3.5.21022; InfoPath.2; .NET CLR 3.5.30729; .NET CLR 3.0.30618; OfficeLiveConnector.1.3; OfficeLivePatch.1.3; MSOffice 12)"
67.183.157.181 - - [21/Jul/2009:03:17:35 -0700] "GET /rss.pl HTTP/1.1" 200 35942 "-" "Mozilla/5.0 (Windows; U; Windows NT 6.0; en-US; rv:1.8.1.22) Gecko/20090605 Thunderbird/2.0.0.22"
66.249.67.3 - - [21/Jul/2009:03:18:30 -0700] "GET /gallery/main.php?g2_view=core.UserAdmin&g2_subView=core.UserLogin&g2_return=%2Fgallery%2Fmain.php%3Fg2_view%3Dcomment.ShowAllComments%26g2_itemId%3D27299&g2_returnName=show+comments HTTP/1.1" 200 4121 "-" "Mozilla/5.0 (compatible; Googlebot/2.1; +http://www.google.com/bot.html)"
64.233.172.17 - - [21/Jul/2009:03:18:32 -0700] "GET /gwidgets/alexa.xml HTTP/1.1" 200 2969 "-" "Mozilla/5.0 (compatible) Feedfetcher-Google; (+http://www.google.com/feedfetcher.html)"
72.14.192.65 - - [21/Jul/2009:03:19:18 -0700] "GET /gwidgets/alexa.xml HTTP/1.1" 200 2969 "-" "Mozilla/5.0 (compatible) Feedfetcher-Google; (+http://www.google.com/feedfetcher.html)"
66.249.67.3 - - [21/Jul/2009:03:19:37 -0700] "GET /gallery/main.php?g2_itemId=25117 HTTP/1.1" 200 7982 "-" "Mozilla/5.0 (compatible; Googlebot/2.1; +http://www.google.com/bot.html)"
122.160.162.2 - - [21/Jul/2009:03:19:40 -0700] "GET /rss.pl HTTP/1.0" 200 35867 "-" "Mozilla/4.0 (compatible; MSIE 7.0; Windows NT 6.0; Trident/4.0; SLCC1; .NET CLR 2.0.50727; .NET CLR 3.5.21022; InfoPath.2; .NET CLR 3.5.30729; .NET CLR 3.0.30618; OfficeLiveConnector.1.3; OfficeLivePatch.1.3; MSOffice 12)"
74.125.74.193 - - [21/Jul/2009:03:20:01 -0700] "GET /gadgets/adpowers/AlexaRank/g.xml HTTP/1.1" 200 3164 "-" "Mozilla/5.0 (compatible) Feedfetcher-Google; (+http://www.google.com/feedfetcher.html)"
74.125.74.193 - - [21/Jul/2009:03:20:02 -0700] "GET /gadgets/adpowers/AlexaRank/ALL_ALL.xml HTTP/1.1" 200 1160 "-" "Mozilla/5.0 (compatible) Feedfetcher-Google; (+http://www.google.com/feedfetcher.html)"
74.125.74.193 - - [21/Jul/2009:03:20:03 -0700] "GET /gadgets/adpowers/AlexaRank/ja_ALL.xml HTTP/1.1" 200 1264 "-" "Mozilla/5.0 (compatible) Feedfetcher-Google; (+http://www.google.com/feedfetcher.html)"
66.249.67.3 - - [21/Jul/2009:03:20:14 -0700] "GET /gallery/main.php?g2_view=core.DownloadItem&g2_itemId=10759&g2_serialNumber=2 HTTP/1.1" 200 68629 "-" "Googlebot-Image/1.0"
74.125.16.65 - - [21/Jul/2009:03:20:34 -0700] "GET /gadgets/adpowers/AlexaRank/ALL_ALL.xml HTTP/1.1" 200 1160 "-" "FeedFetcher-Google; (+http://www.google.com/feedfetcher.html)"
66.249.67.87 - - [21/Jul/2009:03:20:43 -0700] "GET /gallery/main.php?g2_itemId=3228&g2_highlightId=3289 HTTP/1.1" 302 5 "-" "Mozilla/5.0 (compatible; Googlebot/2.1; +http://www.google.com/bot.html)"
66.249.67.3 - - [21/Jul/2009:03:20:47 -0700] "GET /gallery/main.php?g2_itemId=25063 HTTP/1.1" 200 7982 "-" "Mozilla/5.0 (compatible; Googlebot/2.1; +http://www.google.com/bot.html)"
72.14.193.68 - - [21/Jul/2009:03:20:50 -0700] "GET /gwidgets/alexa.xml HTTP/1.1" 200 2969 "-" "FeedFetcher-Google; (+http://www.google.com/feedfetcher.html)"
72.14.193.68 - - [21/Jul/2009:03:20:51 -0700] "GET /gwidgets/alexa.xml HTTP/1.1" 200 2969 "-" "Mozilla/5.0 (compatible) Feedfetcher-Google; (+http://www.google.com/feedfetcher.html)"
65.55.107.179 - - [21/Jul/2009:03:21:02 -0700] "GET /gallery/main.php?g2_itemId=3301 HTTP/1.1" 200 8046 "-" "msnbot/2.0b (+http://search.msn.com/msnbot.htm)"
65.55.107.180 - - [21/Jul/2009:03:21:12 -0700] "GET /gallery/main.php?g2_view=comment.ShowAllComments&g2_itemId=33430&g2_return=%2Fgallery%2Fmain.php%3Fg2_itemId%3D33430&g2_returnName=photo HTTP/1.1" 200 4653 "-" "msnbot/2.0b (+http://search.msn.com/msnbot.htm)"
65.55.208.186 - - [21/Jul/2009:03:21:27 -0700] "GET /gwidgets/rapidshare-upload.html HTTP/1.1" 304 - "-" "msnbot/1.1 (+http://search.msn.com/msnbot.htm)"
65.55.208.186 - - [21/Jul/2009:03:21:27 -0700] "GET /gwidgets/atomic-mable.html HTTP/1.1" 304 - "-" "msnbot/1.1 (+http://search.msn.com/msnbot.htm)"
66.249.67.3 - - [21/Jul/2009:03:21:50 -0700] "GET /gallery/main.php?g2_view=search.SearchScan&g2_form%5BuseDefaultSettings%5D=1&g2_return=%2Fgallery%2Fmain.php%3Fg2_itemId%3D23721&g2_returnName=photo HTTP/1.1" 200 6360 "-" "Mozilla/5.0 (compatible; Googlebot/2.1; +http://www.google.com/bot.html)"
122.160.162.2 - - [21/Jul/2009:03:21:51 -0700] "GET /rss.pl HTTP/1.0" 200 35867 "-" "Mozilla/4.0 (compatible; MSIE 7.0; Windows NT 6.0; Trident/4.0; SLCC1; .NET CLR 2.0.50727; .NET CLR 3.5.21022; InfoPath.2; .NET CLR 3.5.30729; .NET CLR 3.0.30618; OfficeLiveConnector.1.3; OfficeLivePatch.1.3; MSOffice 12)"
72.30.142.87 - - [21/Jul/2009:03:22:09 -0700] "GET /?post=169 HTTP/1.0" 200 6544 "-" "Mozilla/5.0 (compatible; Yahoo! Slurp/3.0; http://help.yahoo.com/help/us/ysearch/slurp)"
65.55.106.117 - - [21/Jul/2009:03:22:46 -0700] "GET /gallery/main.php?g2_view=core.UserAdmin&g2_subView=core.UserLogin&g2_return=%2Fgallery%2Fmain.php%3Fg2_itemId%3D2954&g2_returnName=photo HTTP/1.1" 200 4001 "-" "msnbot/2.0b (+http://search.msn.com/msnbot.htm)"
66.249.67.3 - - [21/Jul/2009:03:22:55 -0700] "GET /gallery/main.php?g2_controller=exif.SwitchDetailMode&g2_mode=detailed&g2_return=%2Fgallery%2Fmain.php%3Fg2_itemId%3D30092&g2_returnName=photo HTTP/1.1" 302 5 "-" "Mozilla/5.0 (compatible; Googlebot/2.1; +http://www.google.com/bot.html)"
66.249.67.3 - - [21/Jul/2009:03:23:00 -0700] "GET /gallery/main.php?g2_itemId=30092&g2_fromNavId=x3a88bd60 HTTP/1.1" 200 8142 "-" "Mozilla/5.0 (compatible; Googlebot/2.1; +http://www.google.com/bot.html)"
74.125.16.65 - - [21/Jul/2009:03:23:01 -0700] "GET /gwidgets/alexa.xml HTTP/1.1" 200 2969 "-" "Mozilla/5.0 (compatible) Feedfetcher-Google; (+http://www.google.com/feedfetcher.html)"
74.125.16.65 - - [21/Jul/2009:03:23:32 -0700] "GET /gadgets/adpowers/AlexaRank/g.xml HTTP/1.1" 200 3164 "-" "FeedFetcher-Google; (+http://www.google.com/feedfetcher.html)"
74.125.16.65 - - [21/Jul/2009:03:23:33 -0700] "GET /gadgets/adpowers/AlexaRank/g.xml HTTP/1.1" 200 3164 "-" "Mozilla/5.0 (compatible) Feedfetcher-Google; (+http://www.google.com/feedfetcher.html)"
74.125.16.65 - - [21/Jul/2009:03:23:34 -0700] "GET /gadgets/adpowers/AlexaRank/ALL_ALL.xml HTTP/1.1" 200 1160 "-" "Mozilla/5.0 (compatible) Feedfetcher-Google; (+http://www.google.com/feedfetcher.html)"
74.125.16.65 - - [21/Jul/2009:03:23:49 -0700] "GET /favicon.ico HTTP/1.1" 404 146 "-" "-"
66.249.67.3 - - [21/Jul/2009:03:24:03 -0700] "GET /gallery/main.php?g2_view=search.SearchScan&g2_form%5BuseDefaultSettings%5D=1&g2_return=%2Fgallery%2Fmain.php%3Fg2_itemId%3D30092&g2_returnName=photo HTTP/1.1" 200 6360 "-" "Mozilla/5.0 (compatible; Googlebot/2.1; +http://www.google.com/bot.html)"
122.160.162.2 - - [21/Jul/2009:03:24:04 -0700] "GET /rss.pl HTTP/1.0" 200 35867 "-" "Mozilla/4.0 (compatible; MSIE 7.0; Windows NT 6.0; Trident/4.0; SLCC1; .NET CLR 2.0.50727; .NET CLR 3.5.21022; InfoPath.2; .NET CLR 3.5.30729; .NET CLR 3.0.30618; OfficeLiveConnector.1.3; OfficeLivePatch.1.3; MSOffice 12)"
65.55.106.136 - - [21/Jul/2009:03:24:28 -0700] "GET /gallery/main.php?g2_itemId=3867&g2_imageViewsIndex=1 HTTP/1.1" 200 8376 "-" "msnbot/2.0b (+http://search.msn.com/msnbot.htm)"
74.125.74.193 - - [21/Jul/2009:03:25:04 -0700] "GET /gadgets/adpowers/AlexaRank/g.xml HTTP/1.1" 200 3164 "-" "Mozilla/5.0 (compatible) Feedfetcher-Google; (+http://www.google.com/feedfetcher.html)"
74.125.74.193 - - [21/Jul/2009:03:25:05 -0700] "GET /gadgets/adpowers/AlexaRank/ALL_ALL.xml HTTP/1.1" 200 1160 "-" "Mozilla/5.0 (compatible) Feedfetcher-Google; (+http://www.google.com/feedfetcher.html)"
74.125.74.193 - - [21/Jul/2009:03:25:06 -0700] "GET /gadgets/adpowers/AlexaRank/ja_ALL.xml HTTP/1.1" 200 1264 "-" "Mozilla/5.0 (compatible) Feedfetcher-Google; (+http://www.google.com/feedfetcher.html)"
66.249.67.3 - - [21/Jul/2009:03:25:10 -0700] "GET /gallery/main.php?g2_view=comment.ShowAllComments&g2_itemId=23721&g2_return=%2Fgallery%2Fmain.php%3Fg2_itemId%3D23721&g2_returnName=photo HTTP/1.1" 200 5106 "-" "Mozilla/5.0 (compatible; Googlebot/2.1; +http://www.google.com/bot.html)"
72.14.193.68 - - [21/Jul/2009:03:25:11 -0700] "GET /gadgets/adpowers/AlexaRank/g.xml HTTP/1.1" 200 3164 "-" "FeedFetcher-Google; (+http://www.google.com/feedfetcher.html)"
65.55.107.181 - - [21/Jul/2009:03:25:23 -0700] "GET /gallery/main.php?g2_itemId=3852 HTTP/1.1" 200 8244 "-" "msnbot/2.0b (+http://search.msn.com/msnbot.htm)"
66.249.67.3 - - [21/Jul/2009:03:25:31 -0700] "GET /gallery/main.php?g2_controller=exif.SwitchDetailMode&g2_mode=detailed&g2_return=%2Fgallery%2Fmain.php%3Fg2_itemId%3D12468&g2_returnName=photo HTTP/1.1" 302 5 "-" "Mozilla/5.0 (compatible; Googlebot/2.1; +http://www.google.com/bot.html)"
66.249.67.3 - - [21/Jul/2009:03:25:35 -0700] "GET /gallery/main.php?g2_itemId=12468&g2_fromNavId=x37677b4f HTTP/1.1" 200 8153 "-" "Mozilla/5.0 (compatible; Googlebot/2.1; +http://www.google.com/bot.html)"
66.249.67.3 - - [21/Jul/2009:03:25:37 -0700] "GET /gallery/main.php?g2_view=comment.ShowAllComments&g2_itemId=19568&g2_return=%2Fgallery%2Fmain.php%3Fg2_itemId%3D19568&g2_returnName=photo HTTP/1.1" 200 4965 "-" "Mozilla/5.0 (compatible; Googlebot/2.1; +http://www.google.com/bot.html)"
220.181.7.38 - - [21/Jul/2009:03:25:55 -0700] "GET /rss.pl HTTP/1.1" 200 35942 "-" "Baiduspider+(+http://www.baidu.com/search/spider.htm)"
122.160.162.2 - - [21/Jul/2009:03:26:03 -0700] "GET /rss.pl HTTP/1.0" 200 35867 "-" "Mozilla/4.0 (compatible; MSIE 7.0; Windows NT 6.0; Trident/4.0; SLCC1; .NET CLR 2.0.50727; .NET CLR 3.5.21022; InfoPath.2; .NET CLR 3.5.30729; .NET CLR 3.0.30618; OfficeLiveConnector.1.3; OfficeLivePatch.1.3; MSOffice 12)"
64.233.172.17 - - [21/Jul/2009:03:26:03 -0700] "GET /gwidgets/alexa.xml HTTP/1.1" 200 2969 "-" "FeedFetcher-Google; (+http://www.google.com/feedfetcher.html)"
66.249.67.3 - - [21/Jul/2009:03:26:16 -0700] "GET /gallery/main.php?g2_view=core.UserAdmin&g2_subView=core.UserLogin&g2_return=%2Fgallery%2Fmain.php%3Fg2_itemId%3D30092&g2_returnName=photo HTTP/1.1" 200 4004 "-" "Mozilla/5.0 (compatible; Googlebot/2.1; +http://www.google.com/bot.html)"
64.81.161.15 - - [21/Jul/2009:03:26:26 -0700] "GET /rss.pl HTTP/1.1" 200 35942 "-" "NetNewsWire/3.1.7 (Mac OS X; http://www.newsgator.com/Individuals/NetNewsWire/)"
64.81.161.15 - - [21/Jul/2009:03:26:26 -0700] "GET /rss.pl HTTP/1.1" 200 35942 "-" "NetNewsWire/3.1.7 (Mac OS X; http://www.newsgator.com/Individuals/NetNewsWire/)"
94.97.219.42 - - [21/Jul/2009:03:26:37 -0700] "GET /gnucache/index.php?get=1&net=gnutella&client=GNUC&version=1.1.1.6 HTTP/1.1" 404 146 "-" "Mozilla/4.0"
66.249.67.3 - - [21/Jul/2009:03:27:22 -0700] "GET /gallery/main.php?g2_view=core.UserAdmin&g2_subView=core.UserLogin&g2_return=%2Fgallery%2Fmain.php%3Fg2_itemId%3D23721&g2_returnName=photo HTTP/1.1" 200 4004 "-" "Mozilla/5.0 (compatible; Googlebot/2.1; +http://www.google.com/bot.html)"
65.55.208.190 - - [21/Jul/2009:03:27:28 -0700] "GET /gallery/main.php?g2_view=core.UserAdmin&g2_subView=core.UserLogin&g2_return=%2Fgallery%2Fmain.php%3Fg2_itemId%3D725&g2_returnName=photo HTTP/1.1" 200 3998 "-" "msnbot/1.1 (+http://search.msn.com/msnbot.htm)"
72.30.142.87 - - [21/Jul/2009:03:27:34 -0700] "GET /?post=198 HTTP/1.0" 200 5776 "-" "Mozilla/5.0 (compatible; Yahoo! Slurp/3.0; http://help.yahoo.com/help/us/ysearch/slurp)"
64.233.172.17 - - [21/Jul/2009:03:27:43 -0700] "GET /gwidgets/alexa.xml HTTP/1.1" 200 2969 "-" "Mozilla/5.0 (compatible) Feedfetcher-Google; (+http://www.google.com/feedfetcher.html)"
65.55.106.144 - - [21/Jul/2009:03:27:50 -0700] "GET /gallery/main.php?g2_itemId=4050 HTTP/1.1" 200 8339 "-" "msnbot/2.0b (+http://search.msn.com/msnbot.htm)"
65.55.208.187 - - [21/Jul/2009:03:28:04 -0700] "GET /gallery/main.php?g2_view=core.UserAdmin&g2_subView=core.UserLogin&g2_return=%2Fgallery%2Fmain.php%3Fg2_itemId%3D33357&g2_returnName=photo HTTP/1.1" 200 4004 "-" "msnbot/1.1 (+http://search.msn.com/msnbot.htm)"
65.55.208.186 - - [21/Jul/2009:03:28:09 -0700] "GET /gallery/main.php?g2_itemId=4250 HTTP/1.1" 200 7229 "-" "msnbot/1.1 (+http://search.msn.com/msnbot.htm)"
122.160.162.2 - - [21/Jul/2009:03:28:11 -0700] "GET /rss.pl HTTP/1.0" 200 35867 "-" "Mozilla/4.0 (compatible; MSIE 7.0; Windows NT 6.0; Trident/4.0; SLCC1; .NET CLR 2.0.50727; .NET CLR 3.5.21022; InfoPath.2; .NET CLR 3.5.30729; .NET CLR 3.0.30618; OfficeLiveConnector.1.3; OfficeLivePatch.1.3; MSOffice 12)"
74.125.75.17 - - [21/Jul/2009:03:28:11 -0700] "GET /gwidgets/alexa.xml HTTP/1.1" 200 2969 "-" "FeedFetcher-Google; (+http://www.google.com/feedfetcher.html)"
72.14.193.68 - - [21/Jul/2009:03:28:12 -0700] "GET /gwidgets/alexa.xml HTTP/1.1" 200 2969 "-" "Mozilla/5.0 (compatible) Feedfetcher-Google; (+http://www.google.com/feedfetcher.html)"
74.125.74.193 - - [21/Jul/2009:03:28:19 -0700] "GET /gwidgets/alexa.xml HTTP/1.1" 200 2969 "-" "Mozilla/5.0 (compatible) Feedfetcher-Google; (+http://www.google.com/feedfetcher.html)"
66.249.67.3 - - [21/Jul/2009:03:28:29 -0700] "GET /gallery/main.php?g2_itemId=30073&g2_highlightId=30092 HTTP/1.1" 302 5 "-" "Mozilla/5.0 (compatible; Googlebot/2.1; +http://www.google.com/bot.html)"
66.249.67.3 - - [21/Jul/2009:03:28:33 -0700] "GET /gallery/main.php?g2_itemId=30073 HTTP/1.1" 200 18840 "-" "Mozilla/5.0 (compatible; Googlebot/2.1; +http://www.google.com/bot.html)"
65.55.208.188 - - [21/Jul/2009:03:28:59 -0700] "GET /gallery/main.php?g2_view=search.SearchScan&g2_form%5BuseDefaultSettings%5D=1&g2_return=%2Fgallery%2Fmain.php%3Fg2_itemId%3D3340&g2_returnName=photo HTTP/1.1" 200 6360 "-" "msnbot/1.1 (+http://search.msn.com/msnbot.htm)"
72.14.192.65 - - [21/Jul/2009:03:29:26 -0700] "GET /gwidgets/alexa.xml HTTP/1.1" 200 2969 "-" "Mozilla/5.0 (compatible) Feedfetcher-Google; (+http://www.google.com/feedfetcher.html)"
65.55.110.111 - - [21/Jul/2009:03:29:31 -0700] "GET /gallery/main.php?g2_view=core.UserAdmin&g2_subView=core.UserLogin&g2_return=%2Fgallery%2Fmain.php%3Fg2_itemId%3D725&g2_returnName=photo HTTP/1.1" 200 4015 "http://www.bing.com/search?q=login" "Mozilla/4.0 (compatible;  MSIE 6.0;  Windows NT 5.1;  SLCC1;  .NET CLR 1.1.4322;  .NET CLR 2.0.50727;  .NET CLR 3.0.30729;  .NET CLR 3.5.30729;  MS-RTC LM 8)"
65.55.110.111 - - [21/Jul/2009:03:29:33 -0700] "GET /gallery/modules/icons/iconpacks/paularmstrongdesigns/icons.css HTTP/1.1" 200 8847 "http://example.org/gallery/main.php?g2_view=core.UserAdmin&g2_subView=core.UserLogin&g2_return=%2Fgallery%2Fmain.php%3Fg2_itemId%3D725&g2_returnName=photo" "Mozilla/4.0 (compatible;  MSIE 6.0;  Windows NT 5.1;  SLCC1;  .NET CLR 1.1.4322;  .NET CLR 2.0.50727;  .NET CLR 3.0.30729;  .NET CLR 3.5.30729;  MS-RTC LM 8)"
65.55.110.111 - - [21/Jul/2009:03:29:33 -0700] "GET /gallery/modules/core/data/gallery.css HTTP/1.1" 200 9535 "http://example.org/gallery/main.php?g2_view=core.UserAdmin&g2_subView=core.UserLogin&g2_return=%2Fgallery%2Fmain.php%3Fg2_itemId%3D725&g2_returnName=photo" "Mozilla/4.0 (compatible;  MSIE 6.0;  Windows NT 5.1;  SLCC1;  .NET CLR 1.1.4322;  .NET CLR 2.0.50727;  .NET CLR 3.0.30729;  .NET CLR 3.5.30729;  MS-RTC LM 8)"
65.55.110.111 - - [21/Jul/2009:03:29:33 -0700] "GET /gallery/modules/search/SearchBlock.js HTTP/1.1" 200 992 "http://example.org/gallery/main.php?g2_view=core.UserAdmin&g2_subView=core.UserLogin&g2_return=%2Fgallery%2Fmain.php%3Fg2_itemId%3D725&g2_returnName=photo" "Mozilla/4.0 (compatible;  MSIE 6.0;  Windows NT 5.1;  SLCC1;  .NET CLR 1.1.4322;  .NET CLR 2.0.50727;  .NET CLR 3.0.30729;  .NET CLR 3.5.30729;  MS-RTC LM 8)"
65.55.110.111 - - [21/Jul/2009:03:29:35 -0700] "GET /gallery/themes/matrix/theme.css HTTP/1.1" 200 12605 "http://example.org/gallery/main.php?g2_view=core.UserAdmin&g2_subView=core.UserLogin&g2_return=%2Fgallery%2Fmain.php%3Fg2_itemId%3D725&g2_returnName=photo" "Mozilla/4.0 (compatible;  MSIE 6.0;  Windows NT 5.1;  SLCC1;  .NET CLR 1.1.4322;  .NET CLR 2.0.50727;  .NET CLR 3.0.30729;  .NET CLR 3.5.30729;  MS-RTC LM 8)"
66.249.67.3 - - [21/Jul/2009:03:29:36 -0700] "GET /gallery/main.php?g2_itemId=25228 HTTP/1.1" 200 7991 "-" "Mozilla/5.0 (compatible; Googlebot/2.1; +http://www.google.com/bot.html)"
65.55.208.190 - - [21/Jul/2009:03:29:39 -0700] "GET /gallery/main.php?g2_view=comment.ShowAllComments&g2_itemId=26916&g2_return=%2Fgallery%2Fmain.php%3Fg2_itemId%3D26916%26g2_page%3D2&g2_returnName=album HTTP/1.1" 200 6434 "-" "msnbot/1.1 (+http://search.msn.com/msnbot.htm)"
74.125.75.17 - - [21/Jul/2009:03:29:41 -0700] "GET /gwidgets/alexa.xml HTTP/1.1" 200 2969 "-" "Mozilla/5.0 (compatible) Feedfetcher-Google; (+http://www.google.com/feedfetcher.html)"
72.14.194.1 - - [21/Jul/2009:03:29:53 -0700] "GET /gwidgets/alexa.xml HTTP/1.1" 200 2969 "-" "Mozilla/5.0 (compatible) Feedfetcher-Google; (+http://www.google.com/feedfetcher.html)"
66.249.67.87 - - [21/Jul/2009:03:30:20 -0700] "GET /gallery/main.php?g2_itemId=3228&g2_highlightId=3280 HTTP/1.1" 302 5 "-" "Mozilla/5.0 (compatible; Googlebot/2.1; +http://www.google.com/bot.html)"
122.160.162.2 - - [21/Jul/2009:03:30:21 -0700] "GET /rss.pl HTTP/1.0" 200 35867 "-" "Mozilla/4.0 (compatible; MSIE 7.0; Windows NT 6.0; Trident/4.0; SLCC1; .NET CLR 2.0.50727; .NET CLR 3.5.21022; InfoPath.2; .NET CLR 3.5.30729; .NET CLR 3.0.30618; OfficeLiveConnector.1.3; OfficeLivePatch.1.3; MSOffice 12)"
72.14.193.68 - - [21/Jul/2009:03:30:35 -0700] "GET /gadgets/adpowers/AlexaRank/g.xml HTTP/1.1" 200 3164 "-" "Mozilla/5.0 (compatible) Feedfetcher-Google; (+http://www.google.com/feedfetcher.html)"
72.14.193.68 - - [21/Jul/2009:03:30:36 -0700] "GET /gadgets/adpowers/AlexaRank/ALL_ALL.xml HTTP/1.1" 200 1160 "-" "Mozilla/5.0 (compatible) Feedfetcher-Google; (+http://www.google.com/feedfetcher.html)"
66.249.67.3 - - [21/Jul/2009:03:30:42 -0700] "GET /gallery/main.php?g2_view=keyalbum.KeywordAlbum&g2_keyword=Wilma&g2_highlightId=16128 HTTP/1.1" 302 5 "-" "Mozilla/5.0 (compatible; Googlebot/2.1; +http://www.google.com/bot.html)"
72.14.192.65 - - [21/Jul/2009:03:30:46 -0700] "GET /gadgets/adpowers/AlexaRank/g.xml HTTP/1.1" 200 3164 "-" "FeedFetcher-Google; (+http://www.google.com/feedfetcher.html)"
66.249.67.3 - - [21/Jul/2009:03:30:47 -0700] "GET /gallery/main.php?g2_view=keyalbum.KeywordAlbum&g2_keyword=Wilma HTTP/1.1" 200 8069 "-" "Mozilla/5.0 (compatible; Googlebot/2.1; +http://www.google.com/bot.html)"
65.55.208.184 - - [21/Jul/2009:03:30:53 -0700] "GET /robots.txt HTTP/1.1" 200 590 "-" "msnbot/1.1 (+http://search.msn.com/msnbot.htm)"
65.55.208.184 - - [21/Jul/2009:03:30:55 -0700] "GET /gallery/main.php?g2_view=keyalbum.KeywordAlbum&g2_keyword=junior+royalty&g2_highlightId=2945 HTTP/1.1" 302 5 "-" "msnbot/1.1 (+http://search.msn.com/msnbot.htm)"
72.30.142.87 - - [21/Jul/2009:03:31:14 -0700] "GET /?post=173 HTTP/1.0" 200 5916 "-" "Mozilla/5.0 (compatible; Yahoo! Slurp/3.0; http://help.yahoo.com/help/us/ysearch/slurp)"
65.55.110.17 - - [21/Jul/2009:03:31:16 -0700] "GET /gallery/main.php?g2_view=comment.ShowAllComments&g2_itemId=26916&g2_return=%2Fgallery%2Fmain.php%3Fg2_itemId%3D26916%26g2_page%3D2&g2_returnName=album HTTP/1.1" 200 6451 "http://www.bing.com/search?q=pig" "Mozilla/4.0 (compatible;  MSIE 6.0;  Windows NT 5.2;  SV1;  .NET CLR 1.1.4322;  .NET CLR 2.0.40607;  .NET CLR 3.0.30729;  .NET CLR 3.5.30729;  InfoPath.2)"
65.55.110.17 - - [21/Jul/2009:03:31:17 -0700] "GET /gallery/modules/core/data/gallery.css HTTP/1.1" 200 9535 "http://example.org/gallery/main.php?g2_view=comment.ShowAllComments&g2_itemId=26916&g2_return=%2Fgallery%2Fmain.php%3Fg2_itemId%3D26916%26g2_page%3D2&g2_returnName=album" "Mozilla/4.0 (compatible;  MSIE 6.0;  Windows NT 5.2;  SV1;  .NET CLR 1.1.4322;  .NET CLR 2.0.40607;  .NET CLR 3.0.30729;  .NET CLR 3.5.30729;  InfoPath.2)"
65.55.110.17 - - [21/Jul/2009:03:31:19 -0700] "GET /gallery/modules/rating/rating.css HTTP/1.1" 200 1355 "http://example.org/gallery/main.php?g2_view=comment.ShowAllComments&g2_itemId=26916&g2_return=%2Fgallery%2Fmain.php%3Fg2_itemId%3D26916%26g2_page%3D2&g2_returnName=album" "Mozilla/4.0 (compatible;  MSIE 6.0;  Windows NT 5.2;  SV1;  .NET CLR 1.1.4322;  .NET CLR 2.0.40607;  .NET CLR 3.0.30729;  .NET CLR 3.5.30729;  InfoPath.2)"
65.55.110.17 - - [21/Jul/2009:03:31:19 -0700] "GET /gallery/modules/icons/iconpacks/paularmstrongdesigns/icons.css HTTP/1.1" 200 8847 "http://example.org/gallery/main.php?g2_view=comment.ShowAllComments&g2_itemId=26916&g2_return=%2Fgallery%2Fmain.php%3Fg2_itemId%3D26916%26g2_page%3D2&g2_returnName=album" "Mozilla/4.0 (compatible;  MSIE 6.0;  Windows NT 5.2;  SV1;  .NET CLR 1.1.4322;  .NET CLR 2.0.40607;  .NET CLR 3.0.30729;  .NET CLR 3.5.30729;  InfoPath.2)"
65.55.110.17 - - [21/Jul/2009:03:31:19 -0700] "GET /gallery/modules/comment/comment.css HTTP/1.1" 200 154 "http://example.org/gallery/main.php?g2_view=comment.ShowAllComments&g2_itemId=26916&g2_return=%2Fgallery%2Fmain.php%3Fg2_itemId%3D26916%26g2_page%3D2&g2_returnName=album" "Mozilla/4.0 (compatible;  MSIE 6.0;  Windows NT 5.2;  SV1;  .NET CLR 1.1.4322;  .NET CLR 2.0.40607;  .NET CLR 3.0.30729;  .NET CLR 3.5.30729;  InfoPath.2)"
65.55.110.17 - - [21/Jul/2009:03:31:19 -0700] "GET /gallery/lib/yui/yahoo-min.js HTTP/1.1" 200 1419 "http://example.org/gallery/main.php?g2_view=comment.ShowAllComments&g2_itemId=26916&g2_return=%2Fgallery%2Fmain.php%3Fg2_itemId%3D26916%26g2_page%3D2&g2_returnName=album" "Mozilla/4.0 (compatible;  MSIE 6.0;  Windows NT 5.2;  SV1;  .NET CLR 1.1.4322;  .NET CLR 2.0.40607;  .NET CLR 3.0.30729;  .NET CLR 3.5.30729;  InfoPath.2)"
65.55.110.17 - - [21/Jul/2009:03:31:20 -0700] "GET /gallery/lib/yui/dom-min.js HTTP/1.1" 200 11543 "http://example.org/gallery/main.php?g2_view=comment.ShowAllComments&g2_itemId=26916&g2_return=%2Fgallery%2Fmain.php%3Fg2_itemId%3D26916%26g2_page%3D2&g2_returnName=album" "Mozilla/4.0 (compatible;  MSIE 6.0;  Windows NT 5.2;  SV1;  .NET CLR 1.1.4322;  .NET CLR 2.0.40607;  .NET CLR 3.0.30729;  .NET CLR 3.5.30729;  InfoPath.2)"
65.55.110.17 - - [21/Jul/2009:03:31:23 -0700] "GET /gallery/lib/yui/event-min.js HTTP/1.1" 200 9539 "http://example.org/gallery/main.php?g2_view=comment.ShowAllComments&g2_itemId=26916&g2_return=%2Fgallery%2Fmain.php%3Fg2_itemId%3D26916%26g2_page%3D2&g2_returnName=album" "Mozilla/4.0 (compatible;  MSIE 6.0;  Windows NT 5.2;  SV1;  .NET CLR 1.1.4322;  .NET CLR 2.0.40607;  .NET CLR 3.0.30729;  .NET CLR 3.5.30729;  InfoPath.2)"
65.55.110.17 - - [21/Jul/2009:03:31:26 -0700] "GET /gallery/lib/yui/container-min.js HTTP/1.1" 200 64509 "http://example.org/gallery/main.php?g2_view=comment.ShowAllComments&g2_itemId=26916&g2_return=%2Fgallery%2Fmain.php%3Fg2_itemId%3D26916%26g2_page%3D2&g2_returnName=album" "Mozilla/4.0 (compatible;  MSIE 6.0;  Windows NT 5.2;  SV1;  .NET CLR 1.1.4322;  .NET CLR 2.0.40607;  .NET CLR 3.0.30729;  .NET CLR 3.5.30729;  InfoPath.2)"
65.55.110.17 - - [21/Jul/2009:03:31:28 -0700] "GET /gallery/modules/search/SearchBlock.js HTTP/1.1" 200 992 "http://example.org/gallery/main.php?g2_view=comment.ShowAllComments&g2_itemId=26916&g2_return=%2Fgallery%2Fmain.php%3Fg2_itemId%3D26916%26g2_page%3D2&g2_returnName=album" "Mozilla/4.0 (compatible;  MSIE 6.0;  Windows NT 5.2;  SV1;  .NET CLR 1.1.4322;  .NET CLR 2.0.40607;  .NET CLR 3.0.30729;  .NET CLR 3.5.30729;  InfoPath.2)"
65.55.110.17 - - [21/Jul/2009:03:31:29 -0700] "GET /gallery/lib/yui/yahoo-min.js HTTP/1.1" 200 1419 "http://example.org/gallery/main.php?g2_view=comment.ShowAllComments&g2_itemId=26916&g2_return=%2Fgallery%2Fmain.php%3Fg2_itemId%3D26916%26g2_page%3D2&g2_returnName=album" "Mozilla/4.0 (compatible;  MSIE 6.0;  Windows NT 5.2;  SV1;  .NET CLR 1.1.4322;  .NET CLR 2.0.40607;  .NET CLR 3.0.30729;  .NET CLR 3.5.30729;  InfoPath.2)"
65.55.110.17 - - [21/Jul/2009:03:31:31 -0700] "GET /gallery/lib/yui/connection-min.js HTTP/1.1" 200 7959 "http://example.org/gallery/main.php?g2_view=comment.ShowAllComments&g2_itemId=26916&g2_return=%2Fgallery%2Fmain.php%3Fg2_itemId%3D26916%26g2_page%3D2&g2_returnName=album" "Mozilla/4.0 (compatible;  MSIE 6.0;  Windows NT 5.2;  SV1;  .NET CLR 1.1.4322;  .NET CLR 2.0.40607;  .NET CLR 3.0.30729;  .NET CLR 3.5.30729;  InfoPath.2)"
65.55.110.17 - - [21/Jul/2009:03:31:32 -0700] "GET /gallery/modules/rating/rating.js HTTP/1.1" 200 3066 "http://example.org/gallery/main.php?g2_view=comment.ShowAllComments&g2_itemId=26916&g2_return=%2Fgallery%2Fmain.php%3Fg2_itemId%3D26916%26g2_page%3D2&g2_returnName=album" "Mozilla/4.0 (compatible;  MSIE 6.0;  Windows NT 5.2;  SV1;  .NET CLR 1.1.4322;  .NET CLR 2.0.40607;  .NET CLR 3.0.30729;  .NET CLR 3.5.30729;  InfoPath.2)"
65.55.110.17 - - [21/Jul/2009:03:31:33 -0700] "GET /gallery/themes/matrix/theme.css HTTP/1.1" 200 12605 "http://example.org/gallery/main.php?g2_view=comment.ShowAllComments&g2_itemId=26916&g2_return=%2Fgallery%2Fmain.php%3Fg2_itemId%3D26916%26g2_page%3D2&g2_returnName=album" "Mozilla/4.0 (compatible;  MSIE 6.0;  Windows NT 5.2;  SV1;  .NET CLR 1.1.4322;  .NET CLR 2.0.40607;  .NET CLR 3.0.30729;  .NET CLR 3.5.30729;  InfoPath.2)"
65.55.110.17 - - [21/Jul/2009:03:31:43 -0700] "GET /gallery/main.php?g2_view=core.DownloadItem&g2_itemId=26959&g2_serialNumber=2 HTTP/1.1" 200 8211 "http://example.org/gallery/main.php?g2_view=comment.ShowAllComments&g2_itemId=26916&g2_return=%2Fgallery%2Fmain.php%3Fg2_itemId%3D26916%26g2_page%3D2&g2_returnName=album" "Mozilla/4.0 (compatible;  MSIE 6.0;  Windows NT 5.2;  SV1;  .NET CLR 1.1.4322;  .NET CLR 2.0.40607;  .NET CLR 3.0.30729;  .NET CLR 3.5.30729;  InfoPath.2)"
64.233.172.17 - - [21/Jul/2009:03:31:43 -0700] "GET /gadgets/adpowers/AlexaRank/g.xml HTTP/1.1" 200 3164 "-" "Mozilla/5.0 (compatible) Feedfetcher-Google; (+http://www.google.com/feedfetcher.html)"
74.125.75.17 - - [21/Jul/2009:03:31:44 -0700] "GET /gadgets/adpowers/AlexaRank/ALL_ALL.xml HTTP/1.1" 200 1160 "-" "Mozilla/5.0 (compatible) Feedfetcher-Google; (+http://www.google.com/feedfetcher.html)"
66.249.67.3 - - [21/Jul/2009:03:31:49 -0700] "GET /gallery/main.php?g2_view=core.UserAdmin&g2_subView=core.UserLogin&g2_return=%2Fgallery%2Fmain.php%3Fg2_itemId%3D33627&g2_returnName=photo HTTP/1.1" 200 4004 "-" "Mozilla/5.0 (compatible; Googlebot/2.1; +http://www.google.com/bot.html)"
72.14.193.68 - - [21/Jul/2009:03:31:50 -0700] "GET /gadgets/adpowers/AlexaRank/ALL_ALL.xml HTTP/1.1" 200 1160 "-" "FeedFetcher-Google; (+http://www.google.com/feedfetcher.html)"
65.55.110.17 - - [21/Jul/2009:03:31:50 -0700] "GET /gallery/main.php?g2_view=core.DownloadItem&g2_itemId=26960&g2_serialNumber=2 HTTP/1.1" 200 111183 "http://example.org/gallery/main.php?g2_view=comment.ShowAllComments&g2_itemId=26916&g2_return=%2Fgallery%2Fmain.php%3Fg2_itemId%3D26916%26g2_page%3D2&g2_returnName=album" "Mozilla/4.0 (compatible;  MSIE 6.0;  Windows NT 5.2;  SV1;  .NET CLR 1.1.4322;  .NET CLR 2.0.40607;  .NET CLR 3.0.30729;  .NET CLR 3.5.30729;  InfoPath.2)"
72.14.193.68 - - [21/Jul/2009:03:32:04 -0700] "GET /gadgets/adpowers/AlexaRank/de_ALL.xml HTTP/1.1" 200 1004 "-" "FeedFetcher-Google; (+http://www.google.com/feedfetcher.html)"
65.55.106.144 - - [21/Jul/2009:03:32:05 -0700] "GET /gallery/main.php?g2_itemId=28632 HTTP/1.1" 200 14595 "-" "msnbot/2.0b (+http://search.msn.com/msnbot.htm)"
122.160.162.2 - - [21/Jul/2009:03:32:34 -0700] "GET /rss.pl HTTP/1.0" 200 35867 "-" "Mozilla/4.0 (compatible; MSIE 7.0; Windows NT 6.0; Trident/4.0; SLCC1; .NET CLR 2.0.50727; .NET CLR 3.5.21022; InfoPath.2; .NET CLR 3.5.30729; .NET CLR 3.0.30618; OfficeLiveConnector.1.3; OfficeLivePatch.1.3; MSOffice 12)"
66.249.67.3 - - [21/Jul/2009:03:32:55 -0700] "GET /gallery/main.php?g2_view=search.SearchScan&g2_form%5BuseDefaultSettings%5D=1&g2_return=%2Fgallery%2Fmain.php%3Fg2_itemId%3D33627&g2_returnName=photo HTTP/1.1" 200 6360 "-" "Mozilla/5.0 (compatible; Googlebot/2.1; +http://www.google.com/bot.html)"
64.233.173.2 - - [21/Jul/2009:03:33:58 -0700] "GET /gwidgets/alexa.xml HTTP/1.1" 200 2969 "-" "Mozilla/5.0 (compatible) Feedfetcher-Google; (+http://www.google.com/feedfetcher.html)"
66.249.67.3 - - [21/Jul/2009:03:34:02 -0700] "GET /gallery/main.php?g2_itemId=33560&g2_highlightId=33627 HTTP/1.1" 302 5 "-" "Mozilla/5.0 (compatible; Googlebot/2.1; +http://www.google.com/bot.html)"
66.249.67.3 - - [21/Jul/2009:03:34:06 -0700] "GET /gallery/main.php?g2_itemId=33560 HTTP/1.1" 200 12447 "-" "Mozilla/5.0 (compatible; Googlebot/2.1; +http://www.google.com/bot.html)"
72.14.193.68 - - [21/Jul/2009:03:34:13 -0700] "GET /gwidgets/alexa.xml HTTP/1.1" 200 2969 "-" "Mozilla/5.0 (compatible) Feedfetcher-Google; (+http://www.google.com/feedfetcher.html)"
65.55.106.168 - - [21/Jul/2009:03:34:17 -0700] "GET /gallery/main.php?g2_view=comment.ShowAllComments&g2_itemId=3885&g2_return=%2Fgallery%2Fmain.php%3Fg2_itemId%3D3885&g2_returnName=photo HTTP/1.1" 200 4945 "-" "msnbot/2.0b (+http://search.msn.com/msnbot.htm)"
74.125.16.65 - - [21/Jul/2009:03:34:29 -0700] "GET /gwidgets/alexa.xml HTTP/1.1" 200 2969 "-" "Mozilla/5.0 (compatible) Feedfetcher-Google; (+http://www.google.com/feedfetcher.html)"
122.160.162.2 - - [21/Jul/2009:03:34:41 -0700] "GET /rss.pl HTTP/1.0" 200 35867 "-" "Mozilla/4.0 (compatible; MSIE 7.0; Windows NT 6.0; Trident/4.0; SLCC1; .NET CLR 2.0.50727; .NET CLR 3.5.21022; InfoPath.2; .NET CLR 3.5.30729; .NET CLR 3.0.30618; OfficeLiveConnector.1.3; OfficeLivePatch.1.3; MSOffice 12)"
65.55.106.112 - - [21/Jul/2009:03:34:50 -0700] "GET /gallery/main.php?g2_itemId=26068 HTTP/1.1" 200 17056 "-" "msnbot/2.0b (+http://search.msn.com/msnbot.htm)"
66.249.67.3 - - [21/Jul/2009:03:35:07 -0700] "GET /gallery/main.php?g2_controller=exif.SwitchDetailMode&g2_mode=detailed&g2_return=%2Fgallery%2Fmain.php%3Fg2_itemId%3D5070&g2_returnName=photo HTTP/1.1" 302 5 "-" "Mozilla/5.0 (compatible; Googlebot/2.1; +http://www.google.com/bot.html)"
174.36.241.149 - - [21/Jul/2009:03:35:08 -0700] "GET / HTTP/1.1" 200 17933 "-" "Mozilla/5.0 (X11; U; Linux i686; en-US; rv:1.2.1; aggregator:Spinn3r (Spinn3r 3.1); http://spinn3r.com/robot) Gecko/20021130"
66.249.67.3 - - [21/Jul/2009:03:35:11 -0700] "GET /gallery/main.php?g2_view=core.UserAdmin&g2_subView=core.UserLogin&g2_return=%2Fgallery%2Fmain.php%3Fg2_view%3Dkeyalbum.KeywordAlbum%26g2_keyword%3DWilma%26g2_itemId%3D16128&g2_returnName=keyword+album HTTP/1.1" 200 4178 "-" "Mozilla/5.0 (compatible; Googlebot/2.1; +http://www.google.com/bot.html)"
66.249.67.3 - - [21/Jul/2009:03:35:14 -0700] "GET /gallery/main.php?g2_itemId=5070&g2_fromNavId=x16a24b52 HTTP/1.1" 200 7470 "-" "Mozilla/5.0 (compatible; Googlebot/2.1; +http://www.google.com/bot.html)"
65.55.109.214 - - [21/Jul/2009:03:35:24 -0700] "GET /gallery/main.php?g2_view=core.UserAdmin&g2_subView=core.UserLogin&g2_return=%2Fgallery%2Fmain.php%3Fg2_itemId%3D32808&g2_returnName=photo HTTP/1.1" 200 4021 "http://www.bing.com/search?q=login" "Mozilla/4.0 (compatible;  MSIE 6.0;  Windows NT 5.1;  SV1;  .NET CLR 1.1.4325)"
65.55.109.214 - - [21/Jul/2009:03:35:30 -0700] "GET /gallery/modules/core/data/gallery.css HTTP/1.1" 200 9535 "http://example.org/gallery/main.php?g2_view=core.UserAdmin&g2_subView=core.UserLogin&g2_return=%2Fgallery%2Fmain.php%3Fg2_itemId%3D32808&g2_returnName=photo" "Mozilla/4.0 (compatible;  MSIE 6.0;  Windows NT 5.1;  SV1;  .NET CLR 1.1.4325)"
65.55.109.214 - - [21/Jul/2009:03:35:31 -0700] "GET /gallery/modules/search/SearchBlock.js HTTP/1.1" 200 992 "http://example.org/gallery/main.php?g2_view=core.UserAdmin&g2_subView=core.UserLogin&g2_return=%2Fgallery%2Fmain.php%3Fg2_itemId%3D32808&g2_returnName=photo" "Mozilla/4.0 (compatible;  MSIE 6.0;  Windows NT 5.1;  SV1;  .NET CLR 1.1.4325)"
65.55.109.214 - - [21/Jul/2009:03:35:31 -0700] "GET /gallery/modules/icons/iconpacks/paularmstrongdesigns/icons.css HTTP/1.1" 200 8847 "http://example.org/gallery/main.php?g2_view=core.UserAdmin&g2_subView=core.UserLogin&g2_return=%2Fgallery%2Fmain.php%3Fg2_itemId%3D32808&g2_returnName=photo" "Mozilla/4.0 (compatible;  MSIE 6.0;  Windows NT 5.1;  SV1;  .NET CLR 1.1.4325)"
65.55.109.214 - - [21/Jul/2009:03:35:33 -0700] "GET /gallery/themes/matrix/theme.css HTTP/1.1" 200 12605 "http://example.org/gallery/main.php?g2_view=core.UserAdmin&g2_subView=core.UserLogin&g2_return=%2Fgallery%2Fmain.php%3Fg2_itemId%3D32808&g2_returnName=photo" "Mozilla/4.0 (compatible;  MSIE 6.0;  Windows NT 5.1;  SV1;  .NET CLR 1.1.4325)"
74.125.74.193 - - [21/Jul/2009:03:35:34 -0700] "GET /gadgets/adpowers/AlexaRank/g.xml HTTP/1.1" 200 3164 "-" "Mozilla/5.0 (compatible) Feedfetcher-Google; (+http://www.google.com/feedfetcher.html)"
74.125.74.193 - - [21/Jul/2009:03:35:35 -0700] "GET /gadgets/adpowers/AlexaRank/ALL_ALL.xml HTTP/1.1" 200 1160 "-" "Mozilla/5.0 (compatible) Feedfetcher-Google; (+http://www.google.com/feedfetcher.html)"
74.125.74.193 - - [21/Jul/2009:03:35:37 -0700] "GET /gadgets/adpowers/AlexaRank/ja_ALL.xml HTTP/1.1" 200 1264 "-" "Mozilla/5.0 (compatible) Feedfetcher-Google; (+http://www.google.com/feedfetcher.html)"
74.125.16.65 - - [21/Jul/2009:03:35:37 -0700] "GET /gadgets/adpowers/AlexaRank/g.xml HTTP/1.1" 200 3164 "-" "Mozilla/5.0 (compatible) Feedfetcher-Google; (+http://www.google.com/feedfetcher.html)"
74.125.16.65 - - [21/Jul/2009:03:35:37 -0700] "GET /gadgets/adpowers/AlexaRank/ALL_ALL.xml HTTP/1.1" 200 1160 "-" "Mozilla/5.0 (compatible) Feedfetcher-Google; (+http://www.google.com/feedfetcher.html)"
65.55.106.115 - - [21/Jul/2009:03:35:43 -0700] "GET /gallery/main.php?g2_view=core.UserAdmin&g2_subView=core.UserLogin&g2_return=%2Fgallery%2Fmain.php%3Fg2_itemId%3D26963&g2_returnName=photo HTTP/1.1" 200 4004 "-" "msnbot/2.0b (+http://search.msn.com/msnbot.htm)"
