72.14.193.68 - - [21/Jul/2009:04:33:13 -0700] "GET /gadgets/adpowers/AlexaRank/ALL_ALL.xml HTTP/1.1" 200 1160 "-" "FeedFetcher-Google; (+http://www.google.com/feedfetcher.html)"
72.14.193.68 - - [21/Jul/2009:04:33:16 -0700] "GET /gadgets/adpowers/AlexaRank/de_ALL.xml HTTP/1.1" 200 1004 "-" "FeedFetcher-Google; (+http://www.google.com/feedfetcher.html)"
74.125.16.65 - - [21/Jul/2009:04:33:17 -0700] "GET /gadgets/adpowers/AlexaRank/g.xml HTTP/1.1" 200 3164 "-" "Mozilla/5.0 (compatible) Feedfetcher-Google; (+http://www.google.com/feedfetcher.html)"
74.125.16.65 - - [21/Jul/2009:04:33:17 -0700] "GET /gadgets/adpowers/AlexaRank/ALL_ALL.xml HTTP/1.1" 200 1160 "-" "Mozilla/5.0 (compatible) Feedfetcher-Google; (+http://www.google.com/feedfetcher.html)"
65.55.106.234 - - [21/Jul/2009:04:33:59 -0700] "GET /gallery/main.php?g2_itemId=3143&g2_highlightId=3177 HTTP/1.1" 302 5 "-" "msnbot/2.0b (+http://search.msn.com/msnbot.htm)"
66.249.67.3 - - [21/Jul/2009:04:33:59 -0700] "GET /gallery/main.php?g2_view=core.UserAdmin&g2_subView=core.UserLogin&g2_return=%2Fgallery%2Fmain.php%3Fg2_view%3Dcomment.ShowAllComments%26g2_itemId%3D3654&g2_returnName=show+comments HTTP/1.1" 200 4118 "-" "Mozilla/5.0 (compatible; Googlebot/2.1; +http://www.google.com/bot.html)"
65.55.106.173 - - [21/Jul/2009:04:34:00 -0700] "GET /gallery/main.php?g2_itemId=25819 HTTP/1.1" 200 7905 "-" "msnbot/2.0b (+http://search.msn.com/msnbot.htm)"
74.125.75.17 - - [21/Jul/2009:04:34:02 -0700] "GET /gwidgets/alexa.xml HTTP/1.1" 200 2969 "-" "FeedFetcher-Google; (+http://www.google.com/feedfetcher.html)"
64.233.173.2 - - [21/Jul/2009:04:34:04 -0700] "GET /gwidgets/alexa.xml HTTP/1.1" 200 2969 "-" "Mozilla/5.0 (compatible) Feedfetcher-Google; (+http://www.google.com/feedfetcher.html)"
65.55.106.234 - - [21/Jul/2009:04:34:14 -0700] "GET /gallery/main.php?g2_itemId=3143 HTTP/1.1" 200 17012 "-" "msnbot/2.0b (+http://search.msn.com/msnbot.htm)"
72.14.192.65 - - [21/Jul/2009:04:34:21 -0700] "GET /gadgets/adpowers/AlexaRank/g.xml HTTP/1.1" 200 3164 "-" "Mozilla/5.0 (compatible) Feedfetcher-Google; (+http://www.google.com/feedfetcher.html)"
72.14.192.65 - - [21/Jul/2009:04:34:21 -0700] "GET /gadgets/adpowers/AlexaRank/g.xml HTTP/1.1" 200 3164 "-" "Mozilla/5.0 (compatible) Feedfetcher-Google; (+http://www.google.com/feedfetcher.html)"
72.14.192.65 - - [21/Jul/2009:04:34:21 -0700] "GET /gadgets/adpowers/AlexaRank/g.xml HTTP/1.1" 200 3164 "-" "Mozilla/5.0 (compatible) Feedfetcher-Google; (+http://www.google.com/feedfetcher.html)"
72.14.192.65 - - [21/Jul/2009:04:34:21 -0700] "GET /gadgets/adpowers/AlexaRank/g.xml HTTP/1.1" 200 3164 "-" "Mozilla/5.0 (compatible) Feedfetcher-Google; (+http://www.google.com/feedfetcher.html)"
72.14.192.65 - - [21/Jul/2009:04:34:21 -0700] "GET /gadgets/adpowers/AlexaRank/g.xml HTTP/1.1" 200 3164 "-" "Mozilla/5.0 (compatible) Feedfetcher-Google; (+http://www.google.com/feedfetcher.html)"
72.14.192.65 - - [21/Jul/2009:04:34:22 -0700] "GET /gadgets/adpowers/AlexaRank/ALL_ALL.xml HTTP/1.1" 200 1160 "-" "Mozilla/5.0 (compatible) Feedfetcher-Google; (+http://www.google.com/feedfetcher.html)"
72.14.192.65 - - [21/Jul/2009:04:34:23 -0700] "GET /gadgets/adpowers/AlexaRank/ALL_ALL.xml HTTP/1.1" 200 1160 "-" "Mozilla/5.0 (compatible) Feedfetcher-Google; (+http://www.google.com/feedfetcher.html)"
72.14.192.65 - - [21/Jul/2009:04:34:23 -0700] "GET /gadgets/adpowers/AlexaRank/ALL_ALL.xml HTTP/1.1" 200 1160 "-" "Mozilla/5.0 (compatible) Feedfetcher-Google; (+http://www.google.com/feedfetcher.html)"
72.14.192.65 - - [21/Jul/2009:04:34:23 -0700] "GET /gadgets/adpowers/AlexaRank/ALL_ALL.xml HTTP/1.1" 200 1160 "-" "Mozilla/5.0 (compatible) Feedfetcher-Google; (+http://www.google.com/feedfetcher.html)"
72.14.192.65 - - [21/Jul/2009:04:34:23 -0700] "GET /gadgets/adpowers/AlexaRank/ALL_ALL.xml HTTP/1.1" 200 1160 "-" "Mozilla/5.0 (compatible) Feedfetcher-Google; (+http://www.google.com/feedfetcher.html)"
72.30.142.87 - - [21/Jul/2009:04:34:36 -0700] "GET /r.pl?http://www.reason.com/links/links011703.shtml HTTP/1.0" 302 301 "-" "Mozilla/5.0 (compatible; Yahoo! Slurp/3.0; http://help.yahoo.com/help/us/ysearch/slurp)"
66.249.67.3 - - [21/Jul/2009:04:35:04 -0700] "GET /gallery/main.php?g2_view=search.SearchScan&g2_form%5BuseDefaultSettings%5D=1&g2_return=%2Fgallery%2Fmain.php%3Fg2_itemId%3D14833&g2_returnName=photo HTTP/1.1" 200 6360 "-" "Mozilla/5.0 (compatible; Googlebot/2.1; +http://www.google.com/bot.html)"
174.37.205.67 - - [21/Jul/2009:04:35:30 -0700] "GET / HTTP/1.1" 200 17935 "-" "Mozilla/5.0 (X11; U; Linux i686; en-US; rv:1.2.1; aggregator:Spinn3r (Spinn3r 3.1); http://spinn3r.com/robot) Gecko/20021130"
174.37.205.67 - - [21/Jul/2009:04:35:31 -0700] "GET /rss.pl HTTP/1.1" 200 35942 "-" "Mozilla/5.0 (X11; U; Linux i686; en-US; rv:1.2.1; aggregator:Spinn3r (Spinn3r 3.1); http://spinn3r.com/robot) Gecko/20021130"
74.125.16.65 - - [21/Jul/2009:04:36:04 -0700] "GET /gadgets/awinston/AdSense/g.xml HTTP/1.1" 200 3007 "-" "FeedFetcher-Google; (+http://www.google.com/feedfetcher.html)"
66.249.67.3 - - [21/Jul/2009:04:36:11 -0700] "GET /gallery/main.php?g2_view=search.SearchScan&g2_form%5BuseDefaultSettings%5D=1&g2_return=%2Fgallery%2Fmain.php%3Fg2_itemId%3D19811&g2_returnName=photo HTTP/1.1" 200 6360 "-" "Mozilla/5.0 (compatible; Googlebot/2.1; +http://www.google.com/bot.html)"
74.125.74.193 - - [21/Jul/2009:04:36:13 -0700] "GET /gadgets/adpowers/AlexaRank/ALL_ALL.xml HTTP/1.1" 200 1160 "-" "Mozilla/5.0 (compatible) Feedfetcher-Google; (+http://www.google.com/feedfetcher.html)"
74.125.74.193 - - [21/Jul/2009:04:36:14 -0700] "GET /gadgets/adpowers/AlexaRank/g.xml HTTP/1.1" 200 3164 "-" "Mozilla/5.0 (compatible) Feedfetcher-Google; (+http://www.google.com/feedfetcher.html)"
74.125.74.193 - - [21/Jul/2009:04:36:14 -0700] "GET /gadgets/adpowers/AlexaRank/ja_ALL.xml HTTP/1.1" 200 1264 "-" "Mozilla/5.0 (compatible) Feedfetcher-Google; (+http://www.google.com/feedfetcher.html)"
66.249.67.3 - - [21/Jul/2009:04:36:17 -0700] "GET /gallery/main.php?g2_controller=exif.SwitchDetailMode&g2_mode=detailed&g2_return=%2Fgallery%2Fmain.php%3Fg2_itemId%3D8354&g2_returnName=photo HTTP/1.1" 302 5 "-" "Mozilla/5.0 (compatible; Googlebot/2.1; +http://www.google.com/bot.html)"
66.249.67.3 - - [21/Jul/2009:04:36:21 -0700] "GET /gallery/main.php?g2_itemId=8354&g2_fromNavId=x3bed630d HTTP/1.1" 200 7982 "-" "Mozilla/5.0 (compatible; Googlebot/2.1; +http://www.google.com/bot.html)"
66.249.67.3 - - [21/Jul/2009:04:37:18 -0700] "GET /gallery/main.php?g2_view=comment.ShowAllComments&g2_itemId=19811&g2_return=%2Fgallery%2Fmain.php%3Fg2_itemId%3D19811&g2_returnName=photo HTTP/1.1" 200 4972 "-" "Mozilla/5.0 (compatible; Googlebot/2.1; +http://www.google.com/bot.html)"
65.55.208.180 - - [21/Jul/2009:04:37:25 -0700] "GET /gallery/main.php?g2_itemId=33607 HTTP/1.1" 200 8268 "-" "msnbot/1.1 (+http://search.msn.com/msnbot.htm)"
66.249.67.3 - - [21/Jul/2009:04:37:32 -0700] "GET /gallery/main.php?g2_controller=exif.SwitchDetailMode&g2_mode=detailed&g2_return=%2Fgallery%2Fmain.php%3Fg2_itemId%3D6502&g2_returnName=photo HTTP/1.1" 302 5 "-" "Mozilla/5.0 (compatible; Googlebot/2.1; +http://www.google.com/bot.html)"
74.125.16.65 - - [21/Jul/2009:04:37:34 -0700] "GET /gwidgets/alexa.xml HTTP/1.1" 200 2969 "-" "Mozilla/5.0 (compatible) Feedfetcher-Google; (+http://www.google.com/feedfetcher.html)"
66.249.67.3 - - [21/Jul/2009:04:37:36 -0700] "GET /gallery/main.php?g2_itemId=6502&g2_fromNavId=xfbe97d8c HTTP/1.1" 200 7472 "-" "Mozilla/5.0 (compatible; Googlebot/2.1; +http://www.google.com/bot.html)"
72.30.142.87 - - [21/Jul/2009:04:38:01 -0700] "GET /gallery/main.php?g2_itemId=3283 HTTP/1.0" 200 8171 "-" "Mozilla/5.0 (compatible; Yahoo! Slurp/3.0; http://help.yahoo.com/help/us/ysearch/slurp)"
66.249.67.3 - - [21/Jul/2009:04:38:24 -0700] "GET /gallery/main.php?g2_itemId=19463&g2_highlightId=19672 HTTP/1.1" 302 5 "-" "Mozilla/5.0 (compatible; Googlebot/2.1; +http://www.google.com/bot.html)"
65.55.110.210 - - [21/Jul/2009:04:38:41 -0700] "GET /gallery/main.php?g2_itemId=33607 HTTP/1.1" 200 8288 "http://www.bing.com/search?q=value" "Mozilla/4.0 (compatible;  MSIE 6.0;  Windows NT 5.2)"
65.55.110.210 - - [21/Jul/2009:04:38:44 -0700] "GET /gallery/modules/icons/iconpacks/paularmstrongdesigns/icons.css HTTP/1.1" 200 8847 "http://example.org/gallery/main.php?g2_itemId=33607" "Mozilla/4.0 (compatible;  MSIE 6.0;  Windows NT 5.2)"
64.233.173.2 - - [21/Jul/2009:04:38:44 -0700] "GET /gwidgets/alexa.xml HTTP/1.1" 200 2969 "-" "Mozilla/5.0 (compatible) Feedfetcher-Google; (+http://www.google.com/feedfetcher.html)"
65.55.110.210 - - [21/Jul/2009:04:38:44 -0700] "GET /gallery/modules/rating/rating.css HTTP/1.1" 200 1355 "http://example.org/gallery/main.php?g2_itemId=33607" "Mozilla/4.0 (compatible;  MSIE 6.0;  Windows NT 5.2)"
65.55.110.210 - - [21/Jul/2009:04:38:45 -0700] "GET /gallery/modules/core/data/gallery.css HTTP/1.1" 200 9535 "http://example.org/gallery/main.php?g2_itemId=33607" "Mozilla/4.0 (compatible;  MSIE 6.0;  Windows NT 5.2)"
65.55.110.210 - - [21/Jul/2009:04:38:46 -0700] "GET /gallery/modules/search/SearchBlock.js HTTP/1.1" 200 992 "http://example.org/gallery/main.php?g2_itemId=33607" "Mozilla/4.0 (compatible;  MSIE 6.0;  Windows NT 5.2)"
65.55.110.210 - - [21/Jul/2009:04:38:48 -0700] "GET /gallery/lib/yui/yahoo-min.js HTTP/1.1" 200 1419 "http://example.org/gallery/main.php?g2_itemId=33607" "Mozilla/4.0 (compatible;  MSIE 6.0;  Windows NT 5.2)"
65.55.110.210 - - [21/Jul/2009:04:38:49 -0700] "GET /gallery/lib/yui/connection-min.js HTTP/1.1" 200 7959 "http://example.org/gallery/main.php?g2_itemId=33607" "Mozilla/4.0 (compatible;  MSIE 6.0;  Windows NT 5.2)"
65.55.110.210 - - [21/Jul/2009:04:38:51 -0700] "GET /gallery/modules/rating/rating.js HTTP/1.1" 200 3066 "http://example.org/gallery/main.php?g2_itemId=33607" "Mozilla/4.0 (compatible;  MSIE 6.0;  Windows NT 5.2)"
65.55.110.210 - - [21/Jul/2009:04:38:52 -0700] "GET /gallery/themes/matrix/theme.css HTTP/1.1" 200 12605 "http://example.org/gallery/main.php?g2_itemId=33607" "Mozilla/4.0 (compatible;  MSIE 6.0;  Windows NT 5.2)"
65.55.208.180 - - [21/Jul/2009:04:38:57 -0700] "GET /gallery/main.php?g2_itemId=26060 HTTP/1.1" 200 7266 "-" "msnbot/1.1 (+http://search.msn.com/msnbot.htm)"
65.55.208.180 - - [21/Jul/2009:04:39:00 -0700] "GET /gallery/main.php?g2_itemId=32471 HTTP/1.1" 200 7135 "-" "msnbot/1.1 (+http://search.msn.com/msnbot.htm)"
65.55.110.210 - - [21/Jul/2009:04:39:04 -0700] "GET /gallery/main.php?g2_view=core.DownloadItem&g2_itemId=33608&g2_serialNumber=2 HTTP/1.1" 200 60624 "http://example.org/gallery/main.php?g2_itemId=33607" "Mozilla/4.0 (compatible;  MSIE 6.0;  Windows NT 5.2)"
65.55.106.240 - - [21/Jul/2009:04:39:09 -0700] "GET /gallery/main.php?g2_controller=exif.SwitchDetailMode&g2_mode=detailed&g2_return=%2Fgallery%2Fmain.php%3Fg2_itemId%3D14691&g2_returnName=photo HTTP/1.1" 302 5 "-" "msnbot/2.0b (+http://search.msn.com/msnbot.htm)"
65.55.106.240 - - [21/Jul/2009:04:39:10 -0700] "GET /gallery/main.php?g2_itemId=14691&g2_fromNavId=x8b3ecc6c HTTP/1.1" 200 7738 "-" "msnbot/2.0b (+http://search.msn.com/msnbot.htm)"
66.249.67.3 - - [21/Jul/2009:04:39:29 -0700] "GET /gallery/main.php?g2_view=core.DownloadItem&g2_itemId=3242&g2_serialNumber=4 HTTP/1.1" 304 0 "-" "Googlebot-Image/1.0"
66.249.67.3 - - [21/Jul/2009:04:39:32 -0700] "GET /gallery/main.php?g2_view=search.SearchScan&g2_form%5BuseDefaultSettings%5D=1&g2_return=%2Fgallery%2Fmain.php%3Fg2_itemId%3D19657&g2_returnName=photo HTTP/1.1" 200 6360 "-" "Mozilla/5.0 (compatible; Googlebot/2.1; +http://www.google.com/bot.html)"
66.249.67.3 - - [21/Jul/2009:04:39:34 -0700] "GET /gallery/main.php?g2_view=core.DownloadItem&g2_itemId=27934&g2_serialNumber=2 HTTP/1.1" 200 69185 "-" "Googlebot-Image/1.0"
65.55.106.190 - - [21/Jul/2009:04:39:48 -0700] "GET /gallery/main.php?g2_controller=exif.SwitchDetailMode&g2_mode=detailed&g2_return=%2Fgallery%2Fmain.php%3Fg2_itemId%3D4065&g2_returnName=photo HTTP/1.1" 302 5 "-" "msnbot/2.0b (+http://search.msn.com/msnbot.htm)"
72.14.192.65 - - [21/Jul/2009:04:39:54 -0700] "GET /gwidgets/alexa.xml HTTP/1.1" 200 2969 "-" "Mozilla/5.0 (compatible) Feedfetcher-Google; (+http://www.google.com/feedfetcher.html)"
65.55.106.190 - - [21/Jul/2009:04:39:56 -0700] "GET /gallery/main.php?g2_itemId=4065&g2_fromNavId=x59db3c7c HTTP/1.1" 200 8090 "-" "msnbot/2.0b (+http://search.msn.com/msnbot.htm)"
72.14.192.65 - - [21/Jul/2009:04:39:58 -0700] "GET /gadgets/adpowers/AlexaRank/g.xml HTTP/1.1" 200 3164 "-" "Mozilla/5.0 (compatible) Feedfetcher-Google; (+http://www.google.com/feedfetcher.html)"
72.14.192.65 - - [21/Jul/2009:04:39:58 -0700] "GET /gadgets/adpowers/AlexaRank/ALL_ALL.xml HTTP/1.1" 200 1160 "-" "Mozilla/5.0 (compatible) Feedfetcher-Google; (+http://www.google.com/feedfetcher.html)"
65.55.208.189 - - [21/Jul/2009:04:40:04 -0700] "GET /gallery/southcenterapplestore HTTP/1.1" 500 874 "-" "msnbot/1.1 (+http://search.msn.com/msnbot.htm)"
174.36.241.157 - - [21/Jul/2009:04:40:05 -0700] "GET /rss.pl HTTP/1.1" 200 35942 "-" "Mozilla/5.0 (X11; U; Linux i686; en-US; rv:1.2.1; aggregator:Spinn3r (Spinn3r 3.1); http://spinn3r.com/robot) Gecko/20021130"
74.125.75.17 - - [21/Jul/2009:04:40:06 -0700] "GET /rss.pl HTTP/1.1" 200 35942 "-" "FeedFetcher-Google-CoOp; (+http://www.google.com/coop/docs/subscribedlinks/developer_guide.html#Publishing)"
74.125.16.65 - - [21/Jul/2009:04:40:13 -0700] "GET /gadgets/adpowers/AlexaRank/g.xml HTTP/1.1" 200 3164 "-" "Mozilla/5.0 (compatible) Feedfetcher-Google; (+http://www.google.com/feedfetcher.html)"
74.125.16.65 - - [21/Jul/2009:04:40:14 -0700] "GET /gadgets/adpowers/AlexaRank/ALL_ALL.xml HTTP/1.1" 200 1160 "-" "Mozilla/5.0 (compatible) Feedfetcher-Google; (+http://www.google.com/feedfetcher.html)"
74.125.16.65 - - [21/Jul/2009:04:40:15 -0700] "GET /gadgets/adpowers/AlexaRank/ALL_ALL.xml HTTP/1.1" 200 1160 "-" "Mozilla/5.0 (compatible) Feedfetcher-Google; (+http://www.google.com/feedfetcher.html)"
66.249.67.3 - - [21/Jul/2009:04:40:37 -0700] "GET /gallery/main.php?g2_itemId=19463&g2_highlightId=19657 HTTP/1.1" 302 5 "-" "Mozilla/5.0 (compatible; Googlebot/2.1; +http://www.google.com/bot.html)"
82.34.153.205 - - [21/Jul/2009:04:40:44 -0700] "GET /images/fullsize_got-root.jpg HTTP/1.1" 200 9540 "http://serverfault.com/questions/15126/what-is-your-favorite-administrator-t-shirt/25279" "Mozilla/4.0 (compatible; MSIE 7.0; Windows NT 5.1; Trident/4.0; Alexa Toolbar)"
65.55.106.241 - - [21/Jul/2009:04:40:52 -0700] "GET /gallery/main.php?g2_view=core.UserAdmin&g2_subView=core.UserLogin&g2_return=%2Fgallery%2Fmain.php%3Fg2_itemId%3D32570&g2_returnName=album HTTP/1.1" 200 4004 "-" "msnbot/2.0b (+http://search.msn.com/msnbot.htm)"
65.55.208.188 - - [21/Jul/2009:04:41:27 -0700] "GET /?tag=yahoo HTTP/1.1" 200 4733 "-" "msnbot/1.1 (+http://search.msn.com/msnbot.htm)"
66.249.67.3 - - [21/Jul/2009:04:41:43 -0700] "GET /gallery/main.php?g2_itemId=19463&g2_highlightId=19654 HTTP/1.1" 302 5 "-" "Mozilla/5.0 (compatible; Googlebot/2.1; +http://www.google.com/bot.html)"
65.55.106.163 - - [21/Jul/2009:04:42:16 -0700] "GET /index.pl?page=power HTTP/1.1" 200 5139 "-" "msnbot/2.0b (+http://search.msn.com/msnbot.htm)"
66.249.67.3 - - [21/Jul/2009:04:42:21 -0700] "GET /gallery/main.php?g2_controller=exif.SwitchDetailMode&g2_mode=detailed&g2_return=%2Fgallery%2Fmain.php%3Fg2_itemId%3D12357%26g2_imageViewsIndex%3D1&g2_returnName=photo HTTP/1.1" 302 5 "-" "Mozilla/5.0 (compatible; Googlebot/2.1; +http://www.google.com/bot.html)"
66.249.67.3 - - [21/Jul/2009:04:42:24 -0700] "GET /gallery/main.php?g2_itemId=12357&g2_imageViewsIndex=1&g2_fromNavId=xec72e9c5 HTTP/1.1" 200 8255 "-" "Mozilla/5.0 (compatible; Googlebot/2.1; +http://www.google.com/bot.html)"
74.125.74.193 - - [21/Jul/2009:04:42:26 -0700] "GET /gwidgets/alexa.xml HTTP/1.1" 200 2969 "-" "Mozilla/5.0 (compatible) Feedfetcher-Google; (+http://www.google.com/feedfetcher.html)"
65.55.106.146 - - [21/Jul/2009:04:42:45 -0700] "GET /index.pl?page=chichenitza HTTP/1.1" 200 4871 "-" "msnbot/2.0b (+http://search.msn.com/msnbot.htm)"
66.249.67.3 - - [21/Jul/2009:04:42:50 -0700] "GET /gallery/main.php?g2_itemId=19463&g2_highlightId=19811 HTTP/1.1" 302 5 "-" "Mozilla/5.0 (compatible; Googlebot/2.1; +http://www.google.com/bot.html)"
74.125.16.65 - - [21/Jul/2009:04:42:51 -0700] "GET /gadgets/adpowers/AlexaRank/de_ALL.xml HTTP/1.1" 200 1004 "-" "Mozilla/5.0 (compatible) Feedfetcher-Google; (+http://www.google.com/feedfetcher.html)"
72.30.142.87 - - [21/Jul/2009:04:43:06 -0700] "GET /?post=19 HTTP/1.0" 200 4697 "-" "Mozilla/5.0 (compatible; Yahoo! Slurp/3.0; http://help.yahoo.com/help/us/ysearch/slurp)"
72.30.142.87 - - [21/Jul/2009:04:43:07 -0700] "GET /style.css HTTP/1.0" 304 - "http://example.org/?post=19" "Mozilla/5.0 (compatible; Yahoo! Slurp/3.0; http://help.yahoo.com/help/us/ysearch/slurp)"
74.125.16.65 - - [21/Jul/2009:04:43:10 -0700] "GET /gwidgets/alexa.xml HTTP/1.1" 200 2969 "-" "Mozilla/5.0 (compatible) Feedfetcher-Google; (+http://www.google.com/feedfetcher.html)"
66.249.67.87 - - [21/Jul/2009:04:43:57 -0700] "GET /gallery/main.php?g2_view=core.UserAdmin&g2_subView=core.UserLogin&g2_return=%2Fgallery%2Fmain.php%3Fg2_itemId%3D32613&g2_returnName=photo HTTP/1.1" 200 4004 "-" "Mozilla/5.0 (compatible; Googlebot/2.1; +http://www.google.com/bot.html)"
64.233.172.17 - - [21/Jul/2009:04:44:12 -0700] "GET /gadgets/adpowers/AlexaRank/g.xml HTTP/1.1" 200 3164 "-" "Mozilla/5.0 (compatible) Feedfetcher-Google; (+http://www.google.com/feedfetcher.html)"
64.233.172.17 - - [21/Jul/2009:04:44:13 -0700] "GET /gadgets/adpowers/AlexaRank/ALL_ALL.xml HTTP/1.1" 200 1160 "-" "Mozilla/5.0 (compatible) Feedfetcher-Google; (+http://www.google.com/feedfetcher.html)"
74.125.74.193 - - [21/Jul/2009:04:44:38 -0700] "GET /gadgets/adpowers/AlexaRank/g.xml HTTP/1.1" 200 3164 "-" "FeedFetcher-Google; (+http://www.google.com/feedfetcher.html)"
65.55.106.107 - - [21/Jul/2009:04:44:46 -0700] "GET /gallery/main.php?g2_controller=exif.SwitchDetailMode&g2_mode=detailed&g2_return=%2Fgallery%2Fmain.php%3Fg2_itemId%3D19481&g2_returnName=photo HTTP/1.1" 302 5 "-" "msnbot/2.0b (+http://search.msn.com/msnbot.htm)"
65.55.106.107 - - [21/Jul/2009:04:44:59 -0700] "GET /gallery/main.php?g2_itemId=19481&g2_fromNavId=x2f0738b9 HTTP/1.1" 200 8207 "-" "msnbot/2.0b (+http://search.msn.com/msnbot.htm)"
66.249.67.3 - - [21/Jul/2009:04:45:03 -0700] "GET /gallery/main.php?g2_view=comment.ShowAllComments&g2_itemId=19657&g2_return=%2Fgallery%2Fmain.php%3Fg2_itemId%3D19657&g2_returnName=photo HTTP/1.1" 200 4965 "-" "Mozilla/5.0 (compatible; Googlebot/2.1; +http://www.google.com/bot.html)"
74.125.16.65 - - [21/Jul/2009:04:45:57 -0700] "GET /gadgets/adpowers/AlexaRank/g.xml HTTP/1.1" 200 3164 "-" "Mozilla/5.0 (compatible) Feedfetcher-Google; (+http://www.google.com/feedfetcher.html)"
74.125.16.65 - - [21/Jul/2009:04:45:58 -0700] "GET /gadgets/adpowers/AlexaRank/ALL_ALL.xml HTTP/1.1" 200 1160 "-" "Mozilla/5.0 (compatible) Feedfetcher-Google; (+http://www.google.com/feedfetcher.html)"
74.125.16.65 - - [21/Jul/2009:04:45:59 -0700] "GET /gadgets/adpowers/AlexaRank/ALL_ALL.xml HTTP/1.1" 200 1160 "-" "Mozilla/5.0 (compatible) Feedfetcher-Google; (+http://www.google.com/feedfetcher.html)"
66.249.67.3 - - [21/Jul/2009:04:46:09 -0700] "GET /gallery/main.php?g2_controller=exif.SwitchDetailMode&g2_mode=detailed&g2_return=%2Fgallery%2Fmain.php%3Fg2_itemId%3D19654&g2_returnName=photo HTTP/1.1" 302 5 "-" "Mozilla/5.0 (compatible; Googlebot/2.1; +http://www.google.com/bot.html)"
66.249.67.3 - - [21/Jul/2009:04:46:13 -0700] "GET /gallery/main.php?g2_itemId=19654&g2_fromNavId=x16681eba HTTP/1.1" 200 8362 "-" "Mozilla/5.0 (compatible; Googlebot/2.1; +http://www.google.com/bot.html)"
64.233.172.17 - - [21/Jul/2009:04:46:32 -0700] "GET /gwidgets/alexa.xml HTTP/1.1" 200 2969 "-" "Mozilla/5.0 (compatible) Feedfetcher-Google; (+http://www.google.com/feedfetcher.html)"
65.55.208.184 - - [21/Jul/2009:04:46:36 -0700] "GET /gallery/main.php?g2_view=search.SearchScan&g2_form%5BuseDefaultSettings%5D=1&g2_return=%2Fgallery%2Fmain.php%3Fg2_itemId%3D26804&g2_returnName=photo HTTP/1.1" 200 6360 "-" "msnbot/1.1 (+http://search.msn.com/msnbot.htm)"
66.249.67.87 - - [21/Jul/2009:04:46:49 -0700] "GET /gallery/main.php?g2_itemId=519&g2_fromNavId=xb79f2c0c HTTP/1.1" 200 6937 "-" "Mozilla/5.0 (compatible; Googlebot/2.1; +http://www.google.com/bot.html)"
66.249.67.87 - - [21/Jul/2009:04:46:51 -0700] "GET /gallery/main.php?g2_view=search.SearchScan&g2_form%5BuseDefaultSettings%5D=1&g2_return=%2Fgallery%2Fmain.php%3Fg2_itemId%3D2820%26g2_imageViewsIndex%3D1&g2_returnName=photo HTTP/1.1" 200 6360 "-" "Mozilla/5.0 (compatible; Googlebot/2.1; +http://www.google.com/bot.html)"
66.249.67.87 - - [21/Jul/2009:04:46:54 -0700] "GET /gallery/main.php?g2_view=comment.ShowAllComments&g2_itemId=17833&g2_fromNavId=x665a3abd HTTP/1.1" 200 5097 "-" "Mozilla/5.0 (compatible; Googlebot/2.1; +http://www.google.com/bot.html)"
66.249.67.87 - - [21/Jul/2009:04:46:56 -0700] "GET /gallery/main.php?g2_view=core.UserAdmin&g2_subView=core.UserLogin&g2_return=%2Fgallery%2Fmain.php%3Fg2_itemId%3D2820%26g2_imageViewsIndex%3D1&g2_returnName=photo HTTP/1.1" 200 4076 "-" "Mozilla/5.0 (compatible; Googlebot/2.1; +http://www.google.com/bot.html)"
66.249.67.87 - - [21/Jul/2009:04:46:58 -0700] "GET /gallery/main.php?g2_controller=exif.SwitchDetailMode&g2_mode=detailed&g2_return=%2Fgallery%2Fmain.php%3Fg2_itemId%3D2820%26g2_imageViewsIndex%3D1&g2_returnName=photo HTTP/1.1" 302 5 "-" "Mozilla/5.0 (compatible; Googlebot/2.1; +http://www.google.com/bot.html)"
66.249.67.87 - - [21/Jul/2009:04:47:02 -0700] "GET /gallery/main.php?g2_view=keyalbum.KeywordAlbum&g2_keyword=cheerleaders&g2_itemId=2893&g2_imageViewsIndex=1&g2_fromNavId=x2f1cd198 HTTP/1.1" 200 7539 "-" "Mozilla/5.0 (compatible; Googlebot/2.1; +http://www.google.com/bot.html)"
66.249.67.87 - - [21/Jul/2009:04:47:04 -0700] "GET /gallery/main.php?g2_itemId=2820&g2_imageViewsIndex=1&g2_fromNavId=x6e8ded4d HTTP/1.1" 200 8064 "-" "Mozilla/5.0 (compatible; Googlebot/2.1; +http://www.google.com/bot.html)"
66.249.67.3 - - [21/Jul/2009:04:47:08 -0700] "GET /gallery/main.php?g2_controller=exif.SwitchDetailMode&g2_mode=detailed&g2_return=%2Fgallery%2Fmain.php%3Fg2_itemId%3D12468%26g2_imageViewsIndex%3D1&g2_returnName=photo HTTP/1.1" 302 5 "-" "Mozilla/5.0 (compatible; Googlebot/2.1; +http://www.google.com/bot.html)"
66.249.67.3 - - [21/Jul/2009:04:47:13 -0700] "GET /gallery/main.php?g2_itemId=12468&g2_imageViewsIndex=1&g2_fromNavId=xb302f2c7 HTTP/1.1" 200 8255 "-" "Mozilla/5.0 (compatible; Googlebot/2.1; +http://www.google.com/bot.html)"
66.249.67.3 - - [21/Jul/2009:04:47:16 -0700] "GET /gallery/main.php?g2_view=search.SearchScan&g2_form%5BuseDefaultSettings%5D=1&g2_return=%2Fgallery%2Fmain.php%3Fg2_itemId%3D15227&g2_returnName=photo HTTP/1.1" 200 6360 "-" "Mozilla/5.0 (compatible; Googlebot/2.1; +http://www.google.com/bot.html)"
72.14.193.68 - - [21/Jul/2009:04:47:32 -0700] "GET /favicon.ico HTTP/1.1" 404 146 "-" "-"
41.210.23.179 - - [21/Jul/2009:04:47:46 -0700] "GET /gnucache/index.php?get=1&net=gnutella&client=GNUC&version=1.1.1.6 HTTP/1.1" 404 146 "-" "Mozilla/4.0"
66.249.67.3 - - [21/Jul/2009:04:48:01 -0700] "GET /gallery/main.php?g2_view=core.DownloadItem&g2_itemId=14955&g2_serialNumber=2 HTTP/1.1" 304 0 "-" "Googlebot-Image/1.0"
66.249.67.87 - - [21/Jul/2009:04:48:23 -0700] "GET /gallery/main.php?g2_view=core.UserAdmin&g2_subView=core.UserLogin&g2_return=%2Fgallery%2Fmain.php%3Fg2_itemId%3D32611&g2_returnName=photo HTTP/1.1" 200 4004 "-" "Mozilla/5.0 (compatible; Googlebot/2.1; +http://www.google.com/bot.html)"
41.210.29.44 - - [21/Jul/2009:04:48:49 -0700] "GET /gnucache/index.php?get=1&net=gnutella&client=GNUC&version=1.1.1.6 HTTP/1.1" 404 146 "-" "Mozilla/4.0"
134.191.254.38 - - [21/Jul/2009:04:48:59 -0700] "GET /rss.pl HTTP/1.0" 200 35867 "-" "FeedDemon/3.0 (http://www.newsgator.com/; Microsoft Windows XP)"
66.249.67.3 - - [21/Jul/2009:04:49:29 -0700] "GET /gallery/main.php?g2_controller=exif.SwitchDetailMode&g2_mode=detailed&g2_return=%2Fgallery%2Fmain.php%3Fg2_itemId%3D15227&g2_returnName=photo HTTP/1.1" 302 5 "-" "Mozilla/5.0 (compatible; Googlebot/2.1; +http://www.google.com/bot.html)"
74.125.16.65 - - [21/Jul/2009:04:49:30 -0700] "GET /gwidgets/alexa.xml HTTP/1.1" 200 2969 "-" "Mozilla/5.0 (compatible) Feedfetcher-Google; (+http://www.google.com/feedfetcher.html)"
66.249.67.3 - - [21/Jul/2009:04:49:32 -0700] "GET /gallery/main.php?g2_itemId=15227&g2_fromNavId=x07ce6437 HTTP/1.1" 200 8067 "-" "Mozilla/5.0 (compatible; Googlebot/2.1; +http://www.google.com/bot.html)"
72.14.192.65 - - [21/Jul/2009:04:50:25 -0700] "GET /gwidgets/alexa.xml HTTP/1.1" 200 2969 "-" "FeedFetcher-Google; (+http://www.google.com/feedfetcher.html)"
74.125.74.193 - - [21/Jul/2009:04:50:29 -0700] "GET /gwidgets/alexa.xml HTTP/1.1" 200 2969 "-" "Mozilla/5.0 (compatible) Feedfetcher-Google; (+http://www.google.com/feedfetcher.html)"
72.14.192.65 - - [21/Jul/2009:04:50:30 -0700] "GET /gwidgets/alexa.xml HTTP/1.1" 200 2969 "-" "Mozilla/5.0 (compatible) Feedfetcher-Google; (+http://www.google.com/feedfetcher.html)"
66.249.67.3 - - [21/Jul/2009:04:50:36 -0700] "GET /gallery/main.php?g2_view=search.SearchScan&g2_form%5BuseDefaultSettings%5D=1&g2_return=%2Fgallery%2Fmain.php%3Fg2_itemId%3D19654&g2_returnName=photo HTTP/1.1" 200 6360 "-" "Mozilla/5.0 (compatible; Googlebot/2.1; +http://www.google.com/bot.html)"
65.55.106.207 - - [21/Jul/2009:04:50:52 -0700] "GET /gallery/main.php?g2_controller=exif.SwitchDetailMode&g2_mode=detailed&g2_return=%2Fgallery%2Fmain.php%3Fg2_itemId%3D33765&g2_returnName=photo HTTP/1.1" 302 5 "-" "msnbot/2.0b (+http://search.msn.com/msnbot.htm)"
65.55.106.207 - - [21/Jul/2009:04:51:07 -0700] "GET /gallery/main.php?g2_itemId=33765&g2_fromNavId=x5aaf0197 HTTP/1.1" 200 8088 "-" "msnbot/2.0b (+http://search.msn.com/msnbot.htm)"
66.249.67.87 - - [21/Jul/2009:04:51:43 -0700] "GET /gallery/main.php?g2_view=core.UserAdmin&g2_subView=core.UserLogin&g2_return=%2Fgallery%2Fmain.php%3Fg2_itemId%3D32615&g2_returnName=photo HTTP/1.1" 200 4004 "-" "Mozilla/5.0 (compatible; Googlebot/2.1; +http://www.google.com/bot.html)"
66.249.67.3 - - [21/Jul/2009:04:51:56 -0700] "GET /gallery/main.php?g2_controller=exif.SwitchDetailMode&g2_mode=detailed&g2_return=%2Fgallery%2Fmain.php%3Fg2_itemId%3D12810&g2_returnName=photo HTTP/1.1" 302 5 "-" "Mozilla/5.0 (compatible; Googlebot/2.1; +http://www.google.com/bot.html)"
66.249.67.3 - - [21/Jul/2009:04:52:00 -0700] "GET /gallery/main.php?g2_itemId=12810&g2_fromNavId=xf05a4ec7 HTTP/1.1" 200 8259 "-" "Mozilla/5.0 (compatible; Googlebot/2.1; +http://www.google.com/bot.html)"
64.233.172.17 - - [21/Jul/2009:04:52:03 -0700] "GET /gwidgets/alexa.xml HTTP/1.1" 200 2969 "-" "Mozilla/5.0 (compatible) Feedfetcher-Google; (+http://www.google.com/feedfetcher.html)"
72.14.194.1 - - [21/Jul/2009:04:52:08 -0700] "GET /gwidgets/alexa.xml HTTP/1.1" 200 2969 "-" "FeedFetcher-Google; (+http://www.google.com/feedfetcher.html)"
65.55.106.164 - - [21/Jul/2009:04:52:11 -0700] "GET /gallery/main.php?g2_itemId=24674&g2_fromNavId=xdaf050fc HTTP/1.1" 200 8138 "-" "msnbot/2.0b (+http://search.msn.com/msnbot.htm)"
209.85.238.36 - - [21/Jul/2009:04:52:12 -0700] "GET /rss.pl HTTP/1.1" 200 35942 "-" "Feedfetcher-Google; (+http://www.google.com/feedfetcher.html; 1 subscribers; feed-id=1729723878840499015)"
65.55.106.155 - - [21/Jul/2009:04:52:17 -0700] "GET /gallery/main.php?g2_itemId=32378 HTTP/1.1" 200 8478 "-" "msnbot/2.0b (+http://search.msn.com/msnbot.htm)"
74.125.75.17 - - [21/Jul/2009:04:52:43 -0700] "GET /gwidgets/alexa.xml HTTP/1.1" 200 2969 "-" "Mozilla/5.0 (compatible) Feedfetcher-Google; (+http://www.google.com/feedfetcher.html)"
66.249.67.3 - - [21/Jul/2009:04:52:49 -0700] "GET /gallery/main.php?g2_view=core.UserAdmin&g2_subView=core.UserLogin&g2_return=%2Fgallery%2Fmain.php%3Fg2_itemId%3D15227&g2_returnName=photo HTTP/1.1" 200 4004 "-" "Mozilla/5.0 (compatible; Googlebot/2.1; +http://www.google.com/bot.html)"
65.55.106.147 - - [21/Jul/2009:04:53:10 -0700] "GET /pictures/2002-03-20%20pump%20it%20up/ HTTP/1.1" 200 3130 "-" "msnbot/2.0b (+http://search.msn.com/msnbot.htm)"
66.249.67.3 - - [21/Jul/2009:04:53:56 -0700] "GET /gallery/main.php?g2_view=core.UserAdmin&g2_subView=core.UserLogin&g2_return=%2Fgallery%2Fmain.php%3Fg2_itemId%3D19654&g2_returnName=photo HTTP/1.1" 200 4004 "-" "Mozilla/5.0 (compatible; Googlebot/2.1; +http://www.google.com/bot.html)"
65.55.106.196 - - [21/Jul/2009:04:54:01 -0700] "GET /gallery/main.php?g2_controller=exif.SwitchDetailMode&g2_mode=detailed&g2_return=%2Fgallery%2Fmain.php%3Fg2_itemId%3D33685&g2_returnName=photo HTTP/1.1" 302 5 "-" "msnbot/2.0b (+http://search.msn.com/msnbot.htm)"
74.125.16.65 - - [21/Jul/2009:04:54:33 -0700] "GET /gwidgets/alexa.xml HTTP/1.1" 200 2969 "-" "Mozilla/5.0 (compatible) Feedfetcher-Google; (+http://www.google.com/feedfetcher.html)"
66.249.67.3 - - [21/Jul/2009:04:55:02 -0700] "GET /gallery/main.php?g2_view=search.SearchScan&g2_form%5BuseDefaultSettings%5D=1&g2_return=%2Fgallery%2Fmain.php%3Fg2_itemId%3D19639&g2_returnName=photo HTTP/1.1" 200 6360 "-" "Mozilla/5.0 (compatible; Googlebot/2.1; +http://www.google.com/bot.html)"
74.125.74.193 - - [21/Jul/2009:04:55:04 -0700] "GET /gwidgets/alexa.xml HTTP/1.1" 200 2969 "-" "FeedFetcher-Google; (+http://www.google.com/feedfetcher.html)"
66.235.116.128 - - [21/Jul/2009:04:55:35 -0700] "GET /rss.pl HTTP/1.1" 200 35942 "-" "Bloglines/3.1 (http://www.bloglines.com; 8 subscribers)"
65.55.106.214 - - [21/Jul/2009:04:55:52 -0700] "GET /gallery/main.php?g2_itemId=14881 HTTP/1.1" 200 7779 "-" "msnbot/2.0b (+http://search.msn.com/msnbot.htm)"
66.249.67.3 - - [21/Jul/2009:04:56:09 -0700] "GET /gallery/main.php?g2_view=core.UserAdmin&g2_subView=core.UserLogin&g2_return=%2Fgallery%2Fmain.php%3Fg2_itemId%3D19811&g2_returnName=photo HTTP/1.1" 200 4004 "-" "Mozilla/5.0 (compatible; Googlebot/2.1; +http://www.google.com/bot.html)"
92.60.27.38 - - [21/Jul/2009:04:56:35 -0700] "GET /gnucache/index.php?get=1&net=gnutella&client=GNUC&version=1.1.1.6 HTTP/1.1" 404 146 "-" "Mozilla/4.0"
72.14.193.68 - - [21/Jul/2009:04:56:44 -0700] "GET /gadgets/adpowers/AlexaRank/g.xml HTTP/1.1" 200 3164 "-" "Mozilla/5.0 (compatible) Feedfetcher-Google; (+http://www.google.com/feedfetcher.html)"
66.249.67.3 - - [21/Jul/2009:04:56:45 -0700] "GET /gallery/main.php?g2_controller=exif.SwitchDetailMode&g2_mode=detailed&g2_return=%2Fgallery%2Fmain.php%3Fg2_itemId%3D10814&g2_returnName=photo HTTP/1.1" 302 5 "-" "Mozilla/5.0 (compatible; Googlebot/2.1; +http://www.google.com/bot.html)"
72.14.193.68 - - [21/Jul/2009:04:56:45 -0700] "GET /gadgets/adpowers/AlexaRank/ALL_ALL.xml HTTP/1.1" 200 1160 "-" "Mozilla/5.0 (compatible) Feedfetcher-Google; (+http://www.google.com/feedfetcher.html)"
72.14.192.65 - - [21/Jul/2009:04:56:48 -0700] "GET /gadgets/Prider/90sRockedPodcast/g.xml HTTP/1.1" 200 1601 "-" "Mozilla/5.0 (compatible) Feedfetcher-Google; (+http://www.google.com/feedfetcher.html)"
66.249.67.3 - - [21/Jul/2009:04:56:49 -0700] "GET /gallery/main.php?g2_itemId=10814&g2_fromNavId=xc0683b21 HTTP/1.1" 200 8071 "-" "Mozilla/5.0 (compatible; Googlebot/2.1; +http://www.google.com/bot.html)"
119.63.193.55 - - [21/Jul/2009:04:56:52 -0700] "GET / HTTP/1.1" 200 12816 "-" "Baiduspider+(+http://www.baidu.jp/spider/)"
65.55.106.209 - - [21/Jul/2009:04:57:00 -0700] "GET /gallery/main.php?g2_itemId=2859 HTTP/1.1" 200 8294 "-" "msnbot/2.0b (+http://search.msn.com/msnbot.htm)"
74.125.74.193 - - [21/Jul/2009:04:57:10 -0700] "GET /gadgets/adpowers/AlexaRank/g.xml HTTP/1.1" 200 3164 "-" "Mozilla/5.0 (compatible) Feedfetcher-Google; (+http://www.google.com/feedfetcher.html)"
74.125.74.193 - - [21/Jul/2009:04:57:11 -0700] "GET /gadgets/adpowers/AlexaRank/ALL_ALL.xml HTTP/1.1" 200 1160 "-" "Mozilla/5.0 (compatible) Feedfetcher-Google; (+http://www.google.com/feedfetcher.html)"
66.249.67.3 - - [21/Jul/2009:04:57:12 -0700] "GET /gallery/main.php?g2_view=core.DownloadItem&g2_itemId=15418&g2_serialNumber=2 HTTP/1.1" 304 0 "-" "Googlebot-Image/1.0"
66.249.67.3 - - [21/Jul/2009:04:57:16 -0700] "GET /gallery/main.php?g2_view=search.SearchScan&g2_form%5BuseDefaultSettings%5D=1&g2_return=%2Fgallery%2Fmain.php%3Fg2_view%3Dcomment.ShowAllComments%26g2_itemId%3D3648&g2_returnName=show+comments HTTP/1.1" 200 6360 "-" "Mozilla/5.0 (compatible; Googlebot/2.1; +http://www.google.com/bot.html)"
66.249.67.3 - - [21/Jul/2009:04:58:22 -0700] "GET /gallery/main.php?g2_controller=exif.SwitchDetailMode&g2_mode=detailed&g2_return=%2Fgallery%2Fmain.php%3Fg2_itemId%3D16894&g2_returnName=photo HTTP/1.1" 302 5 "-" "Mozilla/5.0 (compatible; Googlebot/2.1; +http://www.google.com/bot.html)"
66.249.67.3 - - [21/Jul/2009:04:58:25 -0700] "GET /gallery/main.php?g2_itemId=16894&g2_fromNavId=x5394073a HTTP/1.1" 200 8399 "-" "Mozilla/5.0 (compatible; Googlebot/2.1; +http://www.google.com/bot.html)"
72.14.194.1 - - [21/Jul/2009:04:58:47 -0700] "GET /gwidgets/alexa.xml HTTP/1.1" 200 2969 "-" "Mozilla/5.0 (compatible) Feedfetcher-Google; (+http://www.google.com/feedfetcher.html)"
74.125.74.193 - - [21/Jul/2009:04:59:18 -0700] "GET /gwidgets/alexa.xml HTTP/1.1" 200 2969 "-" "Mozilla/5.0 (compatible) Feedfetcher-Google; (+http://www.google.com/feedfetcher.html)"
65.55.106.189 - - [21/Jul/2009:04:59:26 -0700] "GET /gallery/main.php?g2_itemId=24880&g2_imageViewsIndex=1 HTTP/1.1" 200 8086 "-" "msnbot/2.0b (+http://search.msn.com/msnbot.htm)"
66.249.67.3 - - [21/Jul/2009:04:59:29 -0700] "GET /gallery/main.php?g2_view=comment.ShowAllComments&g2_itemId=16894&g2_return=%2Fgallery%2Fmain.php%3Fg2_itemId%3D16894&g2_returnName=photo HTTP/1.1" 200 4963 "-" "Mozilla/5.0 (compatible; Googlebot/2.1; +http://www.google.com/bot.html)"
66.249.67.3 - - [21/Jul/2009:05:00:35 -0700] "GET /gallery/main.php?g2_itemId=14884&g2_highlightId=15227 HTTP/1.1" 302 5 "-" "Mozilla/5.0 (compatible; Googlebot/2.1; +http://www.google.com/bot.html)"
66.249.67.3 - - [21/Jul/2009:05:00:39 -0700] "GET /gallery/main.php?g2_itemId=14884&g2_page=5 HTTP/1.1" 200 19875 "-" "Mozilla/5.0 (compatible; Googlebot/2.1; +http://www.google.com/bot.html)"
72.14.192.65 - - [21/Jul/2009:05:00:52 -0700] "GET /gadgets/adpowers/AlexaRank/ALL_ALL.xml HTTP/1.1" 200 1160 "-" "FeedFetcher-Google; (+http://www.google.com/feedfetcher.html)"
72.14.192.65 - - [21/Jul/2009:05:00:55 -0700] "GET /gadgets/adpowers/AlexaRank/g.xml HTTP/1.1" 200 3164 "-" "Mozilla/5.0 (compatible) Feedfetcher-Google; (+http://www.google.com/feedfetcher.html)"
72.14.192.65 - - [21/Jul/2009:05:00:56 -0700] "GET /gadgets/adpowers/AlexaRank/ALL_ALL.xml HTTP/1.1" 200 1160 "-" "Mozilla/5.0 (compatible) Feedfetcher-Google; (+http://www.google.com/feedfetcher.html)"
74.125.16.65 - - [21/Jul/2009:05:01:00 -0700] "GET /gwidgets/alexa.xml HTTP/1.1" 200 2969 "-" "Mozilla/5.0 (compatible) Feedfetcher-Google; (+http://www.google.com/feedfetcher.html)"
74.125.16.65 - - [21/Jul/2009:05:01:02 -0700] "GET /gadgets/adpowers/AlexaRank/g.xml HTTP/1.1" 200 3164 "-" "Mozilla/5.0 (compatible) Feedfetcher-Google; (+http://www.google.com/feedfetcher.html)"
74.125.16.65 - - [21/Jul/2009:05:01:02 -0700] "GET /gadgets/adpowers/AlexaRank/g.xml HTTP/1.1" 200 3164 "-" "Mozilla/5.0 (compatible) Feedfetcher-Google; (+http://www.google.com/feedfetcher.html)"
74.125.16.65 - - [21/Jul/2009:05:01:03 -0700] "GET /gadgets/adpowers/AlexaRank/ALL_ALL.xml HTTP/1.1" 200 1160 "-" "Mozilla/5.0 (compatible) Feedfetcher-Google; (+http://www.google.com/feedfetcher.html)"
74.125.16.65 - - [21/Jul/2009:05:01:03 -0700] "GET /gadgets/adpowers/AlexaRank/ALL_ALL.xml HTTP/1.1" 200 1160 "-" "Mozilla/5.0 (compatible) Feedfetcher-Google; (+http://www.google.com/feedfetcher.html)"
66.249.67.3 - - [21/Jul/2009:05:01:34 -0700] "GET /musicmobs/albumcloud.pl?uga1111&service=lastfm HTTP/1.1" 302 349 "-" "Mozilla/5.0 (compatible; Googlebot/2.1; +http://www.google.com/bot.html)"
65.55.104.13 - - [21/Jul/2009:05:01:35 -0700] "GET / HTTP/1.1" 200 17933 "-" "msnbot/1.1 (+http://search.msn.com/msnbot.htm)"
66.249.67.3 - - [21/Jul/2009:05:01:43 -0700] "GET /gallery/main.php?g2_view=search.SearchScan&g2_form%5BuseDefaultSettings%5D=1&g2_return=%2Fgallery%2Fmain.php%3Fg2_itemId%3D16894&g2_returnName=photo HTTP/1.1" 200 6360 "-" "Mozilla/5.0 (compatible; Googlebot/2.1; +http://www.google.com/bot.html)"
65.55.106.207 - - [21/Jul/2009:05:01:44 -0700] "GET /gallery/main.php?g2_itemId=4195 HTTP/1.1" 200 7665 "-" "msnbot/2.0b (+http://search.msn.com/msnbot.htm)"
64.233.173.2 - - [21/Jul/2009:05:01:46 -0700] "GET /gadgets/adpowers/AlexaRank/g.xml HTTP/1.1" 200 3164 "-" "FeedFetcher-Google; (+http://www.google.com/feedfetcher.html)"
72.30.142.87 - - [21/Jul/2009:05:01:52 -0700] "GET /index.pl?page=humor HTTP/1.0" 200 5254 "-" "Mozilla/5.0 (compatible; Yahoo! Slurp/3.0; http://help.yahoo.com/help/us/ysearch/slurp)"
64.233.172.17 - - [21/Jul/2009:05:02:08 -0700] "GET /gwidgets/alexa.xml HTTP/1.1" 200 2969 "-" "Mozilla/5.0 (compatible) Feedfetcher-Google; (+http://www.google.com/feedfetcher.html)"
65.55.106.196 - - [21/Jul/2009:05:02:11 -0700] "GET /gallery/main.php?g2_itemId=33685&g2_fromNavId=x54b7bd6d HTTP/1.1" 200 8122 "-" "msnbot/2.0b (+http://search.msn.com/msnbot.htm)"
74.125.74.193 - - [21/Jul/2009:05:02:23 -0700] "GET /gadgets/adpowers/AlexaRank/g.xml HTTP/1.1" 200 3164 "-" "Mozilla/5.0 (compatible) Feedfetcher-Google; (+http://www.google.com/feedfetcher.html)"
74.125.74.193 - - [21/Jul/2009:05:02:24 -0700] "GET /gadgets/adpowers/AlexaRank/ALL_ALL.xml HTTP/1.1" 200 1160 "-" "Mozilla/5.0 (compatible) Feedfetcher-Google; (+http://www.google.com/feedfetcher.html)"
64.233.173.2 - - [21/Jul/2009:05:02:25 -0700] "GET /gadgets/adpowers/AlexaRank/ALL_ALL.xml HTTP/1.1" 200 1160 "-" "FeedFetcher-Google; (+http://www.google.com/feedfetcher.html)"
66.249.67.3 - - [21/Jul/2009:05:02:48 -0700] "GET /gallery/main.php?g2_controller=exif.SwitchDetailMode&g2_mode=detailed&g2_return=%2Fgallery%2Fmain.php%3Fg2_itemId%3D19657&g2_returnName=photo HTTP/1.1" 302 5 "-" "Mozilla/5.0 (compatible; Googlebot/2.1; +http://www.google.com/bot.html)"
66.249.67.3 - - [21/Jul/2009:05:02:52 -0700] "GET /gallery/main.php?g2_itemId=19657&g2_fromNavId=x80801f90 HTTP/1.1" 200 8321 "-" "Mozilla/5.0 (compatible; Googlebot/2.1; +http://www.google.com/bot.html)"
72.14.194.1 - - [21/Jul/2009:05:03:19 -0700] "GET /gadgets/adpowers/AlexaRank/g.xml HTTP/1.1" 200 3164 "-" "Mozilla/5.0 (compatible) Feedfetcher-Google; (+http://www.google.com/feedfetcher.html)"
72.14.194.1 - - [21/Jul/2009:05:03:19 -0700] "GET /gadgets/adpowers/AlexaRank/ALL_ALL.xml HTTP/1.1" 200 1160 "-" "Mozilla/5.0 (compatible) Feedfetcher-Google; (+http://www.google.com/feedfetcher.html)"
119.63.193.107 - - [21/Jul/2009:05:03:40 -0700] "GET / HTTP/1.1" 200 12816 "-" "Baiduspider+(+http://www.baidu.jp/spider/)"
66.249.67.3 - - [21/Jul/2009:05:03:54 -0700] "GET /gallery/main.php?g2_controller=exif.SwitchDetailMode&g2_mode=detailed&g2_return=%2Fgallery%2Fmain.php%3Fg2_itemId%3D19639&g2_returnName=photo HTTP/1.1" 302 5 "-" "Mozilla/5.0 (compatible; Googlebot/2.1; +http://www.google.com/bot.html)"
66.249.67.3 - - [21/Jul/2009:05:03:58 -0700] "GET /gallery/main.php?g2_itemId=19639&g2_fromNavId=x9a0bba7f HTTP/1.1" 200 8371 "-" "Mozilla/5.0 (compatible; Googlebot/2.1; +http://www.google.com/bot.html)"
74.125.75.17 - - [21/Jul/2009:05:04:06 -0700] "GET /rss.pl HTTP/1.1" 200 35942 "-" "FeedFetcher-Google-CoOp; (+http://www.google.com/coop/docs/subscribedlinks/developer_guide.html#Publishing)"
64.233.172.17 - - [21/Jul/2009:05:04:39 -0700] "GET /gwidgets/alexa.xml HTTP/1.1" 200 2969 "-" "Mozilla/5.0 (compatible) Feedfetcher-Google; (+http://www.google.com/feedfetcher.html)"
74.125.16.65 - - [21/Jul/2009:05:04:47 -0700] "GET /gwidgets/alexa.xml HTTP/1.1" 200 2969 "-" "FeedFetcher-Google; (+http://www.google.com/feedfetcher.html)"
66.249.67.3 - - [21/Jul/2009:05:05:01 -0700] "GET /gallery/main.php?g2_controller=exif.SwitchDetailMode&g2_mode=detailed&g2_return=%2Fgallery%2Fmain.php%3Fg2_itemId%3D19811&g2_returnName=photo HTTP/1.1" 302 5 "-" "Mozilla/5.0 (compatible; Googlebot/2.1; +http://www.google.com/bot.html)"
66.249.67.3 - - [21/Jul/2009:05:05:05 -0700] "GET /gallery/main.php?g2_itemId=19811&g2_fromNavId=xa545675e HTTP/1.1" 200 8390 "-" "Mozilla/5.0 (compatible; Googlebot/2.1; +http://www.google.com/bot.html)"
64.233.172.17 - - [21/Jul/2009:05:05:06 -0700] "GET /gadgets/adpowers/AlexaRank/ALL_ALL.xml HTTP/1.1" 200 1160 "-" "FeedFetcher-Google; (+http://www.google.com/feedfetcher.html)"
123.125.66.35 - - [21/Jul/2009:05:05:21 -0700] "GET / HTTP/1.1" 200 12816 "-" "Baiduspider+(+http://www.baidu.com/search/spider.htm)"
174.36.241.148 - - [21/Jul/2009:05:05:38 -0700] "GET / HTTP/1.1" 200 17933 "-" "Mozilla/5.0 (X11; U; Linux i686; en-US; rv:1.2.1; aggregator:Spinn3r (Spinn3r 3.1); http://spinn3r.com/robot) Gecko/20021130"
65.55.106.189 - - [21/Jul/2009:05:05:49 -0700] "GET /gallery/main.php?g2_itemId=3177 HTTP/1.1" 200 7960 "-" "msnbot/2.0b (+http://search.msn.com/msnbot.htm)"
74.125.74.193 - - [21/Jul/2009:05:06:01 -0700] "GET /gwidgets/alexa.xml HTTP/1.1" 200 2969 "-" "Mozilla/5.0 (compatible) Feedfetcher-Google; (+http://www.google.com/feedfetcher.html)"
64.233.172.17 - - [21/Jul/2009:05:06:04 -0700] "GET /gadgets/Prider/90sRockedPodcast/g.xml HTTP/1.1" 200 1601 "-" "Mozilla/5.0 (compatible) Feedfetcher-Google; (+http://www.google.com/feedfetcher.html)"
66.249.67.3 - - [21/Jul/2009:05:06:08 -0700] "GET /gallery/main.php?g2_view=core.UserAdmin&g2_subView=core.UserLogin&g2_return=%2Fgallery%2Fmain.php%3Fg2_view%3Dcomment.ShowAllComments%26g2_itemId%3D3648&g2_returnName=show+comments HTTP/1.1" 200 4118 "-" "Mozilla/5.0 (compatible; Googlebot/2.1; +http://www.google.com/bot.html)"
66.249.67.3 - - [21/Jul/2009:05:06:21 -0700] "GET /gallery/main.php?g2_controller=exif.SwitchDetailMode&g2_mode=detailed&g2_return=%2Fgallery%2Fmain.php%3Fg2_itemId%3D10814%26g2_imageViewsIndex%3D1&g2_returnName=photo HTTP/1.1" 302 5 "-" "Mozilla/5.0 (compatible; Googlebot/2.1; +http://www.google.com/bot.html)"
66.249.67.3 - - [21/Jul/2009:05:06:25 -0700] "GET /gallery/main.php?g2_itemId=10814&g2_imageViewsIndex=1&g2_fromNavId=x8015446e HTTP/1.1" 200 8173 "-" "Mozilla/5.0 (compatible; Googlebot/2.1; +http://www.google.com/bot.html)"
66.249.67.3 - - [21/Jul/2009:05:06:25 -0700] "GET /gallery/main.php?g2_view=core.DownloadItem&g2_itemId=22507&g2_serialNumber=4 HTTP/1.1" 304 0 "-" "Googlebot-Image/1.0"
209.48.238.82 - - [21/Jul/2009:05:06:30 -0700] "GET /?post=304 HTTP/1.1" 200 6476 "-" "Mozilla/5.0 (Windows; U; Windows NT 5.1; en-US; rv:1.9.0.11) Gecko/2009060215 Firefox/3.0.11 (.NET CLR 3.5.30729)"
209.48.238.82 - - [21/Jul/2009:05:06:31 -0700] "GET /style.css HTTP/1.1" 200 1504 "http://example.org/?post=304" "Mozilla/5.0 (Windows; U; Windows NT 5.1; en-US; rv:1.9.0.11) Gecko/2009060215 Firefox/3.0.11 (.NET CLR 3.5.30729)"
209.48.238.82 - - [21/Jul/2009:05:06:36 -0700] "GET /favicon.ico HTTP/1.1" 404 146 "-" "Mozilla/5.0 (Windows; U; Windows NT 5.1; en-US; rv:1.9.0.11) Gecko/2009060215 Firefox/3.0.11 (.NET CLR 3.5.30729)"
209.48.238.82 - - [21/Jul/2009:05:06:37 -0700] "GET /favicon.ico HTTP/1.1" 206 146 "-" "Mozilla/5.0 (Windows; U; Windows NT 5.1; en-US; rv:1.9.0.11) Gecko/2009060215 Firefox/3.0.11 (.NET CLR 3.5.30729)"
65.55.208.180 - - [21/Jul/2009:05:06:38 -0700] "GET /gallery/v/misc/go%20oglebus/ HTTP/1.1" 302 5 "-" "msnbot/1.1 (+http://search.msn.com/msnbot.htm)"
65.55.106.122 - - [21/Jul/2009:05:06:44 -0700] "GET /gallery/main.php?g2_view=keyalbum.KeywordAlbum&g2_keyword=pig&g2_highlightId=33245 HTTP/1.1" 302 5 "-" "msnbot/2.0b (+http://search.msn.com/msnbot.htm)"
65.55.106.122 - - [21/Jul/2009:05:06:52 -0700] "GET /gallery/main.php?g2_view=keyalbum.KeywordAlbum&g2_keyword=pig HTTP/1.1" 200 8757 "-" "msnbot/2.0b (+http://search.msn.com/msnbot.htm)"
65.55.106.167 - - [21/Jul/2009:05:07:02 -0700] "GET /gallery/main.php?g2_itemId=19490 HTTP/1.1" 200 8318 "-" "msnbot/2.0b (+http://search.msn.com/msnbot.htm)"
72.14.192.65 - - [21/Jul/2009:05:07:10 -0700] "GET /gwidgets/alexa.xml HTTP/1.1" 200 2969 "-" "Mozilla/5.0 (compatible) Feedfetcher-Google; (+http://www.google.com/feedfetcher.html)"
66.249.67.3 - - [21/Jul/2009:05:07:15 -0700] "GET /gallery/main.php?g2_itemId=16724&g2_highlightId=16894 HTTP/1.1" 302 5 "-" "Mozilla/5.0 (compatible; Googlebot/2.1; +http://www.google.com/bot.html)"
66.249.67.3 - - [21/Jul/2009:05:07:19 -0700] "GET /gallery/main.php?g2_itemId=16724&g2_page=3 HTTP/1.1" 200 22078 "-" "Mozilla/5.0 (compatible; Googlebot/2.1; +http://www.google.com/bot.html)"
66.249.67.3 - - [21/Jul/2009:05:07:20 -0700] "GET /gallery/main.php?g2_view=core.DownloadItem&g2_itemId=27919&g2_serialNumber=1 HTTP/1.1" 200 64547 "-" "Googlebot-Image/1.0"
74.125.16.65 - - [21/Jul/2009:05:07:20 -0700] "GET /gadgets/adpowers/AlexaRank/g.xml HTTP/1.1" 200 3164 "-" "Mozilla/5.0 (compatible) Feedfetcher-Google; (+http://www.google.com/feedfetcher.html)"
74.125.16.65 - - [21/Jul/2009:05:07:22 -0700] "GET /gadgets/adpowers/AlexaRank/ALL_ALL.xml HTTP/1.1" 200 1160 "-" "Mozilla/5.0 (compatible) Feedfetcher-Google; (+http://www.google.com/feedfetcher.html)"
220.181.7.97 - - [21/Jul/2009:05:07:38 -0700] "GET / HTTP/1.1" 200 12816 "-" "Baiduspider+(+http://www.baidu.com/search/spider.htm)"
74.125.75.17 - - [21/Jul/2009:05:07:48 -0700] "GET /gadgets/adpowers/AlexaRank/g.xml HTTP/1.1" 200 3164 "-" "FeedFetcher-Google; (+http://www.google.com/feedfetcher.html)"
64.233.172.17 - - [21/Jul/2009:05:07:57 -0700] "GET /gadgets/adpowers/AlexaRank/g.xml HTTP/1.1" 200 3164 "-" "Mozilla/5.0 (compatible) Feedfetcher-Google; (+http://www.google.com/feedfetcher.html)"
64.233.173.2 - - [21/Jul/2009:05:07:57 -0700] "GET /gadgets/adpowers/AlexaRank/ALL_ALL.xml HTTP/1.1" 200 1160 "-" "Mozilla/5.0 (compatible) Feedfetcher-Google; (+http://www.google.com/feedfetcher.html)"
65.55.106.168 - - [21/Jul/2009:05:08:17 -0700] "GET /?post=193 HTTP/1.1" 200 5092 "-" "msnbot/2.0b (+http://search.msn.com/msnbot.htm)"
66.249.67.3 - - [21/Jul/2009:05:08:21 -0700] "GET /gallery/main.php?g2_itemId=19463&g2_highlightId=19639 HTTP/1.1" 302 5 "-" "Mozilla/5.0 (compatible; Googlebot/2.1; +http://www.google.com/bot.html)"
74.125.16.65 - - [21/Jul/2009:05:08:24 -0700] "GET /gwidgets/alexa.xml HTTP/1.1" 200 2969 "-" "Mozilla/5.0 (compatible) Feedfetcher-Google; (+http://www.google.com/feedfetcher.html)"
74.125.74.193 - - [21/Jul/2009:05:08:33 -0700] "GET /gadgets/adpowers/AlexaRank/g.xml HTTP/1.1" 200 3164 "-" "Mozilla/5.0 (compatible) Feedfetcher-Google; (+http://www.google.com/feedfetcher.html)"
74.125.74.193 - - [21/Jul/2009:05:08:34 -0700] "GET /gadgets/adpowers/AlexaRank/ALL_ALL.xml HTTP/1.1" 200 1160 "-" "Mozilla/5.0 (compatible) Feedfetcher-Google; (+http://www.google.com/feedfetcher.html)"
74.125.74.193 - - [21/Jul/2009:05:08:35 -0700] "GET /gadgets/adpowers/AlexaRank/ja_ALL.xml HTTP/1.1" 200 1264 "-" "Mozilla/5.0 (compatible) Feedfetcher-Google; (+http://www.google.com/feedfetcher.html)"
65.55.107.181 - - [21/Jul/2009:05:09:15 -0700] "GET /gallery/main.php?g2_controller=exif.SwitchDetailMode&g2_mode=detailed&g2_return=%2Fgallery%2Fmain.php%3Fg2_itemId%3D3876&g2_returnName=photo HTTP/1.1" 302 5 "-" "msnbot/2.0b (+http://search.msn.com/msnbot.htm)"
65.55.106.196 - - [21/Jul/2009:05:09:17 -0700] "GET /gallery/main.php?g2_itemId=2838&g2_highlightId=2908 HTTP/1.1" 302 5 "-" "msnbot/2.0b (+http://search.msn.com/msnbot.htm)"
65.55.107.181 - - [21/Jul/2009:05:09:25 -0700] "GET /gallery/main.php?g2_itemId=3876&g2_fromNavId=xf7084c8d HTTP/1.1" 200 8251 "-" "msnbot/2.0b (+http://search.msn.com/msnbot.htm)"
65.55.208.180 - - [21/Jul/2009:05:09:49 -0700] "GET /gallery/v/misc/main.php HTTP/1.1" 302 5 "-" "msnbot/1.1 (+http://search.msn.com/msnbot.htm)"
174.36.241.149 - - [21/Jul/2009:05:10:11 -0700] "GET /rss.pl HTTP/1.1" 200 35942 "-" "Mozilla/5.0 (X11; U; Linux i686; en-US; rv:1.2.1; aggregator:Spinn3r (Spinn3r 3.1); http://spinn3r.com/robot) Gecko/20021130"
92.40.163.55 - - [21/Jul/2009:05:10:23 -0700] "GET /style.css HTTP/1.1" 200 1504 "http://example.org/?news=all" "Mozilla/4.0 (compatible; MSIE 7.0; Windows NT 6.0; SLCC1; .NET CLR 2.0.50727; Media Center PC 5.0; .NET CLR 3.0.04506)"
92.40.163.55 - - [21/Jul/2009:05:10:27 -0700] "GET /images/canhascheezburger.png HTTP/1.1" 200 60097 "http://example.org/?news=all" "Mozilla/4.0 (compatible; MSIE 7.0; Windows NT 6.0; SLCC1; .NET CLR 2.0.50727; Media Center PC 5.0; .NET CLR 3.0.04506)"
72.14.194.1 - - [21/Jul/2009:05:10:28 -0700] "GET /gwidgets/alexa.xml HTTP/1.1" 200 2969 "-" "Mozilla/5.0 (compatible) Feedfetcher-Google; (+http://www.google.com/feedfetcher.html)"
92.40.163.55 - - [21/Jul/2009:05:10:30 -0700] "GET /images/robertcreativity.jpg HTTP/1.1" 200 58630 "http://example.org/?news=all" "Mozilla/4.0 (compatible; MSIE 7.0; Windows NT 6.0; SLCC1; .NET CLR 2.0.50727; Media Center PC 5.0; .NET CLR 3.0.04506)"
92.40.163.55 - - [21/Jul/2009:05:10:33 -0700] "GET /images/nanochromatic.jpg HTTP/1.1" 200 18589 "http://example.org/?news=all" "Mozilla/4.0 (compatible; MSIE 7.0; Windows NT 6.0; SLCC1; .NET CLR 2.0.50727; Media Center PC 5.0; .NET CLR 3.0.04506)"
66.249.67.3 - - [21/Jul/2009:05:10:35 -0700] "GET /gallery/main.php?g2_view=comment.ShowAllComments&g2_itemId=19639&g2_return=%2Fgallery%2Fmain.php%3Fg2_itemId%3D19639&g2_returnName=photo HTTP/1.1" 200 4965 "-" "Mozilla/5.0 (compatible; Googlebot/2.1; +http://www.google.com/bot.html)"
92.40.163.55 - - [21/Jul/2009:05:10:37 -0700] "GET /?news=all HTTP/1.1" 200 464007 "http://search.hp.my.aol.co.uk/aol/imageDetails?invocationType=imageDetails&query=transpleaseuals+escort+websits&img=http%3A%2F%2Fexample.org%2Fimages%2Fipv6-google.png&site=&host=http%3A%2F%2Fexample.org%2F%3Fnews%3Dall&width=138&height=86&thumbUrl=http%3A%2F%2Fimages-partners-tbn.google.com%2Fimages%3Fq%3Dtbn%3A9JSlEKHpwEYxKM%3Aexample.org%2Fimages%2Fipv6-google.png&b=image%3Fquery%3Dtranspleaseuals%2Bescort%2Bwebsits%26page%3D3%26invocationType%3Dtb50hpcnnb-en-gb%26clickstreamid%3D-770709141772884677" "Mozilla/4.0 (compatible; MSIE 7.0; Windows NT 6.0; SLCC1; .NET CLR 2.0.50727; Media Center PC 5.0; .NET CLR 3.0.04506)"
