65.55.106.218 - - [21/Jul/2009:02:29:02 -0700] "GET /gallery/main.php?g2_view=search.SearchScan&g2_form%5BuseDefaultSettings%5D=1&g2_return=%2Fgallery%2Fmain.php%3Fg2_itemId%3D33680&g2_returnName=photo HTTP/1.1" 200 6360 "-" "msnbot/2.0b (+http://search.msn.com/msnbot.htm)"
72.14.192.65 - - [21/Jul/2009:02:29:17 -0700] "GET /gwidgets/alexa.xml HTTP/1.1" 200 2969 "-" "Mozilla/5.0 (compatible) Feedfetcher-Google; (+http://www.google.com/feedfetcher.html)"
66.249.67.3 - - [21/Jul/2009:02:29:40 -0700] "GET /gallery/main.php?g2_view=search.SearchScan&g2_form%5BuseDefaultSettings%5D=1&g2_return=%2Fgallery%2Fmain.php%3Fg2_itemId%3D3009&g2_returnName=photo HTTP/1.1" 200 6360 "-" "Mozilla/5.0 (compatible; Googlebot/2.1; +http://www.google.com/bot.html)"
65.55.106.109 - - [21/Jul/2009:02:29:43 -0700] "GET /gallery/main.php?g2_controller=exif.SwitchDetailMode&g2_mode=detailed&g2_return=%2Fgallery%2Fmain.php%3Fg2_itemId%3D26937&g2_returnName=photo HTTP/1.1" 302 5 "-" "msnbot/2.0b (+http://search.msn.com/msnbot.htm)"
65.55.106.109 - - [21/Jul/2009:02:29:51 -0700] "GET /gallery/main.php?g2_itemId=26937&g2_fromNavId=xe42bb4f3 HTTP/1.1" 200 8264 "-" "msnbot/2.0b (+http://search.msn.com/msnbot.htm)"
65.55.106.160 - - [21/Jul/2009:02:29:56 -0700] "GET /gallery/main.php?g2_itemId=32050 HTTP/1.1" 200 7119 "-" "msnbot/2.0b (+http://search.msn.com/msnbot.htm)"
65.55.106.109 - - [21/Jul/2009:02:29:58 -0700] "GET /gallery/main.php?g2_itemId=26541 HTTP/1.1" 200 7996 "-" "msnbot/2.0b (+http://search.msn.com/msnbot.htm)"
72.14.192.65 - - [21/Jul/2009:02:30:24 -0700] "GET /gadgets/adpowers/AlexaRank/ja_ALL.xml HTTP/1.1" 200 1264 "-" "Mozilla/5.0 (compatible) Feedfetcher-Google; (+http://www.google.com/feedfetcher.html)"
66.249.67.87 - - [21/Jul/2009:02:30:47 -0700] "GET /gallery/main.php?g2_view=core.UserAdmin&g2_subView=core.UserLogin&g2_return=%2Fgallery%2Fmain.php%3Fg2_itemId%3D519&g2_returnName=photo HTTP/1.1" 200 3998 "-" "Mozilla/5.0 (compatible; Googlebot/2.1; +http://www.google.com/bot.html)"
74.125.74.193 - - [21/Jul/2009:02:30:54 -0700] "GET /gwidgets/alexa.xml HTTP/1.1" 200 2969 "-" "Mozilla/5.0 (compatible) Feedfetcher-Google; (+http://www.google.com/feedfetcher.html)"
74.125.74.193 - - [21/Jul/2009:02:31:29 -0700] "GET /gadgets/adpowers/AlexaRank/g.xml HTTP/1.1" 200 3164 "-" "Mozilla/5.0 (compatible) Feedfetcher-Google; (+http://www.google.com/feedfetcher.html)"
74.125.74.193 - - [21/Jul/2009:02:31:30 -0700] "GET /gadgets/adpowers/AlexaRank/ALL_ALL.xml HTTP/1.1" 200 1160 "-" "Mozilla/5.0 (compatible) Feedfetcher-Google; (+http://www.google.com/feedfetcher.html)"
74.125.74.193 - - [21/Jul/2009:02:31:31 -0700] "GET /gadgets/adpowers/AlexaRank/ja_ALL.xml HTTP/1.1" 200 1264 "-" "Mozilla/5.0 (compatible) Feedfetcher-Google; (+http://www.google.com/feedfetcher.html)"
64.233.172.17 - - [21/Jul/2009:02:31:41 -0700] "GET /gadgets/adpowers/AlexaRank/g.xml HTTP/1.1" 200 3164 "-" "Mozilla/5.0 (compatible) Feedfetcher-Google; (+http://www.google.com/feedfetcher.html)"
64.233.172.17 - - [21/Jul/2009:02:31:41 -0700] "GET /gadgets/adpowers/AlexaRank/ALL_ALL.xml HTTP/1.1" 200 1160 "-" "Mozilla/5.0 (compatible) Feedfetcher-Google; (+http://www.google.com/feedfetcher.html)"
66.249.67.3 - - [21/Jul/2009:02:31:53 -0700] "GET /gallery/main.php?g2_view=search.SearchScan&g2_form%5BuseDefaultSettings%5D=1&g2_return=%2Fgallery%2Fmain.php%3Fg2_itemId%3D15396&g2_returnName=photo HTTP/1.1" 200 6360 "-" "Mozilla/5.0 (compatible; Googlebot/2.1; +http://www.google.com/bot.html)"
72.30.142.87 - - [21/Jul/2009:02:31:59 -0700] "GET /?post=19 HTTP/1.0" 200 4695 "-" "Mozilla/5.0 (compatible; Yahoo! Slurp/3.0; http://help.yahoo.com/help/us/ysearch/slurp)"
66.249.67.3 - - [21/Jul/2009:02:32:42 -0700] "GET /gallery/main.php?g2_controller=exif.SwitchDetailMode&g2_mode=detailed&g2_return=%2Fgallery%2Fmain.php%3Fg2_itemId%3D12075%26g2_imageViewsIndex%3D1&g2_returnName=photo HTTP/1.1" 302 5 "-" "Mozilla/5.0 (compatible; Googlebot/2.1; +http://www.google.com/bot.html)"
66.249.67.3 - - [21/Jul/2009:02:32:46 -0700] "GET /gallery/main.php?g2_itemId=12075&g2_imageViewsIndex=1&g2_fromNavId=x3056553b HTTP/1.1" 200 8252 "-" "Mozilla/5.0 (compatible; Googlebot/2.1; +http://www.google.com/bot.html)"
66.249.67.3 - - [21/Jul/2009:02:32:59 -0700] "GET /gallery/main.php?g2_controller=exif.SwitchDetailMode&g2_mode=detailed&g2_return=%2Fgallery%2Fmain.php%3Fg2_itemId%3D17911&g2_returnName=photo HTTP/1.1" 302 5 "-" "Mozilla/5.0 (compatible; Googlebot/2.1; +http://www.google.com/bot.html)"
66.249.67.3 - - [21/Jul/2009:02:33:03 -0700] "GET /gallery/main.php?g2_itemId=17911&g2_fromNavId=x8654658f HTTP/1.1" 200 8280 "-" "Mozilla/5.0 (compatible; Googlebot/2.1; +http://www.google.com/bot.html)"
74.125.16.65 - - [21/Jul/2009:02:33:06 -0700] "GET /gwidgets/alexa.xml HTTP/1.1" 200 2969 "-" "Mozilla/5.0 (compatible) Feedfetcher-Google; (+http://www.google.com/feedfetcher.html)"
65.55.232.13 - - [21/Jul/2009:02:33:43 -0700] "GET /?news=all HTTP/1.1" 200 637285 "-" "msnbot/1.1 (+http://search.msn.com/msnbot.htm)"
64.233.173.2 - - [21/Jul/2009:02:33:52 -0700] "GET /gwidgets/alexa.xml HTTP/1.1" 200 2969 "-" "Mozilla/5.0 (compatible) Feedfetcher-Google; (+http://www.google.com/feedfetcher.html)"
66.249.67.87 - - [21/Jul/2009:02:34:06 -0700] "GET /gallery/main.php?g2_controller=exif.SwitchDetailMode&g2_mode=detailed&g2_return=%2Fgallery%2Fmain.php%3Fg2_itemId%3D32611&g2_returnName=photo HTTP/1.1" 302 5 "-" "Mozilla/5.0 (compatible; Googlebot/2.1; +http://www.google.com/bot.html)"
66.249.67.87 - - [21/Jul/2009:02:34:10 -0700] "GET /gallery/main.php?g2_itemId=32611&g2_fromNavId=x00c5d642 HTTP/1.1" 200 7231 "-" "Mozilla/5.0 (compatible; Googlebot/2.1; +http://www.google.com/bot.html)"
65.55.106.155 - - [21/Jul/2009:02:34:23 -0700] "GET /gallery/main.php?g2_itemId=3095 HTTP/1.1" 200 7947 "-" "msnbot/2.0b (+http://search.msn.com/msnbot.htm)"
72.14.192.65 - - [21/Jul/2009:02:34:33 -0700] "GET /gadgets/adpowers/AlexaRank/g.xml HTTP/1.1" 200 3164 "-" "Mozilla/5.0 (compatible) Feedfetcher-Google; (+http://www.google.com/feedfetcher.html)"
72.14.192.65 - - [21/Jul/2009:02:34:33 -0700] "GET /gadgets/adpowers/AlexaRank/ALL_ALL.xml HTTP/1.1" 200 1160 "-" "Mozilla/5.0 (compatible) Feedfetcher-Google; (+http://www.google.com/feedfetcher.html)"
174.36.228.156 - - [21/Jul/2009:02:34:58 -0700] "GET / HTTP/1.1" 200 17933 "-" "Mozilla/5.0 (X11; U; Linux i686; en-US; rv:1.2.1; aggregator:Spinn3r (Spinn3r 3.1); http://spinn3r.com/robot) Gecko/20021130"
65.55.106.135 - - [21/Jul/2009:02:35:07 -0700] "GET /gallery/main.php?g2_itemId=26993&g2_imageViewsIndex=1 HTTP/1.1" 200 8656 "-" "msnbot/2.0b (+http://search.msn.com/msnbot.htm)"
66.249.67.3 - - [21/Jul/2009:02:35:12 -0700] "GET /gallery/main.php?g2_controller=exif.SwitchDetailMode&g2_mode=detailed&g2_return=%2Fgallery%2Fmain.php%3Fg2_itemId%3D2979&g2_returnName=photo HTTP/1.1" 302 5 "-" "Mozilla/5.0 (compatible; Googlebot/2.1; +http://www.google.com/bot.html)"
72.14.194.1 - - [21/Jul/2009:02:35:15 -0700] "GET /gwidgets/alexa.xml HTTP/1.1" 200 2969 "-" "Mozilla/5.0 (compatible) Feedfetcher-Google; (+http://www.google.com/feedfetcher.html)"
65.55.106.217 - - [21/Jul/2009:02:35:15 -0700] "GET /?post=167 HTTP/1.1" 200 5659 "-" "msnbot/2.0b (+http://search.msn.com/msnbot.htm)"
72.14.194.1 - - [21/Jul/2009:02:35:17 -0700] "GET /gadgets/adpowers/AlexaRank/g.xml HTTP/1.1" 200 3164 "-" "Mozilla/5.0 (compatible) Feedfetcher-Google; (+http://www.google.com/feedfetcher.html)"
66.249.67.3 - - [21/Jul/2009:02:35:17 -0700] "GET /gallery/main.php?g2_itemId=2979&g2_fromNavId=xa5777a5c HTTP/1.1" 200 8059 "-" "Mozilla/5.0 (compatible; Googlebot/2.1; +http://www.google.com/bot.html)"
72.14.194.1 - - [21/Jul/2009:02:35:18 -0700] "GET /gadgets/adpowers/AlexaRank/ALL_ALL.xml HTTP/1.1" 200 1160 "-" "Mozilla/5.0 (compatible) Feedfetcher-Google; (+http://www.google.com/feedfetcher.html)"
72.14.194.1 - - [21/Jul/2009:02:35:18 -0700] "GET /gadgets/adpowers/AlexaRank/ALL_ALL.xml HTTP/1.1" 200 1160 "-" "Mozilla/5.0 (compatible) Feedfetcher-Google; (+http://www.google.com/feedfetcher.html)"
66.249.67.87 - - [21/Jul/2009:02:36:20 -0700] "GET /gallery/main.php?g2_view=search.SearchScan&g2_form%5BuseDefaultSettings%5D=1&g2_return=%2Fgallery%2Fmain.php%3Fg2_itemId%3D32611&g2_returnName=photo HTTP/1.1" 200 6360 "-" "Mozilla/5.0 (compatible; Googlebot/2.1; +http://www.google.com/bot.html)"
72.14.193.68 - - [21/Jul/2009:02:36:42 -0700] "GET /gadgets/adpowers/AlexaRank/g.xml HTTP/1.1" 200 3164 "-" "Mozilla/5.0 (compatible) Feedfetcher-Google; (+http://www.google.com/feedfetcher.html)"
72.14.193.68 - - [21/Jul/2009:02:36:43 -0700] "GET /gadgets/adpowers/AlexaRank/ALL_ALL.xml HTTP/1.1" 200 1160 "-" "Mozilla/5.0 (compatible) Feedfetcher-Google; (+http://www.google.com/feedfetcher.html)"
74.125.16.65 - - [21/Jul/2009:02:37:09 -0700] "GET /gadgets/adpowers/AlexaRank/g.xml HTTP/1.1" 200 3164 "-" "Mozilla/5.0 (compatible) Feedfetcher-Google; (+http://www.google.com/feedfetcher.html)"
74.125.16.65 - - [21/Jul/2009:02:37:09 -0700] "GET /gadgets/adpowers/AlexaRank/ALL_ALL.xml HTTP/1.1" 200 1160 "-" "Mozilla/5.0 (compatible) Feedfetcher-Google; (+http://www.google.com/feedfetcher.html)"
66.249.67.3 - - [21/Jul/2009:02:37:26 -0700] "GET /gallery/main.php?g2_view=search.SearchScan&g2_form%5BuseDefaultSettings%5D=1&g2_return=%2Fgallery%2Fmain.php%3Fg2_itemId%3D3027&g2_returnName=photo HTTP/1.1" 200 6360 "-" "Mozilla/5.0 (compatible; Googlebot/2.1; +http://www.google.com/bot.html)"
66.249.67.3 - - [21/Jul/2009:02:37:29 -0700] "GET /gallery/main.php?g2_controller=exif.SwitchDetailMode&g2_mode=detailed&g2_return=%2Fgallery%2Fmain.php%3Fg2_itemId%3D10781&g2_returnName=photo HTTP/1.1" 302 5 "-" "Mozilla/5.0 (compatible; Googlebot/2.1; +http://www.google.com/bot.html)"
66.249.67.3 - - [21/Jul/2009:02:37:34 -0700] "GET /gallery/main.php?g2_itemId=10781&g2_fromNavId=x6ae87904 HTTP/1.1" 200 8071 "-" "Mozilla/5.0 (compatible; Googlebot/2.1; +http://www.google.com/bot.html)"
74.125.74.193 - - [21/Jul/2009:02:38:23 -0700] "GET /gadgets/adpowers/AlexaRank/g.xml HTTP/1.1" 200 3164 "-" "Mozilla/5.0 (compatible) Feedfetcher-Google; (+http://www.google.com/feedfetcher.html)"
74.125.74.193 - - [21/Jul/2009:02:38:24 -0700] "GET /gadgets/adpowers/AlexaRank/ALL_ALL.xml HTTP/1.1" 200 1160 "-" "Mozilla/5.0 (compatible) Feedfetcher-Google; (+http://www.google.com/feedfetcher.html)"
74.125.74.193 - - [21/Jul/2009:02:38:25 -0700] "GET /gadgets/adpowers/AlexaRank/ja_ALL.xml HTTP/1.1" 200 1264 "-" "Mozilla/5.0 (compatible) Feedfetcher-Google; (+http://www.google.com/feedfetcher.html)"
74.125.16.65 - - [21/Jul/2009:02:38:26 -0700] "GET /gwidgets/alexa.xml HTTP/1.1" 200 2969 "-" "Mozilla/5.0 (compatible) Feedfetcher-Google; (+http://www.google.com/feedfetcher.html)"
64.233.172.17 - - [21/Jul/2009:02:38:29 -0700] "GET /gwidgets/alexa.xml HTTP/1.1" 200 2969 "-" "Mozilla/5.0 (compatible) Feedfetcher-Google; (+http://www.google.com/feedfetcher.html)"
66.249.67.3 - - [21/Jul/2009:02:38:33 -0700] "GET /gallery/main.php?g2_view=core.UserAdmin&g2_subView=core.UserLogin&g2_return=%2Fgallery%2Fmain.php%3Fg2_itemId%3D2976&g2_returnName=photo HTTP/1.1" 200 4001 "-" "Mozilla/5.0 (compatible; Googlebot/2.1; +http://www.google.com/bot.html)"
65.55.106.190 - - [21/Jul/2009:02:38:46 -0700] "GET /gallery/main.php?g2_view=comment.ShowAllComments&g2_itemId=33259&g2_return=%2Fgallery%2Fmain.php%3Fg2_itemId%3D33259&g2_returnName=photo HTTP/1.1" 200 4961 "-" "msnbot/2.0b (+http://search.msn.com/msnbot.htm)"
66.249.67.3 - - [21/Jul/2009:02:39:40 -0700] "GET /gallery/main.php?g2_view=keyalbum.KeywordAlbum&g2_keyword=parade&g2_highlightId=2927 HTTP/1.1" 302 5 "-" "Mozilla/5.0 (compatible; Googlebot/2.1; +http://www.google.com/bot.html)"
174.37.205.76 - - [21/Jul/2009:02:39:40 -0700] "GET /rss.pl HTTP/1.1" 200 35942 "-" "Mozilla/5.0 (X11; U; Linux i686; en-US; rv:1.2.1; aggregator:Spinn3r (Spinn3r 3.1); http://spinn3r.com/robot) Gecko/20021130"
74.125.74.193 - - [21/Jul/2009:02:40:07 -0700] "GET /gwidgets/alexa.xml HTTP/1.1" 200 2969 "-" "Mozilla/5.0 (compatible) Feedfetcher-Google; (+http://www.google.com/feedfetcher.html)"
72.14.194.1 - - [21/Jul/2009:02:40:30 -0700] "GET /gwidgets/alexa.xml HTTP/1.1" 200 2969 "-" "FeedFetcher-Google; (+http://www.google.com/feedfetcher.html)"
72.14.194.1 - - [21/Jul/2009:02:40:31 -0700] "GET /gwidgets/alexa.xml HTTP/1.1" 200 2969 "-" "Mozilla/5.0 (compatible) Feedfetcher-Google; (+http://www.google.com/feedfetcher.html)"
87.243.198.222 - - [21/Jul/2009:02:40:37 -0700] "GET /style.css HTTP/1.1" 200 1504 "http://209.85.229.132/search?q=cache:A1J5QilmMBcJ:example.org/index.pl%3Fpage%3Dperl+%23!/usr/bin/perl+-w&cd=1&hl=en&ct=clnk&gl=uk" "Mozilla/5.0 (Windows; U; Windows NT 5.1; en-GB; rv:1.9.0.6) Gecko/2009011913 Firefox/3.0.6"
87.243.198.222 - - [21/Jul/2009:02:40:38 -0700] "GET /images/fullsize_perl-back.jpg HTTP/1.1" 200 14325 "http://209.85.229.132/search?q=cache:A1J5QilmMBcJ:example.org/index.pl%3Fpage%3Dperl+%23!/usr/bin/perl+-w&cd=1&hl=en&ct=clnk&gl=uk" "Mozilla/5.0 (Windows; U; Windows NT 5.1; en-GB; rv:1.9.0.6) Gecko/2009011913 Firefox/3.0.6"
72.14.192.65 - - [21/Jul/2009:02:40:43 -0700] "GET /gadgets/adpowers/AlexaRank/g.xml HTTP/1.1" 200 3164 "-" "Mozilla/5.0 (compatible) Feedfetcher-Google; (+http://www.google.com/feedfetcher.html)"
72.14.192.65 - - [21/Jul/2009:02:40:44 -0700] "GET /gadgets/adpowers/AlexaRank/ALL_ALL.xml HTTP/1.1" 200 1160 "-" "Mozilla/5.0 (compatible) Feedfetcher-Google; (+http://www.google.com/feedfetcher.html)"
66.249.67.3 - - [21/Jul/2009:02:40:46 -0700] "GET /gallery/main.php?g2_view=core.UserAdmin&g2_subView=core.UserLogin&g2_return=%2Fgallery%2Fmain.php%3Fg2_itemId%3D2985&g2_returnName=photo HTTP/1.1" 200 4001 "-" "Mozilla/5.0 (compatible; Googlebot/2.1; +http://www.google.com/bot.html)"
65.55.208.187 - - [21/Jul/2009:02:40:52 -0700] "GET /?post=11 HTTP/1.1" 200 5037 "-" "msnbot/1.1 (+http://search.msn.com/msnbot.htm)"
65.55.106.113 - - [21/Jul/2009:02:41:14 -0700] "GET /gallery/main.php?g2_itemId=2838&g2_highlightId=2918 HTTP/1.1" 302 5 "-" "msnbot/2.0b (+http://search.msn.com/msnbot.htm)"
87.243.198.222 - - [21/Jul/2009:02:41:15 -0700] "GET /index.pl?page=bandwidth HTTP/1.1" 200 5668 "http://209.85.229.132/search?q=cache:A1J5QilmMBcJ:example.org/index.pl%3Fpage%3Dperl+%23!/usr/bin/perl+-w&cd=1&hl=en&ct=clnk&gl=uk" "Mozilla/5.0 (Windows; U; Windows NT 5.1; en-GB; rv:1.9.0.6) Gecko/2009011913 Firefox/3.0.6"
87.243.198.222 - - [21/Jul/2009:02:41:16 -0700] "GET /images/fullsize_bandwidth.jpg HTTP/1.1" 200 13492 "http://example.org/index.pl?page=bandwidth" "Mozilla/5.0 (Windows; U; Windows NT 5.1; en-GB; rv:1.9.0.6) Gecko/2009011913 Firefox/3.0.6"
87.243.198.222 - - [21/Jul/2009:02:41:17 -0700] "GET /favicon.ico HTTP/1.1" 404 146 "-" "Mozilla/5.0 (Windows; U; Windows NT 5.1; en-GB; rv:1.9.0.6) Gecko/2009011913 Firefox/3.0.6"
65.55.106.113 - - [21/Jul/2009:02:41:20 -0700] "GET /gallery/main.php?g2_itemId=2838 HTTP/1.1" 200 28534 "-" "msnbot/2.0b (+http://search.msn.com/msnbot.htm)"
87.243.198.222 - - [21/Jul/2009:02:41:21 -0700] "GET /index.pl?page=fixcomputer HTTP/1.1" 200 4856 "http://example.org/index.pl?page=bandwidth" "Mozilla/5.0 (Windows; U; Windows NT 5.1; en-GB; rv:1.9.0.6) Gecko/2009011913 Firefox/3.0.6"
87.243.198.222 - - [21/Jul/2009:02:41:22 -0700] "GET /images/fullsize_fix-your-computer.jpg HTTP/1.1" 200 13742 "http://example.org/index.pl?page=fixcomputer" "Mozilla/5.0 (Windows; U; Windows NT 5.1; en-GB; rv:1.9.0.6) Gecko/2009011913 Firefox/3.0.6"
87.243.198.222 - - [21/Jul/2009:02:41:28 -0700] "GET /index.pl?page=power HTTP/1.1" 200 5137 "http://example.org/index.pl?page=fixcomputer" "Mozilla/5.0 (Windows; U; Windows NT 5.1; en-GB; rv:1.9.0.6) Gecko/2009011913 Firefox/3.0.6"
87.243.198.222 - - [21/Jul/2009:02:41:29 -0700] "GET /images/fullsize_power.jpg HTTP/1.1" 200 8063 "http://example.org/index.pl?page=power" "Mozilla/5.0 (Windows; U; Windows NT 5.1; en-GB; rv:1.9.0.6) Gecko/2009011913 Firefox/3.0.6"
87.243.198.222 - - [21/Jul/2009:02:41:34 -0700] "GET /index.pl?page=sql HTTP/1.1" 200 5048 "http://example.org/index.pl?page=power" "Mozilla/5.0 (Windows; U; Windows NT 5.1; en-GB; rv:1.9.0.6) Gecko/2009011913 Firefox/3.0.6"
87.243.198.222 - - [21/Jul/2009:02:41:34 -0700] "GET /images/fullsize_sql.jpg HTTP/1.1" 200 8125 "http://example.org/index.pl?page=sql" "Mozilla/5.0 (Windows; U; Windows NT 5.1; en-GB; rv:1.9.0.6) Gecko/2009011913 Firefox/3.0.6"
65.55.106.119 - - [21/Jul/2009:02:41:43 -0700] "GET /gallery/main.php?g2_itemId=17878&g2_highlightId=17929 HTTP/1.1" 302 5 "-" "msnbot/2.0b (+http://search.msn.com/msnbot.htm)"
87.243.198.222 - - [21/Jul/2009:02:41:43 -0700] "GET /index.pl?page=rtfm HTTP/1.1" 200 4804 "http://example.org/index.pl?page=sql" "Mozilla/5.0 (Windows; U; Windows NT 5.1; en-GB; rv:1.9.0.6) Gecko/2009011913 Firefox/3.0.6"
87.243.198.222 - - [21/Jul/2009:02:41:44 -0700] "GET /images/fullsize_rtfm.jpg HTTP/1.1" 200 14273 "http://example.org/index.pl?page=rtfm" "Mozilla/5.0 (Windows; U; Windows NT 5.1; en-GB; rv:1.9.0.6) Gecko/2009011913 Firefox/3.0.6"
72.30.142.87 - - [21/Jul/2009:02:41:50 -0700] "GET /?tag=microsoft HTTP/1.0" 200 4971 "-" "Mozilla/5.0 (compatible; Yahoo! Slurp/3.0; http://help.yahoo.com/help/us/ysearch/slurp)"
66.249.67.3 - - [21/Jul/2009:02:41:52 -0700] "GET /gallery/main.php?g2_controller=exif.SwitchDetailMode&g2_mode=detailed&g2_return=%2Fgallery%2Fmain.php%3Fg2_itemId%3D3009&g2_returnName=photo HTTP/1.1" 302 5 "-" "Mozilla/5.0 (compatible; Googlebot/2.1; +http://www.google.com/bot.html)"
65.55.106.119 - - [21/Jul/2009:02:41:54 -0700] "GET /gallery/main.php?g2_itemId=17878 HTTP/1.1" 200 19875 "-" "msnbot/2.0b (+http://search.msn.com/msnbot.htm)"
66.249.67.3 - - [21/Jul/2009:02:41:56 -0700] "GET /gallery/main.php?g2_itemId=3009&g2_fromNavId=x32894dc0 HTTP/1.1" 200 7979 "-" "Mozilla/5.0 (compatible; Googlebot/2.1; +http://www.google.com/bot.html)"
87.243.198.222 - - [21/Jul/2009:02:42:00 -0700] "GET /index.pl?page=slashdot HTTP/1.1" 200 5976 "http://example.org/index.pl?page=rtfm" "Mozilla/5.0 (Windows; U; Windows NT 5.1; en-GB; rv:1.9.0.6) Gecko/2009011913 Firefox/3.0.6"
87.243.198.222 - - [21/Jul/2009:02:42:00 -0700] "GET /images/fullsize_slashdot-front.jpg HTTP/1.1" 200 8903 "http://example.org/index.pl?page=slashdot" "Mozilla/5.0 (Windows; U; Windows NT 5.1; en-GB; rv:1.9.0.6) Gecko/2009011913 Firefox/3.0.6"
65.55.106.119 - - [21/Jul/2009:02:42:04 -0700] "GET /gallery/main.php?g2_view=core.UserAdmin&g2_subView=core.UserLogin&g2_return=%2Fgallery%2Fmain.php%3Fg2_itemId%3D26981&g2_returnName=photo HTTP/1.1" 200 4004 "-" "msnbot/2.0b (+http://search.msn.com/msnbot.htm)"
66.249.67.3 - - [21/Jul/2009:02:42:06 -0700] "GET /gallery/main.php?g2_view=keyalbum.KeywordAlbum&g2_keyword=drill+team HTTP/1.1" 200 7786 "-" "Mozilla/5.0 (compatible; Googlebot/2.1; +http://www.google.com/bot.html)"
87.243.198.222 - - [21/Jul/2009:02:42:09 -0700] "GET /index.pl?page=ubergeek HTTP/1.1" 200 4674 "http://example.org/index.pl?page=slashdot" "Mozilla/5.0 (Windows; U; Windows NT 5.1; en-GB; rv:1.9.0.6) Gecko/2009011913 Firefox/3.0.6"
66.249.67.3 - - [21/Jul/2009:02:42:10 -0700] "GET /index.pl?page=ubergeek HTTP/1.1" 200 4676 "-" "Mediapartners-Google"
87.243.198.222 - - [21/Jul/2009:02:42:10 -0700] "GET /images/fullsize_ubergeek.jpg HTTP/1.1" 200 12547 "http://example.org/index.pl?page=ubergeek" "Mozilla/5.0 (Windows; U; Windows NT 5.1; en-GB; rv:1.9.0.6) Gecko/2009011913 Firefox/3.0.6"
74.125.74.193 - - [21/Jul/2009:02:42:11 -0700] "GET /gadgets/adpowers/AlexaRank/g.xml HTTP/1.1" 200 3164 "-" "FeedFetcher-Google; (+http://www.google.com/feedfetcher.html)"
87.243.198.222 - - [21/Jul/2009:02:42:17 -0700] "GET /index.pl?page=root HTTP/1.1" 200 5432 "http://example.org/index.pl?page=ubergeek" "Mozilla/5.0 (Windows; U; Windows NT 5.1; en-GB; rv:1.9.0.6) Gecko/2009011913 Firefox/3.0.6"
66.249.67.3 - - [21/Jul/2009:02:42:17 -0700] "GET /gallery/main.php?g2_controller=exif.SwitchDetailMode&g2_mode=detailed&g2_return=%2Fgallery%2Fmain.php%3Fg2_itemId%3D12243%26g2_imageViewsIndex%3D1&g2_returnName=photo HTTP/1.1" 302 5 "-" "Mozilla/5.0 (compatible; Googlebot/2.1; +http://www.google.com/bot.html)"
87.243.198.222 - - [21/Jul/2009:02:42:18 -0700] "GET /images/fullsize_got-root.jpg HTTP/1.1" 200 9540 "http://example.org/index.pl?page=root" "Mozilla/5.0 (Windows; U; Windows NT 5.1; en-GB; rv:1.9.0.6) Gecko/2009011913 Firefox/3.0.6"
66.249.67.3 - - [21/Jul/2009:02:42:22 -0700] "GET /gallery/main.php?g2_itemId=12243&g2_imageViewsIndex=1&g2_fromNavId=xf6d54cca HTTP/1.1" 200 8253 "-" "Mozilla/5.0 (compatible; Googlebot/2.1; +http://www.google.com/bot.html)"
74.125.16.65 - - [21/Jul/2009:02:42:37 -0700] "GET /gadgets/adpowers/AlexaRank/g.xml HTTP/1.1" 200 3164 "-" "Mozilla/5.0 (compatible) Feedfetcher-Google; (+http://www.google.com/feedfetcher.html)"
74.125.16.65 - - [21/Jul/2009:02:42:38 -0700] "GET /gadgets/adpowers/AlexaRank/ALL_ALL.xml HTTP/1.1" 200 1160 "-" "Mozilla/5.0 (compatible) Feedfetcher-Google; (+http://www.google.com/feedfetcher.html)"
65.55.106.209 - - [21/Jul/2009:02:42:49 -0700] "GET /gallery/main.php?g2_view=search.SearchScan&g2_form%5BuseDefaultSettings%5D=1&g2_return=%2Fgallery%2Fmain.php%3Fg2_itemId%3D33255&g2_returnName=photo HTTP/1.1" 200 6360 "-" "msnbot/2.0b (+http://search.msn.com/msnbot.htm)"
87.243.198.222 - - [21/Jul/2009:02:42:51 -0700] "GET /index.pl?page=geek HTTP/1.1" 200 5230 "http://example.org/index.pl?page=root" "Mozilla/5.0 (Windows; U; Windows NT 5.1; en-GB; rv:1.9.0.6) Gecko/2009011913 Firefox/3.0.6"
66.249.67.3 - - [21/Jul/2009:02:42:52 -0700] "GET /index.pl?page=geek HTTP/1.1" 200 5228 "-" "Mediapartners-Google"
87.243.198.222 - - [21/Jul/2009:02:42:53 -0700] "GET /images/fullsize_geek-front.jpg HTTP/1.1" 200 35622 "http://example.org/index.pl?page=geek" "Mozilla/5.0 (Windows; U; Windows NT 5.1; en-GB; rv:1.9.0.6) Gecko/2009011913 Firefox/3.0.6"
66.249.67.87 - - [21/Jul/2009:02:43:00 -0700] "GET /gallery/main.php?g2_view=comment.ShowAllComments&g2_itemId=32613&g2_return=%2Fgallery%2Fmain.php%3Fg2_itemId%3D32613&g2_returnName=photo HTTP/1.1" 200 4960 "-" "Mozilla/5.0 (compatible; Googlebot/2.1; +http://www.google.com/bot.html)"
65.55.106.231 - - [21/Jul/2009:02:43:02 -0700] "GET /gallery/main.php?g2_view=comment.ShowAllComments&g2_itemId=16747&g2_return=%2Fgallery%2Fmain.php%3Fg2_itemId%3D16747&g2_returnName=photo HTTP/1.1" 200 4926 "-" "msnbot/2.0b (+http://search.msn.com/msnbot.htm)"
87.243.198.222 - - [21/Jul/2009:02:43:05 -0700] "GET /index.pl?page=binladen HTTP/1.1" 200 5072 "http://example.org/index.pl?page=geek" "Mozilla/5.0 (Windows; U; Windows NT 5.1; en-GB; rv:1.9.0.6) Gecko/2009011913 Firefox/3.0.6"
87.243.198.222 - - [21/Jul/2009:02:43:06 -0700] "GET /images/fullsize_bin-laden HTTP/1.1" 200 9437 "http://example.org/index.pl?page=binladen" "Mozilla/5.0 (Windows; U; Windows NT 5.1; en-GB; rv:1.9.0.6) Gecko/2009011913 Firefox/3.0.6"
58.168.144.116 - - [21/Jul/2009:02:43:32 -0700] "GET /?news=all HTTP/1.1" 200 13346 "http://images.google.com.au/imgres?imgurl=http://example.org/images/nano-americanapparel.png&imgrefurl=http://example.org/%3Fnews%3Dall&usg=__ZSXzmxMj4HGSAyOVzc2Y3iy5KkY=&h=137&w=600&sz=111&hl=en&start=15&tbnid=LXSHQ-XyC0xFiM:&tbnh=31&tbnw=135&prev=/images%3Fq%3DPurple%2BIPOD%2Bdocks%2Bfrom%2BTarget%2Bfor%2Bnano%2Bchromatic%26gbv%3D2%26hl%3Den%26client%3Dfirefox-a%26rls%3Dorg.mozilla:en-GB:official%26sa%3DG" "Mozilla/5.0 (Windows; U; Windows NT 5.1; en-GB; rv:1.9.0.11) Gecko/2009060215 Firefox/3.0.11"
58.168.144.116 - - [21/Jul/2009:02:43:34 -0700] "GET /images/nano-americanapparel.png HTTP/1.1" 200 113583 "http://images.google.com.au/imgres?imgurl=http://example.org/images/nano-americanapparel.png&imgrefurl=http://example.org/%3Fnews%3Dall&usg=__ZSXzmxMj4HGSAyOVzc2Y3iy5KkY=&h=137&w=600&sz=111&hl=en&start=15&tbnid=LXSHQ-XyC0xFiM:&tbnh=31&tbnw=135&prev=/images%3Fq%3DPurple%2BIPOD%2Bdocks%2Bfrom%2BTarget%2Bfor%2Bnano%2Bchromatic%26gbv%3D2%26hl%3Den%26client%3Dfirefox-a%26rls%3Dorg.mozilla:en-GB:official%26sa%3DG" "Mozilla/5.0 (Windows; U; Windows NT 5.1; en-GB; rv:1.9.0.11) Gecko/2009060215 Firefox/3.0.11"
74.125.74.193 - - [21/Jul/2009:02:43:45 -0700] "GET /images/alexarank.jpg HTTP/1.1" 200 15084 "-" "Mozilla/5.0 (compatible) Feedfetcher-Google; (+http://www.google.com/feedfetcher.html)"
65.55.106.188 - - [21/Jul/2009:02:43:47 -0700] "GET /gallery/main.php?g2_view=core.UserAdmin&g2_subView=core.UserLogin&g2_return=%2Fgallery%2Fmain.php%3Fg2_view%3Dkeyalbum.KeywordAlbum%26g2_keyword%3Dsophomore%2Bfloat&g2_returnName=keyword+album HTTP/1.1" 200 4148 "-" "msnbot/2.0b (+http://search.msn.com/msnbot.htm)"
58.168.144.116 - - [21/Jul/2009:02:43:54 -0700] "GET /?news=all HTTP/1.1" 200 13346 "http://images.google.com.au/imgres?imgurl=http://example.org/images/nano-americanapparel.png&imgrefurl=http://example.org/%3Fnews%3Dall&usg=__ZSXzmxMj4HGSAyOVzc2Y3iy5KkY=&h=137&w=600&sz=111&hl=en&start=15&tbnid=LXSHQ-XyC0xFiM:&tbnh=31&tbnw=135&prev=/images%3Fq%3DPurple%2BIPOD%2Bdocks%2Bfrom%2BTarget%2Bfor%2Bnano%2Bchromatic%26gbv%3D2%26hl%3Den%26client%3Dfirefox-a%26rls%3Dorg.mozilla:en-GB:official%26sa%3DG" "Mozilla/5.0 (Windows; U; Windows NT 5.1; en-GB; rv:1.9.0.11) Gecko/2009060215 Firefox/3.0.11"
65.55.106.188 - - [21/Jul/2009:02:43:58 -0700] "GET /gallery/main.php?g2_view=keyalbum.KeywordAlbum&g2_keyword=robert+caring–care&g2_itemId=26850&g2_imageViewsIndex=1 HTTP/1.1" 200 9229 "-" "msnbot/2.0b (+http://search.msn.com/msnbot.htm)"
66.249.67.3 - - [21/Jul/2009:02:44:06 -0700] "GET /gallery/main.php?g2_view=comment.ShowAllComments&g2_itemId=17911&g2_return=%2Fgallery%2Fmain.php%3Fg2_itemId%3D17911&g2_returnName=photo HTTP/1.1" 200 4949 "-" "Mozilla/5.0 (compatible; Googlebot/2.1; +http://www.google.com/bot.html)"
74.125.16.65 - - [21/Jul/2009:02:44:59 -0700] "GET /gwidgets/alexa.xml HTTP/1.1" 200 2969 "-" "Mozilla/5.0 (compatible) Feedfetcher-Google; (+http://www.google.com/feedfetcher.html)"
74.125.16.65 - - [21/Jul/2009:02:45:10 -0700] "GET /gadgets/adpowers/AlexaRank/de_ALL.xml HTTP/1.1" 200 1004 "-" "Mozilla/5.0 (compatible) Feedfetcher-Google; (+http://www.google.com/feedfetcher.html)"
72.14.193.68 - - [21/Jul/2009:02:45:11 -0700] "GET /gadgets/flarn2006/Link/g.xml HTTP/1.1" 200 719 "-" "Mozilla/5.0 (compatible) Feedfetcher-Google; (+http://www.google.com/feedfetcher.html)"
66.249.67.3 - - [21/Jul/2009:02:45:12 -0700] "GET /gallery/main.php?g2_view=search.SearchScan&g2_form%5BuseDefaultSettings%5D=1&g2_return=%2Fgallery%2Fmain.php%3Fg2_itemId%3D2979&g2_returnName=photo HTTP/1.1" 200 6360 "-" "Mozilla/5.0 (compatible; Googlebot/2.1; +http://www.google.com/bot.html)"
74.125.74.193 - - [21/Jul/2009:02:45:29 -0700] "GET /gadgets/adpowers/AlexaRank/g.xml HTTP/1.1" 200 3164 "-" "Mozilla/5.0 (compatible) Feedfetcher-Google; (+http://www.google.com/feedfetcher.html)"
74.125.74.193 - - [21/Jul/2009:02:45:30 -0700] "GET /gadgets/adpowers/AlexaRank/ALL_ALL.xml HTTP/1.1" 200 1160 "-" "Mozilla/5.0 (compatible) Feedfetcher-Google; (+http://www.google.com/feedfetcher.html)"
74.125.74.193 - - [21/Jul/2009:02:45:31 -0700] "GET /gadgets/adpowers/AlexaRank/ja_ALL.xml HTTP/1.1" 200 1264 "-" "Mozilla/5.0 (compatible) Feedfetcher-Google; (+http://www.google.com/feedfetcher.html)"
72.14.193.68 - - [21/Jul/2009:02:45:35 -0700] "GET /gadgets/adpowers/AlexaRank/g.xml HTTP/1.1" 200 3164 "-" "Mozilla/5.0 (compatible) Feedfetcher-Google; (+http://www.google.com/feedfetcher.html)"
72.14.193.68 - - [21/Jul/2009:02:45:35 -0700] "GET /gadgets/adpowers/AlexaRank/ALL_ALL.xml HTTP/1.1" 200 1160 "-" "Mozilla/5.0 (compatible) Feedfetcher-Google; (+http://www.google.com/feedfetcher.html)"
72.14.193.68 - - [21/Jul/2009:02:45:36 -0700] "GET /gadgets/adpowers/AlexaRank/de_ALL.xml HTTP/1.1" 200 1004 "-" "Mozilla/5.0 (compatible) Feedfetcher-Google; (+http://www.google.com/feedfetcher.html)"
66.249.67.3 - - [21/Jul/2009:02:46:18 -0700] "GET /gallery/main.php?g2_controller=exif.SwitchDetailMode&g2_mode=detailed&g2_return=%2Fgallery%2Fmain.php%3Fg2_itemId%3D2976&g2_returnName=photo HTTP/1.1" 302 5 "-" "Mozilla/5.0 (compatible; Googlebot/2.1; +http://www.google.com/bot.html)"
66.249.67.3 - - [21/Jul/2009:02:46:22 -0700] "GET /gallery/main.php?g2_itemId=2976&g2_fromNavId=xd32de566 HTTP/1.1" 200 8162 "-" "Mozilla/5.0 (compatible; Googlebot/2.1; +http://www.google.com/bot.html)"
66.249.67.3 - - [21/Jul/2009:02:47:06 -0700] "GET /gallery/main.php?g2_controller=exif.SwitchDetailMode&g2_mode=detailed&g2_return=%2Fgallery%2Fmain.php%3Fg2_itemId%3D12174&g2_returnName=photo HTTP/1.1" 302 5 "-" "Mozilla/5.0 (compatible; Googlebot/2.1; +http://www.google.com/bot.html)"
66.249.67.3 - - [21/Jul/2009:02:47:10 -0700] "GET /gallery/main.php?g2_itemId=12174&g2_fromNavId=x225c599f HTTP/1.1" 200 8150 "-" "Mozilla/5.0 (compatible; Googlebot/2.1; +http://www.google.com/bot.html)"
66.249.67.3 - - [21/Jul/2009:02:47:25 -0700] "GET /gallery/main.php?g2_controller=exif.SwitchDetailMode&g2_mode=detailed&g2_return=%2Fgallery%2Fmain.php%3Fg2_itemId%3D2991&g2_returnName=photo HTTP/1.1" 302 5 "-" "Mozilla/5.0 (compatible; Googlebot/2.1; +http://www.google.com/bot.html)"
66.249.67.3 - - [21/Jul/2009:02:47:28 -0700] "GET /gallery/main.php?g2_itemId=2991&g2_fromNavId=xdd4a5d02 HTTP/1.1" 200 7965 "-" "Mozilla/5.0 (compatible; Googlebot/2.1; +http://www.google.com/bot.html)"
74.125.75.17 - - [21/Jul/2009:02:48:18 -0700] "GET /gadgets/adpowers/AlexaRank/g.xml HTTP/1.1" 200 3164 "-" "FeedFetcher-Google; (+http://www.google.com/feedfetcher.html)"
64.233.173.2 - - [21/Jul/2009:02:48:20 -0700] "GET /gadgets/adpowers/AlexaRank/g.xml HTTP/1.1" 200 3164 "-" "Mozilla/5.0 (compatible) Feedfetcher-Google; (+http://www.google.com/feedfetcher.html)"
64.233.173.2 - - [21/Jul/2009:02:48:20 -0700] "GET /gadgets/adpowers/AlexaRank/ALL_ALL.xml HTTP/1.1" 200 1160 "-" "Mozilla/5.0 (compatible) Feedfetcher-Google; (+http://www.google.com/feedfetcher.html)"
66.249.67.3 - - [21/Jul/2009:02:48:32 -0700] "GET /gallery/main.php?g2_view=core.UserAdmin&g2_subView=core.UserLogin&g2_return=%2Fgallery%2Fmain.php%3Fg2_itemId%3D17911&g2_returnName=photo HTTP/1.1" 200 4004 "-" "Mozilla/5.0 (compatible; Googlebot/2.1; +http://www.google.com/bot.html)"
134.191.254.38 - - [21/Jul/2009:02:49:36 -0700] "GET /rss.pl HTTP/1.0" 200 35867 "-" "FeedDemon/3.0 (http://www.newsgator.com/; Microsoft Windows XP)"
66.249.67.3 - - [21/Jul/2009:02:49:39 -0700] "GET /gallery/main.php?g2_view=core.UserAdmin&g2_subView=core.UserLogin&g2_return=%2Fgallery%2Fmain.php%3Fg2_itemId%3D2979&g2_returnName=photo HTTP/1.1" 200 4001 "-" "Mozilla/5.0 (compatible; Googlebot/2.1; +http://www.google.com/bot.html)"
72.14.192.65 - - [21/Jul/2009:02:50:01 -0700] "GET /gwidgets/alexa.xml HTTP/1.1" 200 2969 "-" "FeedFetcher-Google; (+http://www.google.com/feedfetcher.html)"
72.14.192.65 - - [21/Jul/2009:02:50:04 -0700] "GET /gwidgets/alexa.xml HTTP/1.1" 200 2969 "-" "Mozilla/5.0 (compatible) Feedfetcher-Google; (+http://www.google.com/feedfetcher.html)"
64.233.172.17 - - [21/Jul/2009:02:50:17 -0700] "GET /gwidgets/alexa.xml HTTP/1.1" 200 2969 "-" "Mozilla/5.0 (compatible) Feedfetcher-Google; (+http://www.google.com/feedfetcher.html)"
74.125.16.65 - - [21/Jul/2009:02:50:40 -0700] "GET /gwidgets/alexa.xml HTTP/1.1" 200 2969 "-" "Mozilla/5.0 (compatible) Feedfetcher-Google; (+http://www.google.com/feedfetcher.html)"
74.125.16.65 - - [21/Jul/2009:02:50:41 -0700] "GET /gwidgets/alexa.xml HTTP/1.1" 200 2969 "-" "Mozilla/5.0 (compatible) Feedfetcher-Google; (+http://www.google.com/feedfetcher.html)"
66.249.67.3 - - [21/Jul/2009:02:50:45 -0700] "GET /gallery/main.php?g2_view=search.SearchScan&g2_form%5BuseDefaultSettings%5D=1&g2_return=%2Fgallery%2Fmain.php%3Fg2_itemId%3D2976&g2_returnName=photo HTTP/1.1" 200 6360 "-" "Mozilla/5.0 (compatible; Googlebot/2.1; +http://www.google.com/bot.html)"
74.125.74.193 - - [21/Jul/2009:02:51:01 -0700] "GET /gwidgets/alexa.xml HTTP/1.1" 200 2969 "-" "Mozilla/5.0 (compatible) Feedfetcher-Google; (+http://www.google.com/feedfetcher.html)"
74.125.74.193 - - [21/Jul/2009:02:51:43 -0700] "GET /gwidgets/alexa.xml HTTP/1.1" 200 2969 "-" "FeedFetcher-Google; (+http://www.google.com/feedfetcher.html)"
66.249.67.3 - - [21/Jul/2009:02:51:52 -0700] "GET /gallery/main.php?g2_view=keyalbum.KeywordAlbum&g2_keyword=parade&g2_highlightId=2936 HTTP/1.1" 302 5 "-" "Mozilla/5.0 (compatible; Googlebot/2.1; +http://www.google.com/bot.html)"
66.249.67.3 - - [21/Jul/2009:02:51:54 -0700] "GET /gallery/main.php?g2_controller=exif.SwitchDetailMode&g2_mode=detailed&g2_return=%2Fgallery%2Fmain.php%3Fg2_itemId%3D10613&g2_returnName=photo HTTP/1.1" 302 5 "-" "Mozilla/5.0 (compatible; Googlebot/2.1; +http://www.google.com/bot.html)"
66.249.67.3 - - [21/Jul/2009:02:51:57 -0700] "GET /gallery/main.php?g2_itemId=10613&g2_fromNavId=x43b9787b HTTP/1.1" 200 8071 "-" "Mozilla/5.0 (compatible; Googlebot/2.1; +http://www.google.com/bot.html)"
66.249.67.3 - - [21/Jul/2009:02:52:58 -0700] "GET /gallery/main.php?g2_controller=exif.SwitchDetailMode&g2_mode=detailed&g2_return=%2Fgallery%2Fmain.php%3Fg2_itemId%3D15396&g2_returnName=photo HTTP/1.1" 302 5 "-" "Mozilla/5.0 (compatible; Googlebot/2.1; +http://www.google.com/bot.html)"
72.14.193.68 - - [21/Jul/2009:02:53:00 -0700] "GET /gwidgets/alexa.xml HTTP/1.1" 200 2969 "-" "Mozilla/5.0 (compatible) Feedfetcher-Google; (+http://www.google.com/feedfetcher.html)"
66.249.67.3 - - [21/Jul/2009:02:53:01 -0700] "GET /gallery/main.php?g2_itemId=15396&g2_fromNavId=xdf08ad60 HTTP/1.1" 200 8053 "-" "Mozilla/5.0 (compatible; Googlebot/2.1; +http://www.google.com/bot.html)"
72.14.192.65 - - [21/Jul/2009:02:53:06 -0700] "GET /gadgets/adpowers/AlexaRank/ALL_ALL.xml HTTP/1.1" 200 1160 "-" "FeedFetcher-Google; (+http://www.google.com/feedfetcher.html)"
74.125.74.193 - - [21/Jul/2009:02:53:36 -0700] "GET /gadgets/adpowers/AlexaRank/g.xml HTTP/1.1" 200 3164 "-" "Mozilla/5.0 (compatible) Feedfetcher-Google; (+http://www.google.com/feedfetcher.html)"
74.125.74.193 - - [21/Jul/2009:02:53:37 -0700] "GET /gadgets/adpowers/AlexaRank/ALL_ALL.xml HTTP/1.1" 200 1160 "-" "Mozilla/5.0 (compatible) Feedfetcher-Google; (+http://www.google.com/feedfetcher.html)"
74.125.74.193 - - [21/Jul/2009:02:53:38 -0700] "GET /gadgets/adpowers/AlexaRank/ja_ALL.xml HTTP/1.1" 200 1264 "-" "Mozilla/5.0 (compatible) Feedfetcher-Google; (+http://www.google.com/feedfetcher.html)"
64.233.172.17 - - [21/Jul/2009:02:53:54 -0700] "GET /gwidgets/alexa.xml HTTP/1.1" 200 2969 "-" "Mozilla/5.0 (compatible) Feedfetcher-Google; (+http://www.google.com/feedfetcher.html)"
119.63.193.55 - - [21/Jul/2009:02:54:02 -0700] "GET / HTTP/1.1" 200 12816 "-" "Baiduspider+(+http://www.baidu.jp/spider/)"
64.233.172.17 - - [21/Jul/2009:02:54:06 -0700] "GET /gadgets/adpowers/AlexaRank/ALL_ALL.xml HTTP/1.1" 200 1160 "-" "FeedFetcher-Google; (+http://www.google.com/feedfetcher.html)"
66.249.67.3 - - [21/Jul/2009:02:54:06 -0700] "GET /gallery/main.php?g2_view=search.SearchScan&g2_form%5BuseDefaultSettings%5D=1&g2_return=%2Fgallery%2Fmain.php%3Fg2_itemId%3D2985&g2_returnName=photo HTTP/1.1" 200 6360 "-" "Mozilla/5.0 (compatible; Googlebot/2.1; +http://www.google.com/bot.html)"
64.233.173.2 - - [21/Jul/2009:02:54:07 -0700] "GET /gadgets/adpowers/AlexaRank/g.xml HTTP/1.1" 200 3164 "-" "FeedFetcher-Google; (+http://www.google.com/feedfetcher.html)"
64.233.172.17 - - [21/Jul/2009:02:54:08 -0700] "GET /gadgets/adpowers/AlexaRank/g.xml HTTP/1.1" 200 3164 "-" "Mozilla/5.0 (compatible) Feedfetcher-Google; (+http://www.google.com/feedfetcher.html)"
64.233.172.17 - - [21/Jul/2009:02:54:09 -0700] "GET /gadgets/adpowers/AlexaRank/ALL_ALL.xml HTTP/1.1" 200 1160 "-" "Mozilla/5.0 (compatible) Feedfetcher-Google; (+http://www.google.com/feedfetcher.html)"
66.249.67.3 - - [21/Jul/2009:02:54:14 -0700] "GET /gallery/main.php?g2_view=core.DownloadItem&g2_itemId=30934&g2_serialNumber=1 HTTP/1.1" 200 94888 "-" "Googlebot-Image/1.0"
72.14.193.68 - - [21/Jul/2009:02:54:46 -0700] "GET /gadgets/adpowers/AlexaRank/g.xml HTTP/1.1" 200 3164 "-" "Mozilla/5.0 (compatible) Feedfetcher-Google; (+http://www.google.com/feedfetcher.html)"
72.14.193.68 - - [21/Jul/2009:02:54:47 -0700] "GET /gadgets/adpowers/AlexaRank/ALL_ALL.xml HTTP/1.1" 200 1160 "-" "Mozilla/5.0 (compatible) Feedfetcher-Google; (+http://www.google.com/feedfetcher.html)"
66.249.67.3 - - [21/Jul/2009:02:55:12 -0700] "GET /gallery/main.php?g2_view=core.UserAdmin&g2_subView=core.UserLogin&g2_return=%2Fgallery%2Fmain.php%3Fg2_itemId%3D3027&g2_returnName=photo HTTP/1.1" 200 4001 "-" "Mozilla/5.0 (compatible; Googlebot/2.1; +http://www.google.com/bot.html)"
72.14.192.65 - - [21/Jul/2009:02:55:52 -0700] "GET /gadgets/adpowers/AlexaRank/g.xml HTTP/1.1" 200 3164 "-" "Mozilla/5.0 (compatible) Feedfetcher-Google; (+http://www.google.com/feedfetcher.html)"
72.14.192.65 - - [21/Jul/2009:02:55:53 -0700] "GET /gadgets/adpowers/AlexaRank/ALL_ALL.xml HTTP/1.1" 200 1160 "-" "Mozilla/5.0 (compatible) Feedfetcher-Google; (+http://www.google.com/feedfetcher.html)"
64.233.172.17 - - [21/Jul/2009:02:55:57 -0700] "GET /gadgets/Prider/90sRockedPodcast/g.xml HTTP/1.1" 200 1601 "-" "Mozilla/5.0 (compatible) Feedfetcher-Google; (+http://www.google.com/feedfetcher.html)"
74.125.16.65 - - [21/Jul/2009:02:56:08 -0700] "GET /gadgets/adpowers/AlexaRank/g.xml HTTP/1.1" 200 3164 "-" "Mozilla/5.0 (compatible) Feedfetcher-Google; (+http://www.google.com/feedfetcher.html)"
74.125.16.65 - - [21/Jul/2009:02:56:09 -0700] "GET /gadgets/adpowers/AlexaRank/ALL_ALL.xml HTTP/1.1" 200 1160 "-" "Mozilla/5.0 (compatible) Feedfetcher-Google; (+http://www.google.com/feedfetcher.html)"
66.249.67.3 - - [21/Jul/2009:02:56:18 -0700] "GET /gallery/main.php?g2_view=core.UserAdmin&g2_subView=core.UserLogin&g2_return=%2Fgallery%2Fmain.php%3Fg2_itemId%3D2991&g2_returnName=photo HTTP/1.1" 200 4001 "-" "Mozilla/5.0 (compatible; Googlebot/2.1; +http://www.google.com/bot.html)"
65.55.208.186 - - [21/Jul/2009:02:56:29 -0700] "GET /gallery/main.php?g2_itemId=4256 HTTP/1.1" 200 7307 "-" "msnbot/1.1 (+http://search.msn.com/msnbot.htm)"
65.55.106.188 - - [21/Jul/2009:02:56:35 -0700] "GET /gallery/main.php?g2_itemId=490 HTTP/1.1" 200 7121 "-" "msnbot/2.0b (+http://search.msn.com/msnbot.htm)"
66.249.67.3 - - [21/Jul/2009:02:56:42 -0700] "GET /gallery/main.php?g2_controller=exif.SwitchDetailMode&g2_mode=detailed&g2_return=%2Fgallery%2Fmain.php%3Fg2_itemId%3D14184%26g2_imageViewsIndex%3D1&g2_returnName=photo HTTP/1.1" 302 5 "-" "Mozilla/5.0 (compatible; Googlebot/2.1; +http://www.google.com/bot.html)"
66.249.67.3 - - [21/Jul/2009:02:56:47 -0700] "GET /gallery/main.php?g2_itemId=14184&g2_imageViewsIndex=1&g2_fromNavId=x1aab8f96 HTTP/1.1" 200 8255 "-" "Mozilla/5.0 (compatible; Googlebot/2.1; +http://www.google.com/bot.html)"
65.55.208.186 - - [21/Jul/2009:02:56:58 -0700] "GET /gallery/main.php?g2_itemId=15411 HTTP/1.1" 200 8059 "-" "msnbot/1.1 (+http://search.msn.com/msnbot.htm)"
66.249.67.3 - - [21/Jul/2009:02:57:25 -0700] "GET /gallery/main.php?g2_view=keyalbum.KeywordAlbum&g2_keyword=parade&g2_highlightId=2939 HTTP/1.1" 302 5 "-" "Mozilla/5.0 (compatible; Googlebot/2.1; +http://www.google.com/bot.html)"
65.55.106.186 - - [21/Jul/2009:02:57:32 -0700] "GET /gallery/main.php?g2_view=search.SearchScan&g2_form%5BuseDefaultSettings%5D=1&g2_return=%2Fgallery%2Fmain.php%3Fg2_itemId%3D32412&g2_returnName=photo HTTP/1.1" 200 6360 "-" "msnbot/2.0b (+http://search.msn.com/msnbot.htm)"
65.55.106.233 - - [21/Jul/2009:02:57:59 -0700] "GET /gallery/main.php?g2_itemId=4330&g2_fromNavId=x009968ea HTTP/1.1" 200 9300 "-" "msnbot/2.0b (+http://search.msn.com/msnbot.htm)"
64.233.173.2 - - [21/Jul/2009:02:58:09 -0700] "GET /gwidgets/alexa.xml HTTP/1.1" 200 2969 "-" "FeedFetcher-Google; (+http://www.google.com/feedfetcher.html)"
72.14.193.68 - - [21/Jul/2009:02:58:11 -0700] "GET /gadgets/adpowers/AlexaRank/de_ALL.xml HTTP/1.1" 200 1004 "-" "Mozilla/5.0 (compatible) Feedfetcher-Google; (+http://www.google.com/feedfetcher.html)"
64.233.172.17 - - [21/Jul/2009:02:58:19 -0700] "GET /gwidgets/alexa.xml HTTP/1.1" 200 2969 "-" "Mozilla/5.0 (compatible) Feedfetcher-Google; (+http://www.google.com/feedfetcher.html)"
65.55.232.13 - - [21/Jul/2009:02:58:24 -0700] "GET /?tag=hadoop HTTP/1.1" 200 4005 "-" "msnbot/1.1 (+http://search.msn.com/msnbot.htm)"
66.249.67.3 - - [21/Jul/2009:02:58:25 -0700] "GET /gallery/main.php?g2_itemId=30488 HTTP/1.1" 200 8186 "-" "Mozilla/5.0 (compatible; Googlebot/2.1; +http://www.google.com/bot.html)"
66.249.67.3 - - [21/Jul/2009:02:58:31 -0700] "GET /gallery/main.php?g2_controller=exif.SwitchDetailMode&g2_mode=detailed&g2_return=%2Fgallery%2Fmain.php%3Fg2_itemId%3D3027&g2_returnName=photo HTTP/1.1" 302 5 "-" "Mozilla/5.0 (compatible; Googlebot/2.1; +http://www.google.com/bot.html)"
66.249.67.3 - - [21/Jul/2009:02:58:35 -0700] "GET /gallery/main.php?g2_itemId=3027&g2_fromNavId=x64546b5e HTTP/1.1" 200 7980 "-" "Mozilla/5.0 (compatible; Googlebot/2.1; +http://www.google.com/bot.html)"
66.249.67.3 - - [21/Jul/2009:02:59:38 -0700] "GET /gallery/main.php?g2_view=core.UserAdmin&g2_subView=core.UserLogin&g2_return=%2Fgallery%2Fmain.php%3Fg2_itemId%3D2846&g2_returnName=photo HTTP/1.1" 200 4001 "-" "Mozilla/5.0 (compatible; Googlebot/2.1; +http://www.google.com/bot.html)"
74.125.74.193 - - [21/Jul/2009:02:59:45 -0700] "GET /gadgets/adpowers/AlexaRank/g.xml HTTP/1.1" 200 3164 "-" "Mozilla/5.0 (compatible) Feedfetcher-Google; (+http://www.google.com/feedfetcher.html)"
74.125.74.193 - - [21/Jul/2009:02:59:46 -0700] "GET /gadgets/adpowers/AlexaRank/ALL_ALL.xml HTTP/1.1" 200 1160 "-" "Mozilla/5.0 (compatible) Feedfetcher-Google; (+http://www.google.com/feedfetcher.html)"
65.55.104.156 - - [21/Jul/2009:03:00:08 -0700] "GET /robots.txt HTTP/1.1" 200 590 "-" "msnbot/1.1 (+http://search.msn.com/msnbot.htm)"
65.55.104.156 - - [21/Jul/2009:03:00:09 -0700] "GET /?tag=google HTTP/1.1" 200 12086 "-" "msnbot/1.1 (+http://search.msn.com/msnbot.htm)"
74.125.74.193 - - [21/Jul/2009:03:00:10 -0700] "GET /gwidgets/alexa.xml HTTP/1.1" 200 2969 "-" "Mozilla/5.0 (compatible) Feedfetcher-Google; (+http://www.google.com/feedfetcher.html)"
72.14.193.68 - - [21/Jul/2009:03:00:19 -0700] "GET /gwidgets/alexa.xml HTTP/1.1" 200 2969 "-" "Mozilla/5.0 (compatible) Feedfetcher-Google; (+http://www.google.com/feedfetcher.html)"
66.249.67.87 - - [21/Jul/2009:03:00:45 -0700] "GET /gallery/main.php?g2_view=comment.ShowAllComments&g2_itemId=519&g2_return=%2Fgallery%2Fmain.php%3Fg2_itemId%3D519&g2_returnName=photo HTTP/1.1" 200 4864 "-" "Mozilla/5.0 (compatible; Googlebot/2.1; +http://www.google.com/bot.html)"
65.55.106.230 - - [21/Jul/2009:03:00:48 -0700] "GET /gallery/main.php?g2_itemId=33334&g2_highlightId=33382 HTTP/1.1" 302 5 "-" "msnbot/2.0b (+http://search.msn.com/msnbot.htm)"
65.55.106.146 - - [21/Jul/2009:03:00:48 -0700] "GET /?post=163 HTTP/1.1" 200 6453 "-" "msnbot/2.0b (+http://search.msn.com/msnbot.htm)"
65.55.106.230 - - [21/Jul/2009:03:00:56 -0700] "GET /gallery/main.php?g2_itemId=33334 HTTP/1.1" 200 12019 "-" "msnbot/2.0b (+http://search.msn.com/msnbot.htm)"
65.55.104.156 - - [21/Jul/2009:03:01:25 -0700] "GET /?page=panoramas HTTP/1.1" 200 5829 "-" "msnbot/1.1 (+http://search.msn.com/msnbot.htm)"
65.55.104.156 - - [21/Jul/2009:03:01:26 -0700] "GET /?page=tshirts HTTP/1.1" 200 6013 "-" "msnbot/1.1 (+http://search.msn.com/msnbot.htm)"
65.55.104.156 - - [21/Jul/2009:03:01:26 -0700] "GET /?page=videos HTTP/1.1" 200 4715 "-" "msnbot/1.1 (+http://search.msn.com/msnbot.htm)"
65.55.104.156 - - [21/Jul/2009:03:01:27 -0700] "GET /?page=links HTTP/1.1" 200 7255 "-" "msnbot/1.1 (+http://search.msn.com/msnbot.htm)"
66.249.67.3 - - [21/Jul/2009:03:01:30 -0700] "GET /gallery/main.php?g2_controller=exif.SwitchDetailMode&g2_mode=detailed&g2_return=%2Fgallery%2Fmain.php%3Fg2_itemId%3D31010&g2_returnName=photo HTTP/1.1" 302 5 "-" "Mozilla/5.0 (compatible; Googlebot/2.1; +http://www.google.com/bot.html)"
66.249.67.3 - - [21/Jul/2009:03:01:35 -0700] "GET /gallery/main.php?g2_itemId=31010&g2_fromNavId=x89e5ca3f HTTP/1.1" 200 8194 "-" "Mozilla/5.0 (compatible; Googlebot/2.1; +http://www.google.com/bot.html)"
119.63.193.107 - - [21/Jul/2009:03:01:41 -0700] "GET / HTTP/1.1" 200 12816 "-" "Baiduspider+(+http://www.baidu.jp/spider/)"
74.125.16.65 - - [21/Jul/2009:03:01:50 -0700] "GET /gadgets/adpowers/AlexaRank/g.xml HTTP/1.1" 200 3164 "-" "Mozilla/5.0 (compatible) Feedfetcher-Google; (+http://www.google.com/feedfetcher.html)"
74.125.16.65 - - [21/Jul/2009:03:01:51 -0700] "GET /gadgets/adpowers/AlexaRank/ALL_ALL.xml HTTP/1.1" 200 1160 "-" "Mozilla/5.0 (compatible) Feedfetcher-Google; (+http://www.google.com/feedfetcher.html)"
66.249.67.3 - - [21/Jul/2009:03:01:51 -0700] "GET /gallery/main.php?g2_view=search.SearchScan&g2_form%5BuseDefaultSettings%5D=1&g2_return=%2Fgallery%2Fmain.php%3Fg2_itemId%3D17911&g2_returnName=photo HTTP/1.1" 200 6360 "-" "Mozilla/5.0 (compatible; Googlebot/2.1; +http://www.google.com/bot.html)"
74.125.16.65 - - [21/Jul/2009:03:01:52 -0700] "GET /gadgets/adpowers/AlexaRank/ALL_ALL.xml HTTP/1.1" 200 1160 "-" "Mozilla/5.0 (compatible) Feedfetcher-Google; (+http://www.google.com/feedfetcher.html)"
74.125.74.193 - - [21/Jul/2009:03:02:22 -0700] "GET /gadgets/adpowers/AlexaRank/ja_ALL.xml HTTP/1.1" 200 1264 "-" "Mozilla/5.0 (compatible) Feedfetcher-Google; (+http://www.google.com/feedfetcher.html)"
64.233.173.2 - - [21/Jul/2009:03:02:36 -0700] "GET /gadgets/adpowers/AlexaRank/g.xml HTTP/1.1" 200 3164 "-" "Mozilla/5.0 (compatible) Feedfetcher-Google; (+http://www.google.com/feedfetcher.html)"
74.125.75.17 - - [21/Jul/2009:03:02:37 -0700] "GET /gadgets/adpowers/AlexaRank/ALL_ALL.xml HTTP/1.1" 200 1160 "-" "Mozilla/5.0 (compatible) Feedfetcher-Google; (+http://www.google.com/feedfetcher.html)"
65.55.106.156 - - [21/Jul/2009:03:02:43 -0700] "GET /gallery/main.php?g2_view=keyalbum.KeywordAlbum&g2_keyword=parade&g2_highlightId=2890 HTTP/1.1" 302 5 "-" "msnbot/2.0b (+http://search.msn.com/msnbot.htm)"
74.125.75.17 - - [21/Jul/2009:03:02:52 -0700] "GET /gwidgets/alexa.xml HTTP/1.1" 200 2969 "-" "Mozilla/5.0 (compatible) Feedfetcher-Google; (+http://www.google.com/feedfetcher.html)"
65.55.106.156 - - [21/Jul/2009:03:02:55 -0700] "GET /gallery/main.php?g2_view=keyalbum.KeywordAlbum&g2_keyword=parade HTTP/1.1" 200 29748 "-" "msnbot/2.0b (+http://search.msn.com/msnbot.htm)"
66.249.67.3 - - [21/Jul/2009:03:02:59 -0700] "GET /gallery/main.php?g2_view=comment.ShowAllComments&g2_itemId=17923&g2_return=%2Fgallery%2Fmain.php%3Fg2_itemId%3D17923&g2_returnName=photo HTTP/1.1" 200 4953 "-" "Mozilla/5.0 (compatible; Googlebot/2.1; +http://www.google.com/bot.html)"
65.55.208.186 - - [21/Jul/2009:03:03:00 -0700] "GET /gallery/main.php?g2_itemId=15390 HTTP/1.1" 200 8022 "-" "msnbot/1.1 (+http://search.msn.com/msnbot.htm)"
65.55.106.156 - - [21/Jul/2009:03:03:04 -0700] "GET /gallery/main.php?g2_itemId=33297 HTTP/1.1" 200 7059 "-" "msnbot/2.0b (+http://search.msn.com/msnbot.htm)"
65.55.208.179 - - [21/Jul/2009:03:03:21 -0700] "GET /gallery/main.php?g2_itemId=22448&g2_fromNavId=xae5874dd HTTP/1.1" 200 6524 "-" "msnbot/1.1 (+http://search.msn.com/msnbot.htm)"
65.55.104.61 - - [21/Jul/2009:03:03:24 -0700] "GET /?page=links HTTP/1.1" 200 7255 "http://www.bing.com/search?q=pig" "Mozilla/4.0 (compatible;  MSIE 6.0;  Windows NT 5.1;  SLCC1;  .NET CLR 1.1.4322;  .NET CLR 2.0.40607;  .NET CLR 3.0.04506.648)"
65.55.104.61 - - [21/Jul/2009:03:03:25 -0700] "GET /style.css HTTP/1.1" 200 1504 "http://example.org/?page=links" "Mozilla/4.0 (compatible;  MSIE 6.0;  Windows NT 5.1;  SLCC1;  .NET CLR 1.1.4322;  .NET CLR 2.0.40607;  .NET CLR 3.0.04506.648)"
72.14.193.68 - - [21/Jul/2009:03:03:54 -0700] "GET /gadgets/adpowers/AlexaRank/g.xml HTTP/1.1" 200 3164 "-" "Mozilla/5.0 (compatible) Feedfetcher-Google; (+http://www.google.com/feedfetcher.html)"
72.14.193.68 - - [21/Jul/2009:03:03:55 -0700] "GET /gadgets/adpowers/AlexaRank/ALL_ALL.xml HTTP/1.1" 200 1160 "-" "Mozilla/5.0 (compatible) Feedfetcher-Google; (+http://www.google.com/feedfetcher.html)"
66.249.67.3 - - [21/Jul/2009:03:04:05 -0700] "GET /gallery/main.php?g2_view=search.SearchScan&g2_form%5BuseDefaultSettings%5D=1&g2_return=%2Fgallery%2Fmain.php%3Fg2_itemId%3D17923&g2_returnName=photo HTTP/1.1" 200 6360 "-" "Mozilla/5.0 (compatible; Googlebot/2.1; +http://www.google.com/bot.html)"
41.207.216.119 - - [21/Jul/2009:03:04:05 -0700] "GET / HTTP/1.1" 200 17933 "-" "Mozilla/4.0 (compatible; MSIE 5.0; Windows NT; DigExt; DTS Agent"
74.125.16.65 - - [21/Jul/2009:03:04:25 -0700] "GET /gwidgets/alexa.xml HTTP/1.1" 200 2969 "-" "FeedFetcher-Google; (+http://www.google.com/feedfetcher.html)"
192.100.124.195 - - [21/Jul/2009:03:04:51 -0700] "GET /?post=214 HTTP/1.1" 200 11214 "http://digg.com/tech_news/How_GOOGLE_s_BigTable_internal_database_cluster_works" "Mozilla/5.0 (Windows; U; Windows NT 5.1; en-US; rv:1.9.0.6) Gecko/2009011913 Firefox/3.0.6 GTB5 (.NET CLR 3.5.30729)"
192.100.124.195 - - [21/Jul/2009:03:04:52 -0700] "GET /style.css HTTP/1.1" 200 1504 "http://example.org/?post=214" "Mozilla/5.0 (Windows; U; Windows NT 5.1; en-US; rv:1.9.0.6) Gecko/2009011913 Firefox/3.0.6 GTB5 (.NET CLR 3.5.30729)"
192.100.124.195 - - [21/Jul/2009:03:04:54 -0700] "GET /favicon.ico HTTP/1.1" 404 146 "-" "Mozilla/5.0 (Windows; U; Windows NT 5.1; en-US; rv:1.9.0.6) Gecko/2009011913 Firefox/3.0.6 GTB5 (.NET CLR 3.5.30729)"
192.100.124.195 - - [21/Jul/2009:03:04:57 -0700] "GET /favicon.ico HTTP/1.1" 404 146 "-" "Mozilla/5.0 (Windows; U; Windows NT 5.1; en-US; rv:1.9.0.6) Gecko/2009011913 Firefox/3.0.6 GTB5 (.NET CLR 3.5.30729)"
174.36.241.149 - - [21/Jul/2009:03:05:03 -0700] "GET / HTTP/1.1" 200 17933 "-" "Mozilla/5.0 (X11; U; Linux i686; en-US; rv:1.2.1; aggregator:Spinn3r (Spinn3r 3.1); http://spinn3r.com/robot) Gecko/20021130"
66.249.67.3 - - [21/Jul/2009:03:05:11 -0700] "GET /gallery/main.php?g2_view=core.UserAdmin&g2_subView=core.UserLogin&g2_return=%2Fgallery%2Fmain.php%3Fg2_itemId%3D17923&g2_returnName=photo HTTP/1.1" 200 4004 "-" "Mozilla/5.0 (compatible; Googlebot/2.1; +http://www.google.com/bot.html)"
